INSERT INTO item_discovery (itemdiscoveryid,itemid,parent_itemid) values ('1392','28364','28350');
INSERT INTO item_discovery (itemdiscoveryid,itemid,parent_itemid) values ('1393','28365','28350');
INSERT INTO item_discovery (itemdiscoveryid,itemid,parent_itemid) values ('1394','28366','28350');
INSERT INTO item_discovery (itemdiscoveryid,itemid,parent_itemid) values ('1395','28367','28350');
INSERT INTO item_discovery (itemdiscoveryid,itemid,parent_itemid) values ('1396','28368','28351');
INSERT INTO item_discovery (itemdiscoveryid,itemid,parent_itemid) values ('1397','28369','28351');
INSERT INTO item_discovery (itemdiscoveryid,itemid,parent_itemid) values ('1398','28370','28351');
INSERT INTO item_discovery (itemdiscoveryid,itemid,parent_itemid) values ('1399','28371','28351');
INSERT INTO item_discovery (itemdiscoveryid,itemid,parent_itemid) values ('1400','28372','28351');
INSERT INTO item_discovery (itemdiscoveryid,itemid,parent_itemid) values ('1401','28373','28351');
INSERT INTO item_discovery (itemdiscoveryid,itemid,parent_itemid) values ('1402','28374','28352');
INSERT INTO item_discovery (itemdiscoveryid,itemid,parent_itemid) values ('1403','28375','28352');
INSERT INTO item_discovery (itemdiscoveryid,itemid,parent_itemid) values ('1404','28376','28353');
INSERT INTO item_discovery (itemdiscoveryid,itemid,parent_itemid) values ('1405','28404','28392');
INSERT INTO item_discovery (itemdiscoveryid,itemid,parent_itemid) values ('1406','28405','28392');
INSERT INTO item_discovery (itemdiscoveryid,itemid,parent_itemid) values ('1407','28406','28393');
INSERT INTO item_discovery (itemdiscoveryid,itemid,parent_itemid) values ('1408','28407','28394');
INSERT INTO item_discovery (itemdiscoveryid,itemid,parent_itemid) values ('1409','28408','28395');
INSERT INTO item_discovery (itemdiscoveryid,itemid,parent_itemid) values ('1410','28409','28396');
INSERT INTO item_discovery (itemdiscoveryid,itemid,parent_itemid) values ('1411','28410','28397');
INSERT INTO item_discovery (itemdiscoveryid,itemid,parent_itemid) values ('1412','28411','28398');
INSERT INTO item_discovery (itemdiscoveryid,itemid,parent_itemid) values ('1413','28412','28399');
INSERT INTO item_discovery (itemdiscoveryid,itemid,parent_itemid) values ('1414','28413','28400');
INSERT INTO item_discovery (itemdiscoveryid,itemid,parent_itemid) values ('1415','28414','28400');
INSERT INTO item_discovery (itemdiscoveryid,itemid,parent_itemid) values ('1416','28415','28401');
INSERT INTO item_discovery (itemdiscoveryid,itemid,parent_itemid) values ('1417','28416','28401');
INSERT INTO item_discovery (itemdiscoveryid,itemid,parent_itemid) values ('1418','28417','28402');
INSERT INTO item_discovery (itemdiscoveryid,itemid,parent_itemid) values ('1419','28418','28402');
INSERT INTO item_discovery (itemdiscoveryid,itemid,parent_itemid) values ('1420','28419','28402');
INSERT INTO item_discovery (itemdiscoveryid,itemid,parent_itemid) values ('1421','28420','28402');
INSERT INTO item_discovery (itemdiscoveryid,itemid,parent_itemid) values ('1422','28421','28402');
INSERT INTO item_discovery (itemdiscoveryid,itemid,parent_itemid) values ('1423','28422','28402');
INSERT INTO item_discovery (itemdiscoveryid,itemid,parent_itemid) values ('1424','28423','28403');
INSERT INTO item_discovery (itemdiscoveryid,itemid,parent_itemid) values ('1425','28424','28403');
INSERT INTO item_discovery (itemdiscoveryid,itemid,parent_itemid) values ('1426','28425','28403');
INSERT INTO item_discovery (itemdiscoveryid,itemid,parent_itemid) values ('1427','28446','28440');
INSERT INTO item_discovery (itemdiscoveryid,itemid,parent_itemid) values ('1428','28447','28441');
INSERT INTO item_discovery (itemdiscoveryid,itemid,parent_itemid) values ('1429','28448','28442');
INSERT INTO item_discovery (itemdiscoveryid,itemid,parent_itemid) values ('1430','28449','28443');
INSERT INTO item_discovery (itemdiscoveryid,itemid,parent_itemid) values ('1431','28450','28444');
INSERT INTO item_discovery (itemdiscoveryid,itemid,parent_itemid) values ('1432','28451','28444');
INSERT INTO item_discovery (itemdiscoveryid,itemid,parent_itemid) values ('1433','28452','28445');
INSERT INTO item_discovery (itemdiscoveryid,itemid,parent_itemid) values ('1434','28453','28445');
INSERT INTO item_discovery (itemdiscoveryid,itemid,parent_itemid) values ('1435','28474','28468');
INSERT INTO item_discovery (itemdiscoveryid,itemid,parent_itemid) values ('1436','28475','28469');
INSERT INTO item_discovery (itemdiscoveryid,itemid,parent_itemid) values ('1437','28476','28470');
INSERT INTO item_discovery (itemdiscoveryid,itemid,parent_itemid) values ('1438','28477','28471');
INSERT INTO item_discovery (itemdiscoveryid,itemid,parent_itemid) values ('1439','28478','28472');
INSERT INTO item_discovery (itemdiscoveryid,itemid,parent_itemid) values ('1440','28479','28472');
INSERT INTO item_discovery (itemdiscoveryid,itemid,parent_itemid) values ('1441','28480','28473');
INSERT INTO item_discovery (itemdiscoveryid,itemid,parent_itemid) values ('1442','28481','28473');
INSERT INTO item_discovery (itemdiscoveryid,itemid,parent_itemid) values ('1443','28495','28493');
INSERT INTO item_discovery (itemdiscoveryid,itemid,parent_itemid) values ('1444','28496','28494');
INSERT INTO item_discovery (itemdiscoveryid,itemid,parent_itemid) values ('1449','28613','27815');
INSERT INTO item_discovery (itemdiscoveryid,itemid,parent_itemid) values ('1450','28634','28625');
INSERT INTO item_discovery (itemdiscoveryid,itemid,parent_itemid) values ('1451','28635','28625');
INSERT INTO item_discovery (itemdiscoveryid,itemid,parent_itemid) values ('1452','28636','28625');
INSERT INTO item_discovery (itemdiscoveryid,itemid,parent_itemid) values ('1453','28637','28625');
INSERT INTO item_discovery (itemdiscoveryid,itemid,parent_itemid) values ('1454','28638','28626');
INSERT INTO item_discovery (itemdiscoveryid,itemid,parent_itemid) values ('1455','28639','28627');
INSERT INTO item_discovery (itemdiscoveryid,itemid,parent_itemid) values ('1456','28640','28628');
INSERT INTO item_discovery (itemdiscoveryid,itemid,parent_itemid) values ('1457','28641','28628');
INSERT INTO item_discovery (itemdiscoveryid,itemid,parent_itemid) values ('1458','28642','28628');
INSERT INTO item_discovery (itemdiscoveryid,itemid,parent_itemid) values ('1459','28643','28629');
INSERT INTO item_discovery (itemdiscoveryid,itemid,parent_itemid) values ('1460','28644','28630');
INSERT INTO item_discovery (itemdiscoveryid,itemid,parent_itemid) values ('1461','28645','28630');
INSERT INTO item_discovery (itemdiscoveryid,itemid,parent_itemid) values ('1462','28646','28630');
INSERT INTO item_discovery (itemdiscoveryid,itemid,parent_itemid) values ('1463','28647','28630');
INSERT INTO item_discovery (itemdiscoveryid,itemid,parent_itemid) values ('1464','28648','28631');
INSERT INTO item_discovery (itemdiscoveryid,itemid,parent_itemid) values ('1465','28649','28631');
INSERT INTO item_discovery (itemdiscoveryid,itemid,parent_itemid) values ('1466','28650','28631');
INSERT INTO item_discovery (itemdiscoveryid,itemid,parent_itemid) values ('1467','28651','28632');
INSERT INTO item_discovery (itemdiscoveryid,itemid,parent_itemid) values ('1468','28652','28632');
INSERT INTO item_discovery (itemdiscoveryid,itemid,parent_itemid) values ('1469','28653','28633');
INSERT INTO item_discovery (itemdiscoveryid,itemid,parent_itemid) values ('1470','28673','28661');
INSERT INTO item_discovery (itemdiscoveryid,itemid,parent_itemid) values ('1471','28674','28661');
INSERT INTO item_discovery (itemdiscoveryid,itemid,parent_itemid) values ('1472','28675','28661');
INSERT INTO item_discovery (itemdiscoveryid,itemid,parent_itemid) values ('1473','28676','28662');
INSERT INTO item_discovery (itemdiscoveryid,itemid,parent_itemid) values ('1474','28677','28662');
INSERT INTO item_discovery (itemdiscoveryid,itemid,parent_itemid) values ('1475','28678','28662');
INSERT INTO item_discovery (itemdiscoveryid,itemid,parent_itemid) values ('1476','28679','28663');
INSERT INTO item_discovery (itemdiscoveryid,itemid,parent_itemid) values ('1477','28680','28663');
INSERT INTO item_discovery (itemdiscoveryid,itemid,parent_itemid) values ('1478','28681','28663');
INSERT INTO item_discovery (itemdiscoveryid,itemid,parent_itemid) values ('1479','28682','28664');
INSERT INTO item_discovery (itemdiscoveryid,itemid,parent_itemid) values ('1480','28683','28664');
INSERT INTO item_discovery (itemdiscoveryid,itemid,parent_itemid) values ('1481','28684','28664');
INSERT INTO item_discovery (itemdiscoveryid,itemid,parent_itemid) values ('1482','28685','28665');
INSERT INTO item_discovery (itemdiscoveryid,itemid,parent_itemid) values ('1483','28686','28665');
INSERT INTO item_discovery (itemdiscoveryid,itemid,parent_itemid) values ('1484','28687','28665');
INSERT INTO item_discovery (itemdiscoveryid,itemid,parent_itemid) values ('1485','28688','28666');
INSERT INTO item_discovery (itemdiscoveryid,itemid,parent_itemid) values ('1486','28689','28666');
INSERT INTO item_discovery (itemdiscoveryid,itemid,parent_itemid) values ('1487','28690','28666');
INSERT INTO item_discovery (itemdiscoveryid,itemid,parent_itemid) values ('1488','28691','28667');
INSERT INTO item_discovery (itemdiscoveryid,itemid,parent_itemid) values ('1489','28692','28667');
INSERT INTO item_discovery (itemdiscoveryid,itemid,parent_itemid) values ('1490','28693','28667');
INSERT INTO item_discovery (itemdiscoveryid,itemid,parent_itemid) values ('1491','28694','28668');
INSERT INTO item_discovery (itemdiscoveryid,itemid,parent_itemid) values ('1492','28695','28668');
INSERT INTO item_discovery (itemdiscoveryid,itemid,parent_itemid) values ('1493','28696','28668');
INSERT INTO item_discovery (itemdiscoveryid,itemid,parent_itemid) values ('1494','28697','28669');
INSERT INTO item_discovery (itemdiscoveryid,itemid,parent_itemid) values ('1495','28698','28669');
INSERT INTO item_discovery (itemdiscoveryid,itemid,parent_itemid) values ('1496','28699','28669');
INSERT INTO item_discovery (itemdiscoveryid,itemid,parent_itemid) values ('1497','28700','28670');
INSERT INTO item_discovery (itemdiscoveryid,itemid,parent_itemid) values ('1498','28701','28670');
INSERT INTO item_discovery (itemdiscoveryid,itemid,parent_itemid) values ('1499','28702','28670');
INSERT INTO item_discovery (itemdiscoveryid,itemid,parent_itemid) values ('1500','28703','28671');
INSERT INTO item_discovery (itemdiscoveryid,itemid,parent_itemid) values ('1501','28704','28671');
INSERT INTO item_discovery (itemdiscoveryid,itemid,parent_itemid) values ('1502','28705','28671');
INSERT INTO item_discovery (itemdiscoveryid,itemid,parent_itemid) values ('1503','28706','28672');
INSERT INTO item_discovery (itemdiscoveryid,itemid,parent_itemid) values ('1504','28707','28672');
INSERT INTO item_discovery (itemdiscoveryid,itemid,parent_itemid) values ('1505','28708','28672');
INSERT INTO item_discovery (itemdiscoveryid,itemid,parent_itemid) values ('1506','28715','28711');
INSERT INTO item_discovery (itemdiscoveryid,itemid,parent_itemid) values ('1507','28716','28711');
INSERT INTO item_discovery (itemdiscoveryid,itemid,parent_itemid) values ('1508','28717','28711');
INSERT INTO item_discovery (itemdiscoveryid,itemid,parent_itemid) values ('1509','28718','28712');
INSERT INTO item_discovery (itemdiscoveryid,itemid,parent_itemid) values ('1510','28719','28712');
INSERT INTO item_discovery (itemdiscoveryid,itemid,parent_itemid) values ('1511','28720','28712');
INSERT INTO item_discovery (itemdiscoveryid,itemid,parent_itemid) values ('1512','28721','28713');
INSERT INTO item_discovery (itemdiscoveryid,itemid,parent_itemid) values ('1513','28722','28713');
INSERT INTO item_discovery (itemdiscoveryid,itemid,parent_itemid) values ('1514','28723','28713');
INSERT INTO item_discovery (itemdiscoveryid,itemid,parent_itemid) values ('1515','28724','28714');
INSERT INTO item_discovery (itemdiscoveryid,itemid,parent_itemid) values ('1516','28725','28714');
INSERT INTO item_discovery (itemdiscoveryid,itemid,parent_itemid) values ('1517','28726','28714');
INSERT INTO item_discovery (itemdiscoveryid,itemid,parent_itemid) values ('1518','28731','27390');
INSERT INTO item_discovery (itemdiscoveryid,itemid,parent_itemid) values ('1519','28732','27397');
INSERT INTO item_discovery (itemdiscoveryid,itemid,parent_itemid) values ('1520','28733','27409');
INSERT INTO item_discovery (itemdiscoveryid,itemid,parent_itemid) values ('1521','28734','28219');
INSERT INTO item_discovery (itemdiscoveryid,itemid,parent_itemid) values ('1522','28841','28833');
INSERT INTO item_discovery (itemdiscoveryid,itemid,parent_itemid) values ('1523','28842','28834');
INSERT INTO item_discovery (itemdiscoveryid,itemid,parent_itemid) values ('1524','28843','28834');
INSERT INTO item_discovery (itemdiscoveryid,itemid,parent_itemid) values ('1525','28844','28834');
INSERT INTO item_discovery (itemdiscoveryid,itemid,parent_itemid) values ('1526','28845','28834');
INSERT INTO item_discovery (itemdiscoveryid,itemid,parent_itemid) values ('1527','28846','28837');
INSERT INTO item_discovery (itemdiscoveryid,itemid,parent_itemid) values ('1528','28847','28837');
INSERT INTO item_discovery (itemdiscoveryid,itemid,parent_itemid) values ('1529','28848','28837');
INSERT INTO item_discovery (itemdiscoveryid,itemid,parent_itemid) values ('1530','28849','28837');
INSERT INTO item_discovery (itemdiscoveryid,itemid,parent_itemid) values ('1531','28850','28838');
INSERT INTO item_discovery (itemdiscoveryid,itemid,parent_itemid) values ('1532','28851','28838');
INSERT INTO item_discovery (itemdiscoveryid,itemid,parent_itemid) values ('1533','28852','28838');
INSERT INTO item_discovery (itemdiscoveryid,itemid,parent_itemid) values ('1534','28853','28838');
INSERT INTO item_discovery (itemdiscoveryid,itemid,parent_itemid) values ('1535','28854','28839');
INSERT INTO item_discovery (itemdiscoveryid,itemid,parent_itemid) values ('1536','28855','28839');
INSERT INTO item_discovery (itemdiscoveryid,itemid,parent_itemid) values ('1537','28856','28839');
INSERT INTO item_discovery (itemdiscoveryid,itemid,parent_itemid) values ('1538','28857','28839');
INSERT INTO item_discovery (itemdiscoveryid,itemid,parent_itemid) values ('1539','28858','28840');
INSERT INTO item_discovery (itemdiscoveryid,itemid,parent_itemid) values ('1540','28859','28840');
INSERT INTO item_discovery (itemdiscoveryid,itemid,parent_itemid) values ('1541','28860','28840');
INSERT INTO item_discovery (itemdiscoveryid,itemid,parent_itemid) values ('1542','28861','28840');
INSERT INTO application_template (application_templateid,applicationid,templateid) values ('1','207','206');
INSERT INTO application_template (application_templateid,applicationid,templateid) values ('12','252','206');
INSERT INTO application_template (application_templateid,applicationid,templateid) values ('13','262','206');
INSERT INTO application_template (application_templateid,applicationid,templateid) values ('14','272','206');
INSERT INTO application_template (application_templateid,applicationid,templateid) values ('15','282','206');
INSERT INTO application_template (application_templateid,applicationid,templateid) values ('16','292','206');
INSERT INTO application_template (application_templateid,applicationid,templateid) values ('17','302','206');
INSERT INTO application_template (application_templateid,applicationid,templateid) values ('18','329','206');
INSERT INTO application_template (application_templateid,applicationid,templateid) values ('19','345','179');
INSERT INTO application_template (application_templateid,applicationid,templateid) values ('20','346','13');
INSERT INTO application_template (application_templateid,applicationid,templateid) values ('21','347','5');
INSERT INTO application_template (application_templateid,applicationid,templateid) values ('22','348','21');
INSERT INTO application_template (application_templateid,applicationid,templateid) values ('23','349','15');
INSERT INTO application_template (application_templateid,applicationid,templateid) values ('24','350','7');
INSERT INTO application_template (application_templateid,applicationid,templateid) values ('25','351','1');
INSERT INTO application_template (application_templateid,applicationid,templateid) values ('26','352','17');
INSERT INTO application_template (application_templateid,applicationid,templateid) values ('27','353','9');
INSERT INTO application_template (application_templateid,applicationid,templateid) values ('28','354','23');
INSERT INTO application_template (application_templateid,applicationid,templateid) values ('29','355','207');
INSERT INTO application_template (application_templateid,applicationid,templateid) values ('165','797','780');
INSERT INTO application_template (application_templateid,applicationid,templateid) values ('166','799','780');
INSERT INTO application_template (application_templateid,applicationid,templateid) values ('167','803','784');
INSERT INTO application_template (application_templateid,applicationid,templateid) values ('168','803','771');
INSERT INTO application_template (application_templateid,applicationid,templateid) values ('169','804','800');
INSERT INTO application_template (application_templateid,applicationid,templateid) values ('170','805','799');
INSERT INTO application_template (application_templateid,applicationid,templateid) values ('171','811','784');
INSERT INTO application_template (application_templateid,applicationid,templateid) values ('172','812','800');
INSERT INTO application_template (application_templateid,applicationid,templateid) values ('173','813','799');
INSERT INTO application_template (application_templateid,applicationid,templateid) values ('174','820','784');
INSERT INTO application_template (application_templateid,applicationid,templateid) values ('175','821','800');
INSERT INTO application_template (application_templateid,applicationid,templateid) values ('176','822','799');
INSERT INTO application_template (application_templateid,applicationid,templateid) values ('177','823','784');
INSERT INTO application_template (application_templateid,applicationid,templateid) values ('178','824','800');
INSERT INTO application_template (application_templateid,applicationid,templateid) values ('179','825','799');
INSERT INTO application_template (application_templateid,applicationid,templateid) values ('180','836','826');
INSERT INTO application_template (application_templateid,applicationid,templateid) values ('181','837','827');
INSERT INTO application_template (application_templateid,applicationid,templateid) values ('182','838','826');
INSERT INTO application_template (application_templateid,applicationid,templateid) values ('183','839','827');
INSERT INTO application_template (application_templateid,applicationid,templateid) values ('184','840','784');
INSERT INTO application_template (application_templateid,applicationid,templateid) values ('185','840','771');
INSERT INTO application_template (application_templateid,applicationid,templateid) values ('186','841','800');
INSERT INTO application_template (application_templateid,applicationid,templateid) values ('187','842','799');
INSERT INTO application_template (application_templateid,applicationid,templateid) values ('191','846','800');
INSERT INTO application_template (application_templateid,applicationid,templateid) values ('192','847','799');
INSERT INTO application_template (application_templateid,applicationid,templateid) values ('193','856','848');
INSERT INTO application_template (application_templateid,applicationid,templateid) values ('194','857','849');
INSERT INTO application_template (application_templateid,applicationid,templateid) values ('195','858','852');
INSERT INTO application_template (application_templateid,applicationid,templateid) values ('196','859','853');
INSERT INTO application_template (application_templateid,applicationid,templateid) values ('197','860','854');
INSERT INTO application_template (application_templateid,applicationid,templateid) values ('198','861','855');
INSERT INTO application_template (application_templateid,applicationid,templateid) values ('205','868','848');
INSERT INTO application_template (application_templateid,applicationid,templateid) values ('206','869','851');
INSERT INTO application_template (application_templateid,applicationid,templateid) values ('207','870','852');
INSERT INTO application_template (application_templateid,applicationid,templateid) values ('208','871','853');
INSERT INTO application_template (application_templateid,applicationid,templateid) values ('209','872','854');
INSERT INTO application_template (application_templateid,applicationid,templateid) values ('210','873','855');
INSERT INTO application_template (application_templateid,applicationid,templateid) values ('211','874','784');
INSERT INTO application_template (application_templateid,applicationid,templateid) values ('212','874','771');
INSERT INTO application_template (application_templateid,applicationid,templateid) values ('213','875','800');
INSERT INTO application_template (application_templateid,applicationid,templateid) values ('214','876','799');
INSERT INTO application_template (application_templateid,applicationid,templateid) values ('215','883','784');
INSERT INTO application_template (application_templateid,applicationid,templateid) values ('216','884','800');
INSERT INTO application_template (application_templateid,applicationid,templateid) values ('217','885','799');
INSERT INTO application_template (application_templateid,applicationid,templateid) values ('218','892','784');
INSERT INTO application_template (application_templateid,applicationid,templateid) values ('219','892','771');
INSERT INTO application_template (application_templateid,applicationid,templateid) values ('220','893','800');
INSERT INTO application_template (application_templateid,applicationid,templateid) values ('221','894','799');
INSERT INTO application_template (application_templateid,applicationid,templateid) values ('222','901','784');
INSERT INTO application_template (application_templateid,applicationid,templateid) values ('223','901','771');
INSERT INTO application_template (application_templateid,applicationid,templateid) values ('224','902','800');
INSERT INTO application_template (application_templateid,applicationid,templateid) values ('225','903','799');
INSERT INTO application_template (application_templateid,applicationid,templateid) values ('226','910','781');
INSERT INTO application_template (application_templateid,applicationid,templateid) values ('227','910','770');
INSERT INTO application_template (application_templateid,applicationid,templateid) values ('228','911','798');
INSERT INTO application_template (application_templateid,applicationid,templateid) values ('229','912','797');
INSERT INTO application_template (application_templateid,applicationid,templateid) values ('230','913','782');
INSERT INTO application_template (application_templateid,applicationid,templateid) values ('231','913','771');
INSERT INTO application_template (application_templateid,applicationid,templateid) values ('232','914','800');
INSERT INTO application_template (application_templateid,applicationid,templateid) values ('233','915','799');
INSERT INTO application_template (application_templateid,applicationid,templateid) values ('234','916','784');
INSERT INTO application_template (application_templateid,applicationid,templateid) values ('235','916','771');
INSERT INTO application_template (application_templateid,applicationid,templateid) values ('236','917','800');
INSERT INTO application_template (application_templateid,applicationid,templateid) values ('237','918','799');
INSERT INTO application_template (application_templateid,applicationid,templateid) values ('243','934','784');
INSERT INTO application_template (application_templateid,applicationid,templateid) values ('244','934','771');
INSERT INTO application_template (application_templateid,applicationid,templateid) values ('245','935','800');
INSERT INTO application_template (application_templateid,applicationid,templateid) values ('246','936','799');
INSERT INTO application_template (application_templateid,applicationid,templateid) values ('247','942','784');
INSERT INTO application_template (application_templateid,applicationid,templateid) values ('248','943','800');
INSERT INTO application_template (application_templateid,applicationid,templateid) values ('249','944','799');
INSERT INTO application_template (application_templateid,applicationid,templateid) values ('250','949','784');
INSERT INTO application_template (application_templateid,applicationid,templateid) values ('251','949','771');
INSERT INTO application_template (application_templateid,applicationid,templateid) values ('252','950','800');
INSERT INTO application_template (application_templateid,applicationid,templateid) values ('253','951','799');
INSERT INTO application_template (application_templateid,applicationid,templateid) values ('263','969','784');
INSERT INTO application_template (application_templateid,applicationid,templateid) values ('264','970','800');
INSERT INTO application_template (application_templateid,applicationid,templateid) values ('265','971','799');
INSERT INTO application_template (application_templateid,applicationid,templateid) values ('266','977','784');
INSERT INTO application_template (application_templateid,applicationid,templateid) values ('267','978','800');
INSERT INTO application_template (application_templateid,applicationid,templateid) values ('268','979','799');
INSERT INTO application_template (application_templateid,applicationid,templateid) values ('269','986','784');
INSERT INTO application_template (application_templateid,applicationid,templateid) values ('270','986','771');
INSERT INTO application_template (application_templateid,applicationid,templateid) values ('271','987','800');
INSERT INTO application_template (application_templateid,applicationid,templateid) values ('272','988','799');
INSERT INTO application_template (application_templateid,applicationid,templateid) values ('273','992','782');
INSERT INTO application_template (application_templateid,applicationid,templateid) values ('274','993','800');
INSERT INTO application_template (application_templateid,applicationid,templateid) values ('275','994','799');
INSERT INTO application_template (application_templateid,applicationid,templateid) values ('276','998','781');
INSERT INTO application_template (application_templateid,applicationid,templateid) values ('277','999','798');
INSERT INTO application_template (application_templateid,applicationid,templateid) values ('278','1000','797');
INSERT INTO application_template (application_templateid,applicationid,templateid) values ('283','1018','784');
INSERT INTO application_template (application_templateid,applicationid,templateid) values ('284','1018','771');
INSERT INTO application_template (application_templateid,applicationid,templateid) values ('285','1019','800');
INSERT INTO application_template (application_templateid,applicationid,templateid) values ('286','1020','799');
INSERT INTO application_template (application_templateid,applicationid,templateid) values ('291','1025','786');
INSERT INTO application_template (application_templateid,applicationid,templateid) values ('292','1026','800');
INSERT INTO application_template (application_templateid,applicationid,templateid) values ('293','1027','799');
INSERT INTO application_template (application_templateid,applicationid,templateid) values ('294','1028','784');
INSERT INTO application_template (application_templateid,applicationid,templateid) values ('295','1028','771');
INSERT INTO application_template (application_templateid,applicationid,templateid) values ('296','1029','800');
INSERT INTO application_template (application_templateid,applicationid,templateid) values ('297','1030','799');
INSERT INTO application_template (application_templateid,applicationid,templateid) values ('302','1041','784');
INSERT INTO application_template (application_templateid,applicationid,templateid) values ('303','1042','800');
INSERT INTO application_template (application_templateid,applicationid,templateid) values ('304','1043','799');
INSERT INTO application_template (application_templateid,applicationid,templateid) values ('305','1048','852');
INSERT INTO application_template (application_templateid,applicationid,templateid) values ('306','1049','855');
INSERT INTO application_template (application_templateid,applicationid,templateid) values ('307','1050','854');
INSERT INTO application_template (application_templateid,applicationid,templateid) values ('308','1051','853');
INSERT INTO application_template (application_templateid,applicationid,templateid) values ('309','1052','848');
INSERT INTO application_template (application_templateid,applicationid,templateid) values ('310','1053','784');
INSERT INTO application_template (application_templateid,applicationid,templateid) values ('311','1054','800');
INSERT INTO application_template (application_templateid,applicationid,templateid) values ('312','1055','799');
INSERT INTO application_template (application_templateid,applicationid,templateid) values ('313','1057','1056');
INSERT INTO application_template (application_templateid,applicationid,templateid) values ('314','1058','771');
INSERT INTO application_template (application_templateid,applicationid,templateid) values ('315','1059','800');
INSERT INTO application_template (application_templateid,applicationid,templateid) values ('316','1060','799');
INSERT INTO application_template (application_templateid,applicationid,templateid) values ('317','1058','784');
INSERT INTO application_template (application_templateid,applicationid,templateid) values ('318','1069','800');
INSERT INTO application_template (application_templateid,applicationid,templateid) values ('319','1070','799');
INSERT INTO application_template (application_templateid,applicationid,templateid) values ('320','1078','800');
INSERT INTO application_template (application_templateid,applicationid,templateid) values ('321','1079','799');
INSERT INTO application_template (application_templateid,applicationid,templateid) values ('322','1087','798');
INSERT INTO application_template (application_templateid,applicationid,templateid) values ('323','1088','797');
INSERT INTO application_template (application_templateid,applicationid,templateid) values ('324','1094','800');
INSERT INTO application_template (application_templateid,applicationid,templateid) values ('325','1095','799');
INSERT INTO application_template (application_templateid,applicationid,templateid) values ('326','1101','800');
INSERT INTO application_template (application_templateid,applicationid,templateid) values ('327','1102','799');
INSERT INTO application_template (application_templateid,applicationid,templateid) values ('328','1113','800');
INSERT INTO application_template (application_templateid,applicationid,templateid) values ('329','1114','799');
INSERT INTO application_template (application_templateid,applicationid,templateid) values ('334','1125','1122');
INSERT INTO application_template (application_templateid,applicationid,templateid) values ('335','1126','1123');
INSERT INTO application_template (application_templateid,applicationid,templateid) values ('336','1127','1124');
INSERT INTO application_template (application_templateid,applicationid,templateid) values ('337','1128','1125');
INSERT INTO application_template (application_templateid,applicationid,templateid) values ('338','1129','1126');
INSERT INTO application_template (application_templateid,applicationid,templateid) values ('339','1130','1127');
INSERT INTO application_template (application_templateid,applicationid,templateid) values ('340','1131','1125');
INSERT INTO application_template (application_templateid,applicationid,templateid) values ('341','1132','1126');
INSERT INTO application_template (application_templateid,applicationid,templateid) values ('342','1133','1127');
INSERT INTO application_template (application_templateid,applicationid,templateid) values ('343','1134','1125');
INSERT INTO application_template (application_templateid,applicationid,templateid) values ('344','1135','1126');
INSERT INTO application_template (application_templateid,applicationid,templateid) values ('345','1136','1127');
INSERT INTO application_template (application_templateid,applicationid,templateid) values ('346','1137','1125');
INSERT INTO application_template (application_templateid,applicationid,templateid) values ('347','1138','1126');
INSERT INTO application_template (application_templateid,applicationid,templateid) values ('348','1139','1127');
INSERT INTO application_template (application_templateid,applicationid,templateid) values ('349','1143','1140');
INSERT INTO application_template (application_templateid,applicationid,templateid) values ('350','1144','1141');
INSERT INTO application_template (application_templateid,applicationid,templateid) values ('351','1145','1142');
INSERT INTO item_condition (item_conditionid,itemid,operator,macro,value) values ('1','22444','8','{#IFNAME}','@Network interfaces for discovery');
INSERT INTO item_condition (item_conditionid,itemid,operator,macro,value) values ('2','22450','8','{#FSTYPE}','@File systems for discovery');
INSERT INTO item_condition (item_conditionid,itemid,operator,macro,value) values ('4','22867','8','{#FSTYPE}','@File systems for discovery');
INSERT INTO item_condition (item_conditionid,itemid,operator,macro,value) values ('5','22907','8','{#FSTYPE}','@File systems for discovery');
INSERT INTO item_condition (item_conditionid,itemid,operator,macro,value) values ('6','22944','8','{#IFNAME}','@Network interfaces for discovery');
INSERT INTO item_condition (item_conditionid,itemid,operator,macro,value) values ('7','22947','8','{#FSTYPE}','@File systems for discovery');
INSERT INTO item_condition (item_conditionid,itemid,operator,macro,value) values ('8','22984','8','{#IFNAME}','@Network interfaces for discovery');
INSERT INTO item_condition (item_conditionid,itemid,operator,macro,value) values ('9','22987','8','{#FSTYPE}','@File systems for discovery');
INSERT INTO item_condition (item_conditionid,itemid,operator,macro,value) values ('10','23024','8','{#IFNAME}','@Network interfaces for discovery');
INSERT INTO item_condition (item_conditionid,itemid,operator,macro,value) values ('11','23027','8','{#FSTYPE}','@File systems for discovery');
INSERT INTO item_condition (item_conditionid,itemid,operator,macro,value) values ('12','23067','8','{#FSTYPE}','@File systems for discovery');
INSERT INTO item_condition (item_conditionid,itemid,operator,macro,value) values ('13','23162','8','{#FSTYPE}','@File systems for discovery');
INSERT INTO item_condition (item_conditionid,itemid,operator,macro,value) values ('14','23163','8','{#IFNAME}','@Network interfaces for discovery');
INSERT INTO item_condition (item_conditionid,itemid,operator,macro,value) values ('15','23329','8','{#IFNAME}','@Network interfaces for discovery');
INSERT INTO item_condition (item_conditionid,itemid,operator,macro,value) values ('16','23540','8','{#IFNAME}','@Network interfaces for discovery');
INSERT INTO item_condition (item_conditionid,itemid,operator,macro,value) values ('19','23278','8','{#IFNAME}','@Network interfaces for discovery');
INSERT INTO item_condition (item_conditionid,itemid,operator,macro,value) values ('20','23279','8','{#FSTYPE}','@File systems for discovery');
INSERT INTO item_condition (item_conditionid,itemid,operator,macro,value) values ('21','23665','8','{#SERVICE.NAME}','@Windows service names for discovery');
INSERT INTO item_condition (item_conditionid,itemid,operator,macro,value) values ('22','23665','8','{#SERVICE.STARTUPNAME}','@Windows service startup states for discovery');
INSERT INTO item_condition (item_conditionid,itemid,operator,macro,value) values ('215','27029','8','{#IFOPERSTATUS}','1');
INSERT INTO item_condition (item_conditionid,itemid,operator,macro,value) values ('216','27029','8','{#SNMPVALUE}','(2|3)');
INSERT INTO item_condition (item_conditionid,itemid,operator,macro,value) values ('217','27031','8','{#IFOPERSTATUS}','1');
INSERT INTO item_condition (item_conditionid,itemid,operator,macro,value) values ('218','27031','8','{#SNMPVALUE}','(2|3)');
INSERT INTO item_condition (item_conditionid,itemid,operator,macro,value) values ('227','27068','8','{#IFADMINSTATUS}','{$NET.IF.IFADMINSTATUS.MATCHES}');
INSERT INTO item_condition (item_conditionid,itemid,operator,macro,value) values ('228','27068','9','{#IFADMINSTATUS}','{$NET.IF.IFADMINSTATUS.NOT_MATCHES}');
INSERT INTO item_condition (item_conditionid,itemid,operator,macro,value) values ('229','27078','8','{#IFADMINSTATUS}','{$NET.IF.IFADMINSTATUS.MATCHES}');
INSERT INTO item_condition (item_conditionid,itemid,operator,macro,value) values ('230','27078','9','{#IFADMINSTATUS}','{$NET.IF.IFADMINSTATUS.NOT_MATCHES}');
INSERT INTO item_condition (item_conditionid,itemid,operator,macro,value) values ('231','27088','8','{#IFADMINSTATUS}','{$NET.IF.IFADMINSTATUS.MATCHES}');
INSERT INTO item_condition (item_conditionid,itemid,operator,macro,value) values ('232','27088','9','{#IFADMINSTATUS}','{$NET.IF.IFADMINSTATUS.NOT_MATCHES}');
INSERT INTO item_condition (item_conditionid,itemid,operator,macro,value) values ('233','27098','8','{#IFADMINSTATUS}','{$NET.IF.IFADMINSTATUS.MATCHES}');
INSERT INTO item_condition (item_conditionid,itemid,operator,macro,value) values ('234','27098','9','{#IFADMINSTATUS}','{$NET.IF.IFADMINSTATUS.NOT_MATCHES}');
INSERT INTO item_condition (item_conditionid,itemid,operator,macro,value) values ('237','27118','8','{#IFADMINSTATUS}','{$NET.IF.IFADMINSTATUS.MATCHES}');
INSERT INTO item_condition (item_conditionid,itemid,operator,macro,value) values ('238','27118','9','{#IFADMINSTATUS}','{$NET.IF.IFADMINSTATUS.NOT_MATCHES}');
INSERT INTO item_condition (item_conditionid,itemid,operator,macro,value) values ('243','27180','8','{#IFADMINSTATUS}','{$NET.IF.IFADMINSTATUS.MATCHES}');
INSERT INTO item_condition (item_conditionid,itemid,operator,macro,value) values ('244','27180','9','{#IFADMINSTATUS}','{$NET.IF.IFADMINSTATUS.NOT_MATCHES}');
INSERT INTO item_condition (item_conditionid,itemid,operator,macro,value) values ('245','27190','8','{#IFOPERSTATUS}','1');
INSERT INTO item_condition (item_conditionid,itemid,operator,macro,value) values ('246','27190','8','{#SNMPVALUE}','(2|3)');
INSERT INTO item_condition (item_conditionid,itemid,operator,macro,value) values ('247','27209','8','{#TEMP_SENSOR}','1');
INSERT INTO item_condition (item_conditionid,itemid,operator,macro,value) values ('248','27210','8','{#SNMPVALUE}','[^1]');
INSERT INTO item_condition (item_conditionid,itemid,operator,macro,value) values ('249','27211','8','{#ENT_SN}','.+');
INSERT INTO item_condition (item_conditionid,itemid,operator,macro,value) values ('250','27215','8','{#IFADMINSTATUS}','{$NET.IF.IFADMINSTATUS.MATCHES}');
INSERT INTO item_condition (item_conditionid,itemid,operator,macro,value) values ('251','27215','9','{#IFADMINSTATUS}','{$NET.IF.IFADMINSTATUS.NOT_MATCHES}');
INSERT INTO item_condition (item_conditionid,itemid,operator,macro,value) values ('253','27242','8','{#SENSOR_TYPE}','1');
INSERT INTO item_condition (item_conditionid,itemid,operator,macro,value) values ('254','27243','8','{#SENSOR_TYPE}','3');
INSERT INTO item_condition (item_conditionid,itemid,operator,macro,value) values ('255','27244','8','{#SENSOR_TYPE}','2');
INSERT INTO item_condition (item_conditionid,itemid,operator,macro,value) values ('256','27251','8','{#IFADMINSTATUS}','{$NET.IF.IFADMINSTATUS.MATCHES}');
INSERT INTO item_condition (item_conditionid,itemid,operator,macro,value) values ('257','27251','9','{#IFADMINSTATUS}','{$NET.IF.IFADMINSTATUS.NOT_MATCHES}');
INSERT INTO item_condition (item_conditionid,itemid,operator,macro,value) values ('258','27272','8','{#IFADMINSTATUS}','{$NET.IF.IFADMINSTATUS.MATCHES}');
INSERT INTO item_condition (item_conditionid,itemid,operator,macro,value) values ('259','27272','9','{#IFADMINSTATUS}','{$NET.IF.IFADMINSTATUS.NOT_MATCHES}');
INSERT INTO item_condition (item_conditionid,itemid,operator,macro,value) values ('260','27321','8','{#IFADMINSTATUS}','{$NET.IF.IFADMINSTATUS.MATCHES}');
INSERT INTO item_condition (item_conditionid,itemid,operator,macro,value) values ('261','27321','9','{#IFADMINSTATUS}','{$NET.IF.IFADMINSTATUS.NOT_MATCHES}');
INSERT INTO item_condition (item_conditionid,itemid,operator,macro,value) values ('262','27331','8','{#IFOPERSTATUS}','1');
INSERT INTO item_condition (item_conditionid,itemid,operator,macro,value) values ('263','27331','8','{#SNMPVALUE}','(2|3)');
INSERT INTO item_condition (item_conditionid,itemid,operator,macro,value) values ('266','27393','8','{#ENT_SN}','.+');
INSERT INTO item_condition (item_conditionid,itemid,operator,macro,value) values ('267','27393','8','{#ENT_CLASS}','[^3]');
INSERT INTO item_condition (item_conditionid,itemid,operator,macro,value) values ('268','27399','8','{#ENT_SN}','.+');
INSERT INTO item_condition (item_conditionid,itemid,operator,macro,value) values ('269','27399','8','{#ENT_CLASS}','[^3]');
INSERT INTO item_condition (item_conditionid,itemid,operator,macro,value) values ('272','27410','8','{#ENT_SN}','.+');
INSERT INTO item_condition (item_conditionid,itemid,operator,macro,value) values ('273','27410','8','{#ENT_CLASS}','[^3]');
INSERT INTO item_condition (item_conditionid,itemid,operator,macro,value) values ('274','27450','8','{#IFADMINSTATUS}','{$NET.IF.IFADMINSTATUS.MATCHES}');
INSERT INTO item_condition (item_conditionid,itemid,operator,macro,value) values ('275','27450','9','{#IFADMINSTATUS}','{$NET.IF.IFADMINSTATUS.NOT_MATCHES}');
INSERT INTO item_condition (item_conditionid,itemid,operator,macro,value) values ('276','27460','8','{#IFOPERSTATUS}','1');
INSERT INTO item_condition (item_conditionid,itemid,operator,macro,value) values ('277','27460','8','{#SNMPVALUE}','(2|3)');
INSERT INTO item_condition (item_conditionid,itemid,operator,macro,value) values ('278','27486','8','{#IFADMINSTATUS}','{$NET.IF.IFADMINSTATUS.MATCHES}');
INSERT INTO item_condition (item_conditionid,itemid,operator,macro,value) values ('279','27486','9','{#IFADMINSTATUS}','{$NET.IF.IFADMINSTATUS.NOT_MATCHES}');
INSERT INTO item_condition (item_conditionid,itemid,operator,macro,value) values ('280','27520','8','{#IFADMINSTATUS}','{$NET.IF.IFADMINSTATUS.MATCHES}');
INSERT INTO item_condition (item_conditionid,itemid,operator,macro,value) values ('281','27520','9','{#IFADMINSTATUS}','{$NET.IF.IFADMINSTATUS.NOT_MATCHES}');
INSERT INTO item_condition (item_conditionid,itemid,operator,macro,value) values ('282','27530','8','{#IFOPERSTATUS}','1');
INSERT INTO item_condition (item_conditionid,itemid,operator,macro,value) values ('283','27530','8','{#SNMPVALUE}','(2|3)');
INSERT INTO item_condition (item_conditionid,itemid,operator,macro,value) values ('284','27550','8','{#STATUS}','[^0]');
INSERT INTO item_condition (item_conditionid,itemid,operator,macro,value) values ('285','27551','8','{#STATUS}','[^0]');
INSERT INTO item_condition (item_conditionid,itemid,operator,macro,value) values ('286','27556','8','{#IFADMINSTATUS}','{$NET.IF.IFADMINSTATUS.MATCHES}');
INSERT INTO item_condition (item_conditionid,itemid,operator,macro,value) values ('287','27556','9','{#IFADMINSTATUS}','{$NET.IF.IFADMINSTATUS.NOT_MATCHES}');
INSERT INTO item_condition (item_conditionid,itemid,operator,macro,value) values ('288','27566','8','{#IFOPERSTATUS}','1');
INSERT INTO item_condition (item_conditionid,itemid,operator,macro,value) values ('289','27566','8','{#SNMPVALUE}','(2|3)');
INSERT INTO item_condition (item_conditionid,itemid,operator,macro,value) values ('290','27596','8','{#IFADMINSTATUS}','{$NET.IF.IFADMINSTATUS.MATCHES}');
INSERT INTO item_condition (item_conditionid,itemid,operator,macro,value) values ('291','27596','9','{#IFADMINSTATUS}','{$NET.IF.IFADMINSTATUS.NOT_MATCHES}');
INSERT INTO item_condition (item_conditionid,itemid,operator,macro,value) values ('292','27606','8','{#IFOPERSTATUS}','1');
INSERT INTO item_condition (item_conditionid,itemid,operator,macro,value) values ('293','27606','8','{#SNMPVALUE}','(2|3)');
INSERT INTO item_condition (item_conditionid,itemid,operator,macro,value) values ('294','27619','8','{#IFADMINSTATUS}','{$NET.IF.IFADMINSTATUS.MATCHES}');
INSERT INTO item_condition (item_conditionid,itemid,operator,macro,value) values ('295','27619','9','{#IFADMINSTATUS}','{$NET.IF.IFADMINSTATUS.NOT_MATCHES}');
INSERT INTO item_condition (item_conditionid,itemid,operator,macro,value) values ('296','27629','8','{#IFOPERSTATUS}','1');
INSERT INTO item_condition (item_conditionid,itemid,operator,macro,value) values ('297','27629','8','{#SNMPVALUE}','(2|3)');
INSERT INTO item_condition (item_conditionid,itemid,operator,macro,value) values ('298','27642','8','{#IFADMINSTATUS}','{$NET.IF.IFADMINSTATUS.MATCHES}');
INSERT INTO item_condition (item_conditionid,itemid,operator,macro,value) values ('299','27642','9','{#IFADMINSTATUS}','{$NET.IF.IFADMINSTATUS.NOT_MATCHES}');
INSERT INTO item_condition (item_conditionid,itemid,operator,macro,value) values ('300','27652','8','{#IFOPERSTATUS}','1');
INSERT INTO item_condition (item_conditionid,itemid,operator,macro,value) values ('301','27652','8','{#SNMPVALUE}','(2|3)');
INSERT INTO item_condition (item_conditionid,itemid,operator,macro,value) values ('302','27665','8','{#SNMPVALUE}','^(MODULE|Module) (LEVEL|level)1$');
INSERT INTO item_condition (item_conditionid,itemid,operator,macro,value) values ('303','27665','8','{#SNMPVALUE}','(Fabric|FABRIC) (.+) (Module|MODULE)');
INSERT INTO item_condition (item_conditionid,itemid,operator,macro,value) values ('304','27666','8','{#SNMPVALUE}','^(MODULE|Module) (LEVEL|level)1$');
INSERT INTO item_condition (item_conditionid,itemid,operator,macro,value) values ('305','27666','8','{#SNMPVALUE}','(Fabric|FABRIC) (.+) (Module|MODULE)');
INSERT INTO item_condition (item_conditionid,itemid,operator,macro,value) values ('306','27666','8','{#SNMPVALUE}','(T|t)emperature.*(s|S)ensor');
INSERT INTO item_condition (item_conditionid,itemid,operator,macro,value) values ('307','27667','8','{#ENT_CLASS}','7');
INSERT INTO item_condition (item_conditionid,itemid,operator,macro,value) values ('308','27668','8','{#ENT_CLASS}','6');
INSERT INTO item_condition (item_conditionid,itemid,operator,macro,value) values ('309','27669','8','{#ENT_CLASS}','3');
INSERT INTO item_condition (item_conditionid,itemid,operator,macro,value) values ('323','27722','8','{#IFADMINSTATUS}','{$NET.IF.IFADMINSTATUS.MATCHES}');
INSERT INTO item_condition (item_conditionid,itemid,operator,macro,value) values ('324','27722','9','{#IFADMINSTATUS}','{$NET.IF.IFADMINSTATUS.NOT_MATCHES}');
INSERT INTO item_condition (item_conditionid,itemid,operator,macro,value) values ('325','27732','8','{#IFOPERSTATUS}','1');
INSERT INTO item_condition (item_conditionid,itemid,operator,macro,value) values ('326','27732','8','{#SNMPVALUE}','(2|3)');
INSERT INTO item_condition (item_conditionid,itemid,operator,macro,value) values ('327','27745','8','{#ENT_NAME}','MPU.*');
INSERT INTO item_condition (item_conditionid,itemid,operator,macro,value) values ('328','27746','8','{#ENT_CLASS}','3');
INSERT INTO item_condition (item_conditionid,itemid,operator,macro,value) values ('329','27756','8','{#IFADMINSTATUS}','{$NET.IF.IFADMINSTATUS.MATCHES}');
INSERT INTO item_condition (item_conditionid,itemid,operator,macro,value) values ('330','27756','9','{#IFADMINSTATUS}','{$NET.IF.IFADMINSTATUS.NOT_MATCHES}');
INSERT INTO item_condition (item_conditionid,itemid,operator,macro,value) values ('331','27779','8','{#SENSOR_TYPE}','2');
INSERT INTO item_condition (item_conditionid,itemid,operator,macro,value) values ('332','27780','8','{#ENT_CLASS}','2');
INSERT INTO item_condition (item_conditionid,itemid,operator,macro,value) values ('333','27788','8','{#IFADMINSTATUS}','{$NET.IF.IFADMINSTATUS.MATCHES}');
INSERT INTO item_condition (item_conditionid,itemid,operator,macro,value) values ('334','27788','9','{#IFADMINSTATUS}','{$NET.IF.IFADMINSTATUS.NOT_MATCHES}');
INSERT INTO item_condition (item_conditionid,itemid,operator,macro,value) values ('335','27798','8','{#IFOPERSTATUS}','1');
INSERT INTO item_condition (item_conditionid,itemid,operator,macro,value) values ('336','27798','8','{#SNMPVALUE}','(2|3)');
INSERT INTO item_condition (item_conditionid,itemid,operator,macro,value) values ('337','27815','8','{#SNMPVALUE}','Routing Engine.*');
INSERT INTO item_condition (item_conditionid,itemid,operator,macro,value) values ('338','27816','8','{#SNMPVALUE}','[^0]+');
INSERT INTO item_condition (item_conditionid,itemid,operator,macro,value) values ('350','27872','8','{#IFADMINSTATUS}','{$NET.IF.IFADMINSTATUS.MATCHES}');
INSERT INTO item_condition (item_conditionid,itemid,operator,macro,value) values ('351','27872','9','{#IFADMINSTATUS}','{$NET.IF.IFADMINSTATUS.NOT_MATCHES}');
INSERT INTO item_condition (item_conditionid,itemid,operator,macro,value) values ('352','27903','8','{#STORAGE_TYPE}','.+4$');
INSERT INTO item_condition (item_conditionid,itemid,operator,macro,value) values ('353','27903','8','{#STORAGE_TYPE}','.+hrStorageFixedDisk');
INSERT INTO item_condition (item_conditionid,itemid,operator,macro,value) values ('354','27909','8','{#IFADMINSTATUS}','{$NET.IF.IFADMINSTATUS.MATCHES}');
INSERT INTO item_condition (item_conditionid,itemid,operator,macro,value) values ('355','27909','9','{#IFADMINSTATUS}','{$NET.IF.IFADMINSTATUS.NOT_MATCHES}');
INSERT INTO item_condition (item_conditionid,itemid,operator,macro,value) values ('356','27944','8','{#IFADMINSTATUS}','{$NET.IF.IFADMINSTATUS.MATCHES}');
INSERT INTO item_condition (item_conditionid,itemid,operator,macro,value) values ('357','27944','9','{#IFADMINSTATUS}','{$NET.IF.IFADMINSTATUS.NOT_MATCHES}');
INSERT INTO item_condition (item_conditionid,itemid,operator,macro,value) values ('358','27954','8','{#IFOPERSTATUS}','1');
INSERT INTO item_condition (item_conditionid,itemid,operator,macro,value) values ('359','27954','8','{#SNMPVALUE}','(2|3)');
INSERT INTO item_condition (item_conditionid,itemid,operator,macro,value) values ('360','27976','8','{#IFADMINSTATUS}','{$NET.IF.IFADMINSTATUS.MATCHES}');
INSERT INTO item_condition (item_conditionid,itemid,operator,macro,value) values ('361','27976','9','{#IFADMINSTATUS}','{$NET.IF.IFADMINSTATUS.NOT_MATCHES}');
INSERT INTO item_condition (item_conditionid,itemid,operator,macro,value) values ('362','28005','8','{#IFADMINSTATUS}','{$NET.IF.IFADMINSTATUS.MATCHES}');
INSERT INTO item_condition (item_conditionid,itemid,operator,macro,value) values ('363','28005','9','{#IFADMINSTATUS}','{$NET.IF.IFADMINSTATUS.NOT_MATCHES}');
INSERT INTO item_condition (item_conditionid,itemid,operator,macro,value) values ('368','28058','8','{#IFADMINSTATUS}','{$NET.IF.IFADMINSTATUS.MATCHES}');
INSERT INTO item_condition (item_conditionid,itemid,operator,macro,value) values ('369','28058','9','{#IFADMINSTATUS}','{$NET.IF.IFADMINSTATUS.NOT_MATCHES}');
INSERT INTO item_condition (item_conditionid,itemid,operator,macro,value) values ('370','28068','8','{#IFOPERSTATUS}','1');
INSERT INTO item_condition (item_conditionid,itemid,operator,macro,value) values ('371','28068','8','{#SNMPVALUE}','(2|3)');
INSERT INTO item_condition (item_conditionid,itemid,operator,macro,value) values ('376','28097','8','{#IFADMINSTATUS}','{$NET.IF.IFADMINSTATUS.MATCHES}');
INSERT INTO item_condition (item_conditionid,itemid,operator,macro,value) values ('377','28097','9','{#IFADMINSTATUS}','{$NET.IF.IFADMINSTATUS.NOT_MATCHES}');
INSERT INTO item_condition (item_conditionid,itemid,operator,macro,value) values ('378','28118','8','{#IFADMINSTATUS}','{$NET.IF.IFADMINSTATUS.MATCHES}');
INSERT INTO item_condition (item_conditionid,itemid,operator,macro,value) values ('379','28118','9','{#IFADMINSTATUS}','{$NET.IF.IFADMINSTATUS.NOT_MATCHES}');
INSERT INTO item_condition (item_conditionid,itemid,operator,macro,value) values ('380','28128','8','{#IFOPERSTATUS}','1');
INSERT INTO item_condition (item_conditionid,itemid,operator,macro,value) values ('381','28128','8','{#SNMPVALUE}','(2|3)');
INSERT INTO item_condition (item_conditionid,itemid,operator,macro,value) values ('382','28144','8','{#SENSOR_TYPE}','8');
INSERT INTO item_condition (item_conditionid,itemid,operator,macro,value) values ('383','28144','8','{#SENSOR_PRECISION}','0');
INSERT INTO item_condition (item_conditionid,itemid,operator,macro,value) values ('384','28146','8','{#ENT_CLASS}','.+8.3.2$');
INSERT INTO item_condition (item_conditionid,itemid,operator,macro,value) values ('385','28146','8','{#ENT_STATUS}','(1|2|3|4)');
INSERT INTO item_condition (item_conditionid,itemid,operator,macro,value) values ('386','28147','8','{#ENT_CLASS}','.+8.3.1$');
INSERT INTO item_condition (item_conditionid,itemid,operator,macro,value) values ('387','28147','8','{#ENT_STATUS}','(1|2|3|4)');
INSERT INTO item_condition (item_conditionid,itemid,operator,macro,value) values ('388','28148','8','{#ENT_CLASS}','.+8.3.3$');
INSERT INTO item_condition (item_conditionid,itemid,operator,macro,value) values ('389','28148','8','{#ENT_STATUS}','(1|2|3|4)');
INSERT INTO item_condition (item_conditionid,itemid,operator,macro,value) values ('390','28149','8','{#ENT_CLASS}','3');
INSERT INTO item_condition (item_conditionid,itemid,operator,macro,value) values ('395','28175','8','{#IFADMINSTATUS}','{$NET.IF.IFADMINSTATUS.MATCHES}');
INSERT INTO item_condition (item_conditionid,itemid,operator,macro,value) values ('396','28175','9','{#IFADMINSTATUS}','{$NET.IF.IFADMINSTATUS.NOT_MATCHES}');
INSERT INTO item_condition (item_conditionid,itemid,operator,macro,value) values ('397','28196','8','{#SENSOR_TYPE}','8');
INSERT INTO item_condition (item_conditionid,itemid,operator,macro,value) values ('398','28196','8','{#SENSOR_PRECISION}','1');
INSERT INTO item_condition (item_conditionid,itemid,operator,macro,value) values ('399','28197','8','{#SNMPVALUE}','10');
INSERT INTO item_condition (item_conditionid,itemid,operator,macro,value) values ('400','28198','8','{#ENT_CLASS}','3');
INSERT INTO item_condition (item_conditionid,itemid,operator,macro,value) values ('401','28199','8','{#ENT_CLASS}','6');
INSERT INTO item_condition (item_conditionid,itemid,operator,macro,value) values ('402','28207','8','{#ENT_SN}','.+');
INSERT INTO item_condition (item_conditionid,itemid,operator,macro,value) values ('403','28207','8','{#ENT_CLASS}','[^3]');
INSERT INTO item_condition (item_conditionid,itemid,operator,macro,value) values ('404','28223','8','{#IFADMINSTATUS}','{$NET.IF.IFADMINSTATUS.MATCHES}');
INSERT INTO item_condition (item_conditionid,itemid,operator,macro,value) values ('405','28223','9','{#IFADMINSTATUS}','{$NET.IF.IFADMINSTATUS.NOT_MATCHES}');
INSERT INTO item_condition (item_conditionid,itemid,operator,macro,value) values ('406','27088','8','{#IFOPERSTATUS}','{$NET.IF.IFOPERSTATUS.MATCHES}');
INSERT INTO item_condition (item_conditionid,itemid,operator,macro,value) values ('407','27098','8','{#IFOPERSTATUS}','{$NET.IF.IFOPERSTATUS.MATCHES}');
INSERT INTO item_condition (item_conditionid,itemid,operator,macro,value) values ('408','27180','8','{#IFOPERSTATUS}','{$NET.IF.IFOPERSTATUS.MATCHES}');
INSERT INTO item_condition (item_conditionid,itemid,operator,macro,value) values ('409','27215','8','{#IFOPERSTATUS}','{$NET.IF.IFOPERSTATUS.MATCHES}');
INSERT INTO item_condition (item_conditionid,itemid,operator,macro,value) values ('410','27251','8','{#IFOPERSTATUS}','{$NET.IF.IFOPERSTATUS.MATCHES}');
INSERT INTO item_condition (item_conditionid,itemid,operator,macro,value) values ('411','27272','8','{#IFOPERSTATUS}','{$NET.IF.IFOPERSTATUS.MATCHES}');
INSERT INTO item_condition (item_conditionid,itemid,operator,macro,value) values ('412','27321','8','{#IFOPERSTATUS}','{$NET.IF.IFOPERSTATUS.MATCHES}');
INSERT INTO item_condition (item_conditionid,itemid,operator,macro,value) values ('413','27450','8','{#IFOPERSTATUS}','{$NET.IF.IFOPERSTATUS.MATCHES}');
INSERT INTO item_condition (item_conditionid,itemid,operator,macro,value) values ('414','27486','8','{#IFOPERSTATUS}','{$NET.IF.IFOPERSTATUS.MATCHES}');
INSERT INTO item_condition (item_conditionid,itemid,operator,macro,value) values ('415','27520','8','{#IFOPERSTATUS}','{$NET.IF.IFOPERSTATUS.MATCHES}');
INSERT INTO item_condition (item_conditionid,itemid,operator,macro,value) values ('416','27556','8','{#IFOPERSTATUS}','{$NET.IF.IFOPERSTATUS.MATCHES}');
INSERT INTO item_condition (item_conditionid,itemid,operator,macro,value) values ('417','27642','8','{#IFOPERSTATUS}','{$NET.IF.IFOPERSTATUS.MATCHES}');
INSERT INTO item_condition (item_conditionid,itemid,operator,macro,value) values ('418','27722','8','{#IFOPERSTATUS}','{$NET.IF.IFOPERSTATUS.MATCHES}');
INSERT INTO item_condition (item_conditionid,itemid,operator,macro,value) values ('419','27756','8','{#IFOPERSTATUS}','{$NET.IF.IFOPERSTATUS.MATCHES}');
INSERT INTO item_condition (item_conditionid,itemid,operator,macro,value) values ('420','27788','8','{#IFOPERSTATUS}','{$NET.IF.IFOPERSTATUS.MATCHES}');
INSERT INTO item_condition (item_conditionid,itemid,operator,macro,value) values ('421','27872','8','{#IFOPERSTATUS}','{$NET.IF.IFOPERSTATUS.MATCHES}');
INSERT INTO item_condition (item_conditionid,itemid,operator,macro,value) values ('422','27909','8','{#IFOPERSTATUS}','{$NET.IF.IFOPERSTATUS.MATCHES}');
INSERT INTO item_condition (item_conditionid,itemid,operator,macro,value) values ('423','27944','8','{#IFOPERSTATUS}','{$NET.IF.IFOPERSTATUS.MATCHES}');
INSERT INTO item_condition (item_conditionid,itemid,operator,macro,value) values ('424','28058','8','{#IFOPERSTATUS}','{$NET.IF.IFOPERSTATUS.MATCHES}');
INSERT INTO item_condition (item_conditionid,itemid,operator,macro,value) values ('425','28118','8','{#IFOPERSTATUS}','{$NET.IF.IFOPERSTATUS.MATCHES}');
INSERT INTO item_condition (item_conditionid,itemid,operator,macro,value) values ('426','28175','8','{#IFOPERSTATUS}','{$NET.IF.IFOPERSTATUS.MATCHES}');
INSERT INTO item_condition (item_conditionid,itemid,operator,macro,value) values ('427','28223','8','{#IFOPERSTATUS}','{$NET.IF.IFOPERSTATUS.MATCHES}');
INSERT INTO item_condition (item_conditionid,itemid,operator,macro,value) values ('428','27068','8','{#IFOPERSTATUS}','{$NET.IF.IFOPERSTATUS.MATCHES}');
INSERT INTO item_condition (item_conditionid,itemid,operator,macro,value) values ('429','27596','8','{#IFOPERSTATUS}','{$NET.IF.IFOPERSTATUS.MATCHES}');
INSERT INTO item_condition (item_conditionid,itemid,operator,macro,value) values ('430','28005','8','{#IFOPERSTATUS}','{$NET.IF.IFOPERSTATUS.MATCHES}');
INSERT INTO item_condition (item_conditionid,itemid,operator,macro,value) values ('431','27078','8','{#IFOPERSTATUS}','{$NET.IF.IFOPERSTATUS.MATCHES}');
INSERT INTO item_condition (item_conditionid,itemid,operator,macro,value) values ('432','27619','8','{#IFOPERSTATUS}','{$NET.IF.IFOPERSTATUS.MATCHES}');
INSERT INTO item_condition (item_conditionid,itemid,operator,macro,value) values ('433','27976','8','{#IFOPERSTATUS}','{$NET.IF.IFOPERSTATUS.MATCHES}');
INSERT INTO item_condition (item_conditionid,itemid,operator,macro,value) values ('434','27118','8','{#IFOPERSTATUS}','{$NET.IF.IFOPERSTATUS.MATCHES}');
INSERT INTO item_condition (item_conditionid,itemid,operator,macro,value) values ('435','28097','8','{#IFOPERSTATUS}','{$NET.IF.IFOPERSTATUS.MATCHES}');
INSERT INTO item_condition (item_conditionid,itemid,operator,macro,value) values ('436','28280','8','{#IFOPERSTATUS}','1');
INSERT INTO item_condition (item_conditionid,itemid,operator,macro,value) values ('437','28280','8','{#SNMPVALUE}','(2|3)');
INSERT INTO item_condition (item_conditionid,itemid,operator,macro,value) values ('438','28293','8','{#IFADMINSTATUS}','{$NET.IF.IFADMINSTATUS.MATCHES}');
INSERT INTO item_condition (item_conditionid,itemid,operator,macro,value) values ('439','28293','9','{#IFADMINSTATUS}','{$NET.IF.IFADMINSTATUS.NOT_MATCHES}');
INSERT INTO item_condition (item_conditionid,itemid,operator,macro,value) values ('440','28293','8','{#IFOPERSTATUS}','{$NET.IF.IFOPERSTATUS.MATCHES}');
INSERT INTO item_condition (item_conditionid,itemid,operator,macro,value) values ('448','28306','8','{#SENSOR_TYPE}','8');
INSERT INTO item_condition (item_conditionid,itemid,operator,macro,value) values ('449','28306','8','{#SENSOR_PRECISION}','1');
INSERT INTO item_condition (item_conditionid,itemid,operator,macro,value) values ('450','28307','8','{#SNMPVALUE}','10');
INSERT INTO item_condition (item_conditionid,itemid,operator,macro,value) values ('451','28308','8','{#ENT_CLASS}','3');
INSERT INTO item_condition (item_conditionid,itemid,operator,macro,value) values ('452','28309','8','{#ENT_CLASS}','6');
INSERT INTO item_condition (item_conditionid,itemid,operator,macro,value) values ('453','28346','8','{#SENSOR_LOCALE}','.*CPU.*');
INSERT INTO item_condition (item_conditionid,itemid,operator,macro,value) values ('454','28347','8','{#SENSOR_LOCALE}','.*Inlet Temp.*');
INSERT INTO item_condition (item_conditionid,itemid,operator,macro,value) values ('455','28349','8','{#TYPE}','3');
INSERT INTO item_condition (item_conditionid,itemid,operator,macro,value) values ('456','28392','8','{#SENSOR_LOCALE}','(4|8|9|12|13)');
INSERT INTO item_condition (item_conditionid,itemid,operator,macro,value) values ('457','28393','8','{#SNMPINDEX}','0\.1');
INSERT INTO item_condition (item_conditionid,itemid,operator,macro,value) values ('458','28393','8','{#SENSOR_LOCALE}','11');
INSERT INTO item_condition (item_conditionid,itemid,operator,macro,value) values ('459','28394','8','{#SENSOR_LOCALE}','6');
INSERT INTO item_condition (item_conditionid,itemid,operator,macro,value) values ('460','28395','8','{#SENSOR_LOCALE}','7');
INSERT INTO item_condition (item_conditionid,itemid,operator,macro,value) values ('461','28396','8','{#SENSOR_LOCALE}','10');
INSERT INTO item_condition (item_conditionid,itemid,operator,macro,value) values ('462','28397','8','{#SENSOR_LOCALE}','3');
INSERT INTO item_condition (item_conditionid,itemid,operator,macro,value) values ('463','28440','8','{#SNMPVALUE}','(DIMM|PSU|PCH|RAID|RR|PCI).*');
INSERT INTO item_condition (item_conditionid,itemid,operator,macro,value) values ('464','28441','8','{#SNMPVALUE}','Ambient.*');
INSERT INTO item_condition (item_conditionid,itemid,operator,macro,value) values ('465','28442','8','{#SNMPVALUE}','CPU [0-9]* Temp');
INSERT INTO item_condition (item_conditionid,itemid,operator,macro,value) values ('466','28468','8','{#SNMPVALUE}','(DIMM|PSU|PCH|RAID|RR|PCI).*');
INSERT INTO item_condition (item_conditionid,itemid,operator,macro,value) values ('467','28469','8','{#SNMPVALUE}','Ambient.*');
INSERT INTO item_condition (item_conditionid,itemid,operator,macro,value) values ('468','28470','8','{#SNMPVALUE}','CPU [0-9]* Temp');
INSERT INTO item_condition (item_conditionid,itemid,operator,macro,value) values ('469','28493','8','{#SNMPVALUE}','[1-9]+');
INSERT INTO item_condition (item_conditionid,itemid,operator,macro,value) values ('470','28493','8','{#SENSOR_DESCR}','.*Temp.*');
INSERT INTO item_condition (item_conditionid,itemid,operator,macro,value) values ('471','28494','8','{#SNMPVALUE}','[1-9]+');
INSERT INTO item_condition (item_conditionid,itemid,operator,macro,value) values ('472','28494','8','{#SENSOR_DESCR}','FAN.*');
INSERT INTO item_condition (item_conditionid,itemid,operator,macro,value) values ('473','28661','8','{#FSTYPE}','{$VFS.FS.FSTYPE.MATCHES}');
INSERT INTO item_condition (item_conditionid,itemid,operator,macro,value) values ('474','28661','9','{#FSTYPE}','{$VFS.FS.FSTYPE.NOT_MATCHES}');
INSERT INTO item_condition (item_conditionid,itemid,operator,macro,value) values ('475','28661','8','{#FSNAME}','{$VFS.FS.FSNAME.MATCHES}');
INSERT INTO item_condition (item_conditionid,itemid,operator,macro,value) values ('476','28661','9','{#FSNAME}','{$VFS.FS.FSNAME.NOT_MATCHES}');
INSERT INTO item_condition (item_conditionid,itemid,operator,macro,value) values ('477','28662','8','{#MEMTYPE}','{$MEMORY.TYPE.MATCHES}');
INSERT INTO item_condition (item_conditionid,itemid,operator,macro,value) values ('478','28662','9','{#MEMTYPE}','{$MEMORY.TYPE.NOT_MATCHES}');
INSERT INTO item_condition (item_conditionid,itemid,operator,macro,value) values ('479','28662','8','{#MEMNAME}','{$MEMORY.NAME.MATCHES}');
INSERT INTO item_condition (item_conditionid,itemid,operator,macro,value) values ('480','28662','9','{#MEMNAME}','{$MEMORY.NAME.NOT_MATCHES}');
INSERT INTO item_condition (item_conditionid,itemid,operator,macro,value) values ('481','28663','8','{#FSTYPE}','{$VFS.FS.FSTYPE.MATCHES}');
INSERT INTO item_condition (item_conditionid,itemid,operator,macro,value) values ('482','28663','9','{#FSTYPE}','{$VFS.FS.FSTYPE.NOT_MATCHES}');
INSERT INTO item_condition (item_conditionid,itemid,operator,macro,value) values ('483','28663','8','{#FSNAME}','{$VFS.FS.FSNAME.MATCHES}');
INSERT INTO item_condition (item_conditionid,itemid,operator,macro,value) values ('484','28663','9','{#FSNAME}','{$VFS.FS.FSNAME.NOT_MATCHES}');
INSERT INTO item_condition (item_conditionid,itemid,operator,macro,value) values ('485','28664','8','{#MEMTYPE}','{$MEMORY.TYPE.MATCHES}');
INSERT INTO item_condition (item_conditionid,itemid,operator,macro,value) values ('486','28664','9','{#MEMTYPE}','{$MEMORY.TYPE.NOT_MATCHES}');
INSERT INTO item_condition (item_conditionid,itemid,operator,macro,value) values ('487','28664','8','{#MEMNAME}','{$MEMORY.NAME.MATCHES}');
INSERT INTO item_condition (item_conditionid,itemid,operator,macro,value) values ('488','28664','9','{#MEMNAME}','{$MEMORY.NAME.NOT_MATCHES}');
INSERT INTO item_condition (item_conditionid,itemid,operator,macro,value) values ('489','28665','8','{#FSTYPE}','{$VFS.FS.FSTYPE.MATCHES}');
INSERT INTO item_condition (item_conditionid,itemid,operator,macro,value) values ('490','28665','9','{#FSTYPE}','{$VFS.FS.FSTYPE.NOT_MATCHES}');
INSERT INTO item_condition (item_conditionid,itemid,operator,macro,value) values ('491','28665','8','{#FSNAME}','{$VFS.FS.FSNAME.MATCHES}');
INSERT INTO item_condition (item_conditionid,itemid,operator,macro,value) values ('492','28665','9','{#FSNAME}','{$VFS.FS.FSNAME.NOT_MATCHES}');
INSERT INTO item_condition (item_conditionid,itemid,operator,macro,value) values ('493','28666','8','{#MEMTYPE}','{$MEMORY.TYPE.MATCHES}');
INSERT INTO item_condition (item_conditionid,itemid,operator,macro,value) values ('494','28666','9','{#MEMTYPE}','{$MEMORY.TYPE.NOT_MATCHES}');
INSERT INTO item_condition (item_conditionid,itemid,operator,macro,value) values ('495','28666','8','{#MEMNAME}','{$MEMORY.NAME.MATCHES}');
INSERT INTO item_condition (item_conditionid,itemid,operator,macro,value) values ('496','28666','9','{#MEMNAME}','{$MEMORY.NAME.NOT_MATCHES}');
INSERT INTO item_condition (item_conditionid,itemid,operator,macro,value) values ('497','28667','8','{#FSTYPE}','{$VFS.FS.FSTYPE.MATCHES}');
INSERT INTO item_condition (item_conditionid,itemid,operator,macro,value) values ('498','28667','9','{#FSTYPE}','{$VFS.FS.FSTYPE.NOT_MATCHES}');
INSERT INTO item_condition (item_conditionid,itemid,operator,macro,value) values ('499','28667','8','{#FSNAME}','{$VFS.FS.FSNAME.MATCHES}');
INSERT INTO item_condition (item_conditionid,itemid,operator,macro,value) values ('500','28667','9','{#FSNAME}','{$VFS.FS.FSNAME.NOT_MATCHES}');
INSERT INTO item_condition (item_conditionid,itemid,operator,macro,value) values ('501','28668','8','{#MEMTYPE}','{$MEMORY.TYPE.MATCHES}');
INSERT INTO item_condition (item_conditionid,itemid,operator,macro,value) values ('502','28668','9','{#MEMTYPE}','{$MEMORY.TYPE.NOT_MATCHES}');
INSERT INTO item_condition (item_conditionid,itemid,operator,macro,value) values ('503','28668','8','{#MEMNAME}','{$MEMORY.NAME.MATCHES}');
INSERT INTO item_condition (item_conditionid,itemid,operator,macro,value) values ('504','28668','9','{#MEMNAME}','{$MEMORY.NAME.NOT_MATCHES}');
INSERT INTO item_condition (item_conditionid,itemid,operator,macro,value) values ('505','28669','8','{#FSTYPE}','{$VFS.FS.FSTYPE.MATCHES}');
INSERT INTO item_condition (item_conditionid,itemid,operator,macro,value) values ('506','28669','9','{#FSTYPE}','{$VFS.FS.FSTYPE.NOT_MATCHES}');
INSERT INTO item_condition (item_conditionid,itemid,operator,macro,value) values ('507','28669','8','{#FSNAME}','{$VFS.FS.FSNAME.MATCHES}');
INSERT INTO item_condition (item_conditionid,itemid,operator,macro,value) values ('508','28669','9','{#FSNAME}','{$VFS.FS.FSNAME.NOT_MATCHES}');
INSERT INTO item_condition (item_conditionid,itemid,operator,macro,value) values ('509','28670','8','{#MEMTYPE}','{$MEMORY.TYPE.MATCHES}');
INSERT INTO item_condition (item_conditionid,itemid,operator,macro,value) values ('510','28670','9','{#MEMTYPE}','{$MEMORY.TYPE.NOT_MATCHES}');
INSERT INTO item_condition (item_conditionid,itemid,operator,macro,value) values ('511','28670','8','{#MEMNAME}','{$MEMORY.NAME.MATCHES}');
INSERT INTO item_condition (item_conditionid,itemid,operator,macro,value) values ('512','28670','9','{#MEMNAME}','{$MEMORY.NAME.NOT_MATCHES}');
INSERT INTO item_condition (item_conditionid,itemid,operator,macro,value) values ('513','28671','8','{#FSTYPE}','{$VFS.FS.FSTYPE.MATCHES}');
INSERT INTO item_condition (item_conditionid,itemid,operator,macro,value) values ('514','28671','9','{#FSTYPE}','{$VFS.FS.FSTYPE.NOT_MATCHES}');
INSERT INTO item_condition (item_conditionid,itemid,operator,macro,value) values ('515','28671','8','{#FSNAME}','{$VFS.FS.FSNAME.MATCHES}');
INSERT INTO item_condition (item_conditionid,itemid,operator,macro,value) values ('516','28671','9','{#FSNAME}','{$VFS.FS.FSNAME.NOT_MATCHES}');
INSERT INTO item_condition (item_conditionid,itemid,operator,macro,value) values ('517','28672','8','{#MEMTYPE}','{$MEMORY.TYPE.MATCHES}');
INSERT INTO item_condition (item_conditionid,itemid,operator,macro,value) values ('518','28672','9','{#MEMTYPE}','{$MEMORY.TYPE.NOT_MATCHES}');
INSERT INTO item_condition (item_conditionid,itemid,operator,macro,value) values ('519','28672','8','{#MEMNAME}','{$MEMORY.NAME.MATCHES}');
INSERT INTO item_condition (item_conditionid,itemid,operator,macro,value) values ('520','28672','9','{#MEMNAME}','{$MEMORY.NAME.NOT_MATCHES}');
INSERT INTO item_condition (item_conditionid,itemid,operator,macro,value) values ('521','27118','9','{#IFOPERSTATUS}','{$NET.IF.IFOPERSTATUS.NOT_MATCHES}');
INSERT INTO item_condition (item_conditionid,itemid,operator,macro,value) values ('522','27118','8','{#IFNAME}','{$NET.IF.IFNAME.MATCHES}');
INSERT INTO item_condition (item_conditionid,itemid,operator,macro,value) values ('523','27118','9','{#IFNAME}','{$NET.IF.IFNAME.NOT_MATCHES}');
INSERT INTO item_condition (item_conditionid,itemid,operator,macro,value) values ('524','27118','8','{#IFDESCR}','{$NET.IF.IFDESCR.MATCHES}');
INSERT INTO item_condition (item_conditionid,itemid,operator,macro,value) values ('525','27118','9','{#IFDESCR}','{$NET.IF.IFDESCR.NOT_MATCHES}');
INSERT INTO item_condition (item_conditionid,itemid,operator,macro,value) values ('526','27118','8','{#IFALIAS}','{$NET.IF.IFALIAS.MATCHES}');
INSERT INTO item_condition (item_conditionid,itemid,operator,macro,value) values ('527','27118','9','{#IFALIAS}','{$NET.IF.IFALIAS.NOT_MATCHES}');
INSERT INTO item_condition (item_conditionid,itemid,operator,macro,value) values ('528','27118','8','{#IFTYPE}','{$NET.IF.IFTYPE.MATCHES}');
INSERT INTO item_condition (item_conditionid,itemid,operator,macro,value) values ('529','27118','9','{#IFTYPE}','{$NET.IF.IFTYPE.NOT_MATCHES}');
INSERT INTO item_condition (item_conditionid,itemid,operator,macro,value) values ('530','28097','9','{#IFOPERSTATUS}','{$NET.IF.IFOPERSTATUS.NOT_MATCHES}');
INSERT INTO item_condition (item_conditionid,itemid,operator,macro,value) values ('531','28097','8','{#IFNAME}','{$NET.IF.IFNAME.MATCHES}');
INSERT INTO item_condition (item_conditionid,itemid,operator,macro,value) values ('532','28097','9','{#IFNAME}','{$NET.IF.IFNAME.NOT_MATCHES}');
INSERT INTO item_condition (item_conditionid,itemid,operator,macro,value) values ('533','28097','8','{#IFDESCR}','{$NET.IF.IFDESCR.MATCHES}');
INSERT INTO item_condition (item_conditionid,itemid,operator,macro,value) values ('534','28097','9','{#IFDESCR}','{$NET.IF.IFDESCR.NOT_MATCHES}');
INSERT INTO item_condition (item_conditionid,itemid,operator,macro,value) values ('535','28097','8','{#IFALIAS}','{$NET.IF.IFALIAS.MATCHES}');
INSERT INTO item_condition (item_conditionid,itemid,operator,macro,value) values ('536','28097','9','{#IFALIAS}','{$NET.IF.IFALIAS.NOT_MATCHES}');
INSERT INTO item_condition (item_conditionid,itemid,operator,macro,value) values ('537','28097','8','{#IFTYPE}','{$NET.IF.IFTYPE.MATCHES}');
INSERT INTO item_condition (item_conditionid,itemid,operator,macro,value) values ('538','28097','9','{#IFTYPE}','{$NET.IF.IFTYPE.NOT_MATCHES}');
INSERT INTO item_condition (item_conditionid,itemid,operator,macro,value) values ('539','28711','8','{#FSTYPE}','{$VFS.FS.FSTYPE.MATCHES}');
INSERT INTO item_condition (item_conditionid,itemid,operator,macro,value) values ('540','28711','9','{#FSTYPE}','{$VFS.FS.FSTYPE.NOT_MATCHES}');
INSERT INTO item_condition (item_conditionid,itemid,operator,macro,value) values ('541','28711','8','{#FSNAME}','{$VFS.FS.FSNAME.MATCHES}');
INSERT INTO item_condition (item_conditionid,itemid,operator,macro,value) values ('542','28711','9','{#FSNAME}','{$VFS.FS.FSNAME.NOT_MATCHES}');
INSERT INTO item_condition (item_conditionid,itemid,operator,macro,value) values ('543','28712','8','{#MEMTYPE}','{$MEMORY.TYPE.MATCHES}');
INSERT INTO item_condition (item_conditionid,itemid,operator,macro,value) values ('544','28712','9','{#MEMTYPE}','{$MEMORY.TYPE.NOT_MATCHES}');
INSERT INTO item_condition (item_conditionid,itemid,operator,macro,value) values ('545','28712','8','{#MEMNAME}','{$MEMORY.NAME.MATCHES}');
INSERT INTO item_condition (item_conditionid,itemid,operator,macro,value) values ('546','28712','9','{#MEMNAME}','{$MEMORY.NAME.NOT_MATCHES}');
INSERT INTO item_condition (item_conditionid,itemid,operator,macro,value) values ('547','28713','8','{#FSTYPE}','{$VFS.FS.FSTYPE.MATCHES}');
INSERT INTO item_condition (item_conditionid,itemid,operator,macro,value) values ('548','28713','9','{#FSTYPE}','{$VFS.FS.FSTYPE.NOT_MATCHES}');
INSERT INTO item_condition (item_conditionid,itemid,operator,macro,value) values ('549','28713','8','{#FSNAME}','{$VFS.FS.FSNAME.MATCHES}');
INSERT INTO item_condition (item_conditionid,itemid,operator,macro,value) values ('550','28713','9','{#FSNAME}','{$VFS.FS.FSNAME.NOT_MATCHES}');
INSERT INTO item_condition (item_conditionid,itemid,operator,macro,value) values ('551','28714','8','{#MEMTYPE}','{$MEMORY.TYPE.MATCHES}');
INSERT INTO item_condition (item_conditionid,itemid,operator,macro,value) values ('552','28714','9','{#MEMTYPE}','{$MEMORY.TYPE.NOT_MATCHES}');
INSERT INTO item_condition (item_conditionid,itemid,operator,macro,value) values ('553','28714','8','{#MEMNAME}','{$MEMORY.NAME.MATCHES}');
INSERT INTO item_condition (item_conditionid,itemid,operator,macro,value) values ('554','28714','9','{#MEMNAME}','{$MEMORY.NAME.NOT_MATCHES}');
INSERT INTO item_condition (item_conditionid,itemid,operator,macro,value) values ('555','27088','9','{#IFOPERSTATUS}','{$NET.IF.IFOPERSTATUS.NOT_MATCHES}');
INSERT INTO item_condition (item_conditionid,itemid,operator,macro,value) values ('556','27088','8','{#IFNAME}','{$NET.IF.IFNAME.MATCHES}');
INSERT INTO item_condition (item_conditionid,itemid,operator,macro,value) values ('557','27088','9','{#IFNAME}','{$NET.IF.IFNAME.NOT_MATCHES}');
INSERT INTO item_condition (item_conditionid,itemid,operator,macro,value) values ('558','27088','8','{#IFDESCR}','{$NET.IF.IFDESCR.MATCHES}');
INSERT INTO item_condition (item_conditionid,itemid,operator,macro,value) values ('559','27088','9','{#IFDESCR}','{$NET.IF.IFDESCR.NOT_MATCHES}');
INSERT INTO item_condition (item_conditionid,itemid,operator,macro,value) values ('560','27088','8','{#IFALIAS}','{$NET.IF.IFALIAS.MATCHES}');
INSERT INTO item_condition (item_conditionid,itemid,operator,macro,value) values ('561','27088','9','{#IFALIAS}','{$NET.IF.IFALIAS.NOT_MATCHES}');
INSERT INTO item_condition (item_conditionid,itemid,operator,macro,value) values ('562','27088','8','{#IFTYPE}','{$NET.IF.IFTYPE.MATCHES}');
INSERT INTO item_condition (item_conditionid,itemid,operator,macro,value) values ('563','27088','9','{#IFTYPE}','{$NET.IF.IFTYPE.NOT_MATCHES}');
INSERT INTO item_condition (item_conditionid,itemid,operator,macro,value) values ('564','27098','9','{#IFOPERSTATUS}','{$NET.IF.IFOPERSTATUS.NOT_MATCHES}');
INSERT INTO item_condition (item_conditionid,itemid,operator,macro,value) values ('565','27098','8','{#IFNAME}','{$NET.IF.IFNAME.MATCHES}');
INSERT INTO item_condition (item_conditionid,itemid,operator,macro,value) values ('566','27098','9','{#IFNAME}','{$NET.IF.IFNAME.NOT_MATCHES}');
INSERT INTO item_condition (item_conditionid,itemid,operator,macro,value) values ('567','27098','8','{#IFDESCR}','{$NET.IF.IFDESCR.MATCHES}');
INSERT INTO item_condition (item_conditionid,itemid,operator,macro,value) values ('568','27098','9','{#IFDESCR}','{$NET.IF.IFDESCR.NOT_MATCHES}');
INSERT INTO item_condition (item_conditionid,itemid,operator,macro,value) values ('569','27098','8','{#IFALIAS}','{$NET.IF.IFALIAS.MATCHES}');
INSERT INTO item_condition (item_conditionid,itemid,operator,macro,value) values ('570','27098','9','{#IFALIAS}','{$NET.IF.IFALIAS.NOT_MATCHES}');
INSERT INTO item_condition (item_conditionid,itemid,operator,macro,value) values ('571','27098','8','{#IFTYPE}','{$NET.IF.IFTYPE.MATCHES}');
INSERT INTO item_condition (item_conditionid,itemid,operator,macro,value) values ('572','27098','9','{#IFTYPE}','{$NET.IF.IFTYPE.NOT_MATCHES}');
INSERT INTO item_condition (item_conditionid,itemid,operator,macro,value) values ('573','27180','9','{#IFOPERSTATUS}','{$NET.IF.IFOPERSTATUS.NOT_MATCHES}');
INSERT INTO item_condition (item_conditionid,itemid,operator,macro,value) values ('574','27180','8','{#IFNAME}','{$NET.IF.IFNAME.MATCHES}');
INSERT INTO item_condition (item_conditionid,itemid,operator,macro,value) values ('575','27180','9','{#IFNAME}','{$NET.IF.IFNAME.NOT_MATCHES}');
INSERT INTO item_condition (item_conditionid,itemid,operator,macro,value) values ('576','27180','8','{#IFDESCR}','{$NET.IF.IFDESCR.MATCHES}');
INSERT INTO item_condition (item_conditionid,itemid,operator,macro,value) values ('577','27180','9','{#IFDESCR}','{$NET.IF.IFDESCR.NOT_MATCHES}');
INSERT INTO item_condition (item_conditionid,itemid,operator,macro,value) values ('578','27180','8','{#IFALIAS}','{$NET.IF.IFALIAS.MATCHES}');
INSERT INTO item_condition (item_conditionid,itemid,operator,macro,value) values ('579','27180','9','{#IFALIAS}','{$NET.IF.IFALIAS.NOT_MATCHES}');
INSERT INTO item_condition (item_conditionid,itemid,operator,macro,value) values ('580','27180','8','{#IFTYPE}','{$NET.IF.IFTYPE.MATCHES}');
INSERT INTO item_condition (item_conditionid,itemid,operator,macro,value) values ('581','27180','9','{#IFTYPE}','{$NET.IF.IFTYPE.NOT_MATCHES}');
INSERT INTO item_condition (item_conditionid,itemid,operator,macro,value) values ('582','27215','9','{#IFOPERSTATUS}','{$NET.IF.IFOPERSTATUS.NOT_MATCHES}');
INSERT INTO item_condition (item_conditionid,itemid,operator,macro,value) values ('583','27215','8','{#IFNAME}','{$NET.IF.IFNAME.MATCHES}');
INSERT INTO item_condition (item_conditionid,itemid,operator,macro,value) values ('584','27215','9','{#IFNAME}','{$NET.IF.IFNAME.NOT_MATCHES}');
INSERT INTO item_condition (item_conditionid,itemid,operator,macro,value) values ('585','27215','8','{#IFDESCR}','{$NET.IF.IFDESCR.MATCHES}');
INSERT INTO item_condition (item_conditionid,itemid,operator,macro,value) values ('586','27215','9','{#IFDESCR}','{$NET.IF.IFDESCR.NOT_MATCHES}');
INSERT INTO item_condition (item_conditionid,itemid,operator,macro,value) values ('587','27215','8','{#IFALIAS}','{$NET.IF.IFALIAS.MATCHES}');
INSERT INTO item_condition (item_conditionid,itemid,operator,macro,value) values ('588','27215','9','{#IFALIAS}','{$NET.IF.IFALIAS.NOT_MATCHES}');
INSERT INTO item_condition (item_conditionid,itemid,operator,macro,value) values ('589','27215','8','{#IFTYPE}','{$NET.IF.IFTYPE.MATCHES}');
INSERT INTO item_condition (item_conditionid,itemid,operator,macro,value) values ('590','27215','9','{#IFTYPE}','{$NET.IF.IFTYPE.NOT_MATCHES}');
INSERT INTO item_condition (item_conditionid,itemid,operator,macro,value) values ('591','27251','9','{#IFOPERSTATUS}','{$NET.IF.IFOPERSTATUS.NOT_MATCHES}');
INSERT INTO item_condition (item_conditionid,itemid,operator,macro,value) values ('592','27251','8','{#IFNAME}','{$NET.IF.IFNAME.MATCHES}');
INSERT INTO item_condition (item_conditionid,itemid,operator,macro,value) values ('593','27251','9','{#IFNAME}','{$NET.IF.IFNAME.NOT_MATCHES}');
INSERT INTO item_condition (item_conditionid,itemid,operator,macro,value) values ('594','27251','8','{#IFDESCR}','{$NET.IF.IFDESCR.MATCHES}');
INSERT INTO item_condition (item_conditionid,itemid,operator,macro,value) values ('595','27251','9','{#IFDESCR}','{$NET.IF.IFDESCR.NOT_MATCHES}');
INSERT INTO item_condition (item_conditionid,itemid,operator,macro,value) values ('596','27251','8','{#IFALIAS}','{$NET.IF.IFALIAS.MATCHES}');
INSERT INTO item_condition (item_conditionid,itemid,operator,macro,value) values ('597','27251','9','{#IFALIAS}','{$NET.IF.IFALIAS.NOT_MATCHES}');
INSERT INTO item_condition (item_conditionid,itemid,operator,macro,value) values ('598','27251','8','{#IFTYPE}','{$NET.IF.IFTYPE.MATCHES}');
INSERT INTO item_condition (item_conditionid,itemid,operator,macro,value) values ('599','27251','9','{#IFTYPE}','{$NET.IF.IFTYPE.NOT_MATCHES}');
INSERT INTO item_condition (item_conditionid,itemid,operator,macro,value) values ('600','27272','9','{#IFOPERSTATUS}','{$NET.IF.IFOPERSTATUS.NOT_MATCHES}');
INSERT INTO item_condition (item_conditionid,itemid,operator,macro,value) values ('601','27272','8','{#IFNAME}','{$NET.IF.IFNAME.MATCHES}');
INSERT INTO item_condition (item_conditionid,itemid,operator,macro,value) values ('602','27272','9','{#IFNAME}','{$NET.IF.IFNAME.NOT_MATCHES}');
INSERT INTO item_condition (item_conditionid,itemid,operator,macro,value) values ('603','27272','8','{#IFDESCR}','{$NET.IF.IFDESCR.MATCHES}');
INSERT INTO item_condition (item_conditionid,itemid,operator,macro,value) values ('604','27272','9','{#IFDESCR}','{$NET.IF.IFDESCR.NOT_MATCHES}');
INSERT INTO item_condition (item_conditionid,itemid,operator,macro,value) values ('605','27272','8','{#IFALIAS}','{$NET.IF.IFALIAS.MATCHES}');
INSERT INTO item_condition (item_conditionid,itemid,operator,macro,value) values ('606','27272','9','{#IFALIAS}','{$NET.IF.IFALIAS.NOT_MATCHES}');
INSERT INTO item_condition (item_conditionid,itemid,operator,macro,value) values ('607','27272','8','{#IFTYPE}','{$NET.IF.IFTYPE.MATCHES}');
INSERT INTO item_condition (item_conditionid,itemid,operator,macro,value) values ('608','27272','9','{#IFTYPE}','{$NET.IF.IFTYPE.NOT_MATCHES}');
INSERT INTO item_condition (item_conditionid,itemid,operator,macro,value) values ('609','27321','9','{#IFOPERSTATUS}','{$NET.IF.IFOPERSTATUS.NOT_MATCHES}');
INSERT INTO item_condition (item_conditionid,itemid,operator,macro,value) values ('610','27321','8','{#IFNAME}','{$NET.IF.IFNAME.MATCHES}');
INSERT INTO item_condition (item_conditionid,itemid,operator,macro,value) values ('611','27321','9','{#IFNAME}','{$NET.IF.IFNAME.NOT_MATCHES}');
INSERT INTO item_condition (item_conditionid,itemid,operator,macro,value) values ('612','27321','8','{#IFDESCR}','{$NET.IF.IFDESCR.MATCHES}');
INSERT INTO item_condition (item_conditionid,itemid,operator,macro,value) values ('613','27321','9','{#IFDESCR}','{$NET.IF.IFDESCR.NOT_MATCHES}');
INSERT INTO item_condition (item_conditionid,itemid,operator,macro,value) values ('614','27321','8','{#IFALIAS}','{$NET.IF.IFALIAS.MATCHES}');
INSERT INTO item_condition (item_conditionid,itemid,operator,macro,value) values ('615','27321','9','{#IFALIAS}','{$NET.IF.IFALIAS.NOT_MATCHES}');
INSERT INTO item_condition (item_conditionid,itemid,operator,macro,value) values ('616','27321','8','{#IFTYPE}','{$NET.IF.IFTYPE.MATCHES}');
INSERT INTO item_condition (item_conditionid,itemid,operator,macro,value) values ('617','27321','9','{#IFTYPE}','{$NET.IF.IFTYPE.NOT_MATCHES}');
INSERT INTO item_condition (item_conditionid,itemid,operator,macro,value) values ('618','27450','9','{#IFOPERSTATUS}','{$NET.IF.IFOPERSTATUS.NOT_MATCHES}');
INSERT INTO item_condition (item_conditionid,itemid,operator,macro,value) values ('619','27450','8','{#IFNAME}','{$NET.IF.IFNAME.MATCHES}');
INSERT INTO item_condition (item_conditionid,itemid,operator,macro,value) values ('620','27450','9','{#IFNAME}','{$NET.IF.IFNAME.NOT_MATCHES}');
INSERT INTO item_condition (item_conditionid,itemid,operator,macro,value) values ('621','27450','8','{#IFDESCR}','{$NET.IF.IFDESCR.MATCHES}');
INSERT INTO item_condition (item_conditionid,itemid,operator,macro,value) values ('622','27450','9','{#IFDESCR}','{$NET.IF.IFDESCR.NOT_MATCHES}');
INSERT INTO item_condition (item_conditionid,itemid,operator,macro,value) values ('623','27450','8','{#IFALIAS}','{$NET.IF.IFALIAS.MATCHES}');
INSERT INTO item_condition (item_conditionid,itemid,operator,macro,value) values ('624','27450','9','{#IFALIAS}','{$NET.IF.IFALIAS.NOT_MATCHES}');
INSERT INTO item_condition (item_conditionid,itemid,operator,macro,value) values ('625','27450','8','{#IFTYPE}','{$NET.IF.IFTYPE.MATCHES}');
INSERT INTO item_condition (item_conditionid,itemid,operator,macro,value) values ('626','27450','9','{#IFTYPE}','{$NET.IF.IFTYPE.NOT_MATCHES}');
INSERT INTO item_condition (item_conditionid,itemid,operator,macro,value) values ('627','27486','9','{#IFOPERSTATUS}','{$NET.IF.IFOPERSTATUS.NOT_MATCHES}');
INSERT INTO item_condition (item_conditionid,itemid,operator,macro,value) values ('628','27486','8','{#IFNAME}','{$NET.IF.IFNAME.MATCHES}');
INSERT INTO item_condition (item_conditionid,itemid,operator,macro,value) values ('629','27486','9','{#IFNAME}','{$NET.IF.IFNAME.NOT_MATCHES}');
INSERT INTO item_condition (item_conditionid,itemid,operator,macro,value) values ('630','27486','8','{#IFDESCR}','{$NET.IF.IFDESCR.MATCHES}');
INSERT INTO item_condition (item_conditionid,itemid,operator,macro,value) values ('631','27486','9','{#IFDESCR}','{$NET.IF.IFDESCR.NOT_MATCHES}');
INSERT INTO item_condition (item_conditionid,itemid,operator,macro,value) values ('632','27486','8','{#IFALIAS}','{$NET.IF.IFALIAS.MATCHES}');
INSERT INTO item_condition (item_conditionid,itemid,operator,macro,value) values ('633','27486','9','{#IFALIAS}','{$NET.IF.IFALIAS.NOT_MATCHES}');
INSERT INTO item_condition (item_conditionid,itemid,operator,macro,value) values ('634','27486','8','{#IFTYPE}','{$NET.IF.IFTYPE.MATCHES}');
INSERT INTO item_condition (item_conditionid,itemid,operator,macro,value) values ('635','27486','9','{#IFTYPE}','{$NET.IF.IFTYPE.NOT_MATCHES}');
INSERT INTO item_condition (item_conditionid,itemid,operator,macro,value) values ('636','27520','9','{#IFOPERSTATUS}','{$NET.IF.IFOPERSTATUS.NOT_MATCHES}');
INSERT INTO item_condition (item_conditionid,itemid,operator,macro,value) values ('637','27520','8','{#IFNAME}','{$NET.IF.IFNAME.MATCHES}');
INSERT INTO item_condition (item_conditionid,itemid,operator,macro,value) values ('638','27520','9','{#IFNAME}','{$NET.IF.IFNAME.NOT_MATCHES}');
INSERT INTO item_condition (item_conditionid,itemid,operator,macro,value) values ('639','27520','8','{#IFDESCR}','{$NET.IF.IFDESCR.MATCHES}');
INSERT INTO item_condition (item_conditionid,itemid,operator,macro,value) values ('640','27520','9','{#IFDESCR}','{$NET.IF.IFDESCR.NOT_MATCHES}');
INSERT INTO item_condition (item_conditionid,itemid,operator,macro,value) values ('641','27520','8','{#IFALIAS}','{$NET.IF.IFALIAS.MATCHES}');
INSERT INTO item_condition (item_conditionid,itemid,operator,macro,value) values ('642','27520','9','{#IFALIAS}','{$NET.IF.IFALIAS.NOT_MATCHES}');
INSERT INTO item_condition (item_conditionid,itemid,operator,macro,value) values ('643','27520','8','{#IFTYPE}','{$NET.IF.IFTYPE.MATCHES}');
INSERT INTO item_condition (item_conditionid,itemid,operator,macro,value) values ('644','27520','9','{#IFTYPE}','{$NET.IF.IFTYPE.NOT_MATCHES}');
INSERT INTO item_condition (item_conditionid,itemid,operator,macro,value) values ('645','27556','9','{#IFOPERSTATUS}','{$NET.IF.IFOPERSTATUS.NOT_MATCHES}');
INSERT INTO item_condition (item_conditionid,itemid,operator,macro,value) values ('646','27556','8','{#IFNAME}','{$NET.IF.IFNAME.MATCHES}');
INSERT INTO item_condition (item_conditionid,itemid,operator,macro,value) values ('647','27556','9','{#IFNAME}','{$NET.IF.IFNAME.NOT_MATCHES}');
INSERT INTO item_condition (item_conditionid,itemid,operator,macro,value) values ('648','27556','8','{#IFDESCR}','{$NET.IF.IFDESCR.MATCHES}');
INSERT INTO item_condition (item_conditionid,itemid,operator,macro,value) values ('649','27556','9','{#IFDESCR}','{$NET.IF.IFDESCR.NOT_MATCHES}');
INSERT INTO item_condition (item_conditionid,itemid,operator,macro,value) values ('650','27556','8','{#IFALIAS}','{$NET.IF.IFALIAS.MATCHES}');
INSERT INTO item_condition (item_conditionid,itemid,operator,macro,value) values ('651','27556','9','{#IFALIAS}','{$NET.IF.IFALIAS.NOT_MATCHES}');
INSERT INTO item_condition (item_conditionid,itemid,operator,macro,value) values ('652','27556','8','{#IFTYPE}','{$NET.IF.IFTYPE.MATCHES}');
INSERT INTO item_condition (item_conditionid,itemid,operator,macro,value) values ('653','27556','9','{#IFTYPE}','{$NET.IF.IFTYPE.NOT_MATCHES}');
INSERT INTO item_condition (item_conditionid,itemid,operator,macro,value) values ('654','27642','9','{#IFOPERSTATUS}','{$NET.IF.IFOPERSTATUS.NOT_MATCHES}');
INSERT INTO item_condition (item_conditionid,itemid,operator,macro,value) values ('655','27642','8','{#IFNAME}','{$NET.IF.IFNAME.MATCHES}');
INSERT INTO item_condition (item_conditionid,itemid,operator,macro,value) values ('656','27642','9','{#IFNAME}','{$NET.IF.IFNAME.NOT_MATCHES}');
INSERT INTO item_condition (item_conditionid,itemid,operator,macro,value) values ('657','27642','8','{#IFDESCR}','{$NET.IF.IFDESCR.MATCHES}');
INSERT INTO item_condition (item_conditionid,itemid,operator,macro,value) values ('658','27642','9','{#IFDESCR}','{$NET.IF.IFDESCR.NOT_MATCHES}');
INSERT INTO item_condition (item_conditionid,itemid,operator,macro,value) values ('659','27642','8','{#IFALIAS}','{$NET.IF.IFALIAS.MATCHES}');
INSERT INTO item_condition (item_conditionid,itemid,operator,macro,value) values ('660','27642','9','{#IFALIAS}','{$NET.IF.IFALIAS.NOT_MATCHES}');
INSERT INTO item_condition (item_conditionid,itemid,operator,macro,value) values ('661','27642','8','{#IFTYPE}','{$NET.IF.IFTYPE.MATCHES}');
INSERT INTO item_condition (item_conditionid,itemid,operator,macro,value) values ('662','27642','9','{#IFTYPE}','{$NET.IF.IFTYPE.NOT_MATCHES}');
INSERT INTO item_condition (item_conditionid,itemid,operator,macro,value) values ('663','27722','9','{#IFOPERSTATUS}','{$NET.IF.IFOPERSTATUS.NOT_MATCHES}');
INSERT INTO item_condition (item_conditionid,itemid,operator,macro,value) values ('664','27722','8','{#IFNAME}','{$NET.IF.IFNAME.MATCHES}');
INSERT INTO item_condition (item_conditionid,itemid,operator,macro,value) values ('665','27722','9','{#IFNAME}','{$NET.IF.IFNAME.NOT_MATCHES}');
INSERT INTO item_condition (item_conditionid,itemid,operator,macro,value) values ('666','27722','8','{#IFDESCR}','{$NET.IF.IFDESCR.MATCHES}');
INSERT INTO item_condition (item_conditionid,itemid,operator,macro,value) values ('667','27722','9','{#IFDESCR}','{$NET.IF.IFDESCR.NOT_MATCHES}');
INSERT INTO item_condition (item_conditionid,itemid,operator,macro,value) values ('668','27722','8','{#IFALIAS}','{$NET.IF.IFALIAS.MATCHES}');
INSERT INTO item_condition (item_conditionid,itemid,operator,macro,value) values ('669','27722','9','{#IFALIAS}','{$NET.IF.IFALIAS.NOT_MATCHES}');
INSERT INTO item_condition (item_conditionid,itemid,operator,macro,value) values ('670','27722','8','{#IFTYPE}','{$NET.IF.IFTYPE.MATCHES}');
INSERT INTO item_condition (item_conditionid,itemid,operator,macro,value) values ('671','27722','9','{#IFTYPE}','{$NET.IF.IFTYPE.NOT_MATCHES}');
INSERT INTO item_condition (item_conditionid,itemid,operator,macro,value) values ('672','27756','9','{#IFOPERSTATUS}','{$NET.IF.IFOPERSTATUS.NOT_MATCHES}');
INSERT INTO item_condition (item_conditionid,itemid,operator,macro,value) values ('673','27756','8','{#IFNAME}','{$NET.IF.IFNAME.MATCHES}');
INSERT INTO item_condition (item_conditionid,itemid,operator,macro,value) values ('674','27756','9','{#IFNAME}','{$NET.IF.IFNAME.NOT_MATCHES}');
INSERT INTO item_condition (item_conditionid,itemid,operator,macro,value) values ('675','27756','8','{#IFDESCR}','{$NET.IF.IFDESCR.MATCHES}');
INSERT INTO item_condition (item_conditionid,itemid,operator,macro,value) values ('676','27756','9','{#IFDESCR}','{$NET.IF.IFDESCR.NOT_MATCHES}');
INSERT INTO item_condition (item_conditionid,itemid,operator,macro,value) values ('677','27756','8','{#IFALIAS}','{$NET.IF.IFALIAS.MATCHES}');
INSERT INTO item_condition (item_conditionid,itemid,operator,macro,value) values ('678','27756','9','{#IFALIAS}','{$NET.IF.IFALIAS.NOT_MATCHES}');
INSERT INTO item_condition (item_conditionid,itemid,operator,macro,value) values ('679','27756','8','{#IFTYPE}','{$NET.IF.IFTYPE.MATCHES}');
INSERT INTO item_condition (item_conditionid,itemid,operator,macro,value) values ('680','27756','9','{#IFTYPE}','{$NET.IF.IFTYPE.NOT_MATCHES}');
INSERT INTO item_condition (item_conditionid,itemid,operator,macro,value) values ('681','27788','9','{#IFOPERSTATUS}','{$NET.IF.IFOPERSTATUS.NOT_MATCHES}');
INSERT INTO item_condition (item_conditionid,itemid,operator,macro,value) values ('682','27788','8','{#IFNAME}','{$NET.IF.IFNAME.MATCHES}');
INSERT INTO item_condition (item_conditionid,itemid,operator,macro,value) values ('683','27788','9','{#IFNAME}','{$NET.IF.IFNAME.NOT_MATCHES}');
INSERT INTO item_condition (item_conditionid,itemid,operator,macro,value) values ('684','27788','8','{#IFDESCR}','{$NET.IF.IFDESCR.MATCHES}');
INSERT INTO item_condition (item_conditionid,itemid,operator,macro,value) values ('685','27788','9','{#IFDESCR}','{$NET.IF.IFDESCR.NOT_MATCHES}');
INSERT INTO item_condition (item_conditionid,itemid,operator,macro,value) values ('686','27788','8','{#IFALIAS}','{$NET.IF.IFALIAS.MATCHES}');
INSERT INTO item_condition (item_conditionid,itemid,operator,macro,value) values ('687','27788','9','{#IFALIAS}','{$NET.IF.IFALIAS.NOT_MATCHES}');
INSERT INTO item_condition (item_conditionid,itemid,operator,macro,value) values ('688','27788','8','{#IFTYPE}','{$NET.IF.IFTYPE.MATCHES}');
INSERT INTO item_condition (item_conditionid,itemid,operator,macro,value) values ('689','27788','9','{#IFTYPE}','{$NET.IF.IFTYPE.NOT_MATCHES}');
INSERT INTO item_condition (item_conditionid,itemid,operator,macro,value) values ('690','27872','9','{#IFOPERSTATUS}','{$NET.IF.IFOPERSTATUS.NOT_MATCHES}');
INSERT INTO item_condition (item_conditionid,itemid,operator,macro,value) values ('691','27872','8','{#IFNAME}','{$NET.IF.IFNAME.MATCHES}');
INSERT INTO item_condition (item_conditionid,itemid,operator,macro,value) values ('692','27872','9','{#IFNAME}','{$NET.IF.IFNAME.NOT_MATCHES}');
INSERT INTO item_condition (item_conditionid,itemid,operator,macro,value) values ('693','27872','8','{#IFDESCR}','{$NET.IF.IFDESCR.MATCHES}');
INSERT INTO item_condition (item_conditionid,itemid,operator,macro,value) values ('694','27872','9','{#IFDESCR}','{$NET.IF.IFDESCR.NOT_MATCHES}');
INSERT INTO item_condition (item_conditionid,itemid,operator,macro,value) values ('695','27872','8','{#IFALIAS}','{$NET.IF.IFALIAS.MATCHES}');
INSERT INTO item_condition (item_conditionid,itemid,operator,macro,value) values ('696','27872','9','{#IFALIAS}','{$NET.IF.IFALIAS.NOT_MATCHES}');
INSERT INTO item_condition (item_conditionid,itemid,operator,macro,value) values ('697','27872','8','{#IFTYPE}','{$NET.IF.IFTYPE.MATCHES}');
INSERT INTO item_condition (item_conditionid,itemid,operator,macro,value) values ('698','27872','9','{#IFTYPE}','{$NET.IF.IFTYPE.NOT_MATCHES}');
INSERT INTO item_condition (item_conditionid,itemid,operator,macro,value) values ('699','27909','9','{#IFOPERSTATUS}','{$NET.IF.IFOPERSTATUS.NOT_MATCHES}');
INSERT INTO item_condition (item_conditionid,itemid,operator,macro,value) values ('700','27909','8','{#IFNAME}','{$NET.IF.IFNAME.MATCHES}');
INSERT INTO item_condition (item_conditionid,itemid,operator,macro,value) values ('701','27909','9','{#IFNAME}','{$NET.IF.IFNAME.NOT_MATCHES}');
INSERT INTO item_condition (item_conditionid,itemid,operator,macro,value) values ('702','27909','8','{#IFDESCR}','{$NET.IF.IFDESCR.MATCHES}');
INSERT INTO item_condition (item_conditionid,itemid,operator,macro,value) values ('703','27909','9','{#IFDESCR}','{$NET.IF.IFDESCR.NOT_MATCHES}');
INSERT INTO item_condition (item_conditionid,itemid,operator,macro,value) values ('704','27909','8','{#IFALIAS}','{$NET.IF.IFALIAS.MATCHES}');
INSERT INTO item_condition (item_conditionid,itemid,operator,macro,value) values ('705','27909','9','{#IFALIAS}','{$NET.IF.IFALIAS.NOT_MATCHES}');
INSERT INTO item_condition (item_conditionid,itemid,operator,macro,value) values ('706','27909','8','{#IFTYPE}','{$NET.IF.IFTYPE.MATCHES}');
INSERT INTO item_condition (item_conditionid,itemid,operator,macro,value) values ('707','27909','9','{#IFTYPE}','{$NET.IF.IFTYPE.NOT_MATCHES}');
INSERT INTO item_condition (item_conditionid,itemid,operator,macro,value) values ('708','27944','9','{#IFOPERSTATUS}','{$NET.IF.IFOPERSTATUS.NOT_MATCHES}');
INSERT INTO item_condition (item_conditionid,itemid,operator,macro,value) values ('709','27944','8','{#IFNAME}','{$NET.IF.IFNAME.MATCHES}');
INSERT INTO item_condition (item_conditionid,itemid,operator,macro,value) values ('710','27944','9','{#IFNAME}','{$NET.IF.IFNAME.NOT_MATCHES}');
INSERT INTO item_condition (item_conditionid,itemid,operator,macro,value) values ('711','27944','8','{#IFDESCR}','{$NET.IF.IFDESCR.MATCHES}');
INSERT INTO item_condition (item_conditionid,itemid,operator,macro,value) values ('712','27944','9','{#IFDESCR}','{$NET.IF.IFDESCR.NOT_MATCHES}');
INSERT INTO item_condition (item_conditionid,itemid,operator,macro,value) values ('713','27944','8','{#IFALIAS}','{$NET.IF.IFALIAS.MATCHES}');
INSERT INTO item_condition (item_conditionid,itemid,operator,macro,value) values ('714','27944','9','{#IFALIAS}','{$NET.IF.IFALIAS.NOT_MATCHES}');
INSERT INTO item_condition (item_conditionid,itemid,operator,macro,value) values ('715','27944','8','{#IFTYPE}','{$NET.IF.IFTYPE.MATCHES}');
INSERT INTO item_condition (item_conditionid,itemid,operator,macro,value) values ('716','27944','9','{#IFTYPE}','{$NET.IF.IFTYPE.NOT_MATCHES}');
INSERT INTO item_condition (item_conditionid,itemid,operator,macro,value) values ('717','28058','9','{#IFOPERSTATUS}','{$NET.IF.IFOPERSTATUS.NOT_MATCHES}');
INSERT INTO item_condition (item_conditionid,itemid,operator,macro,value) values ('718','28058','8','{#IFNAME}','{$NET.IF.IFNAME.MATCHES}');
INSERT INTO item_condition (item_conditionid,itemid,operator,macro,value) values ('719','28058','9','{#IFNAME}','{$NET.IF.IFNAME.NOT_MATCHES}');
INSERT INTO item_condition (item_conditionid,itemid,operator,macro,value) values ('720','28058','8','{#IFDESCR}','{$NET.IF.IFDESCR.MATCHES}');
INSERT INTO item_condition (item_conditionid,itemid,operator,macro,value) values ('721','28058','9','{#IFDESCR}','{$NET.IF.IFDESCR.NOT_MATCHES}');
INSERT INTO item_condition (item_conditionid,itemid,operator,macro,value) values ('722','28058','8','{#IFALIAS}','{$NET.IF.IFALIAS.MATCHES}');
INSERT INTO item_condition (item_conditionid,itemid,operator,macro,value) values ('723','28058','9','{#IFALIAS}','{$NET.IF.IFALIAS.NOT_MATCHES}');
INSERT INTO item_condition (item_conditionid,itemid,operator,macro,value) values ('724','28058','8','{#IFTYPE}','{$NET.IF.IFTYPE.MATCHES}');
INSERT INTO item_condition (item_conditionid,itemid,operator,macro,value) values ('725','28058','9','{#IFTYPE}','{$NET.IF.IFTYPE.NOT_MATCHES}');
INSERT INTO item_condition (item_conditionid,itemid,operator,macro,value) values ('726','28118','9','{#IFOPERSTATUS}','{$NET.IF.IFOPERSTATUS.NOT_MATCHES}');
INSERT INTO item_condition (item_conditionid,itemid,operator,macro,value) values ('727','28118','8','{#IFNAME}','{$NET.IF.IFNAME.MATCHES}');
INSERT INTO item_condition (item_conditionid,itemid,operator,macro,value) values ('728','28118','9','{#IFNAME}','{$NET.IF.IFNAME.NOT_MATCHES}');
INSERT INTO item_condition (item_conditionid,itemid,operator,macro,value) values ('729','28118','8','{#IFDESCR}','{$NET.IF.IFDESCR.MATCHES}');
INSERT INTO item_condition (item_conditionid,itemid,operator,macro,value) values ('730','28118','9','{#IFDESCR}','{$NET.IF.IFDESCR.NOT_MATCHES}');
INSERT INTO item_condition (item_conditionid,itemid,operator,macro,value) values ('731','28118','8','{#IFALIAS}','{$NET.IF.IFALIAS.MATCHES}');
INSERT INTO item_condition (item_conditionid,itemid,operator,macro,value) values ('732','28118','9','{#IFALIAS}','{$NET.IF.IFALIAS.NOT_MATCHES}');
INSERT INTO item_condition (item_conditionid,itemid,operator,macro,value) values ('733','28118','8','{#IFTYPE}','{$NET.IF.IFTYPE.MATCHES}');
INSERT INTO item_condition (item_conditionid,itemid,operator,macro,value) values ('734','28118','9','{#IFTYPE}','{$NET.IF.IFTYPE.NOT_MATCHES}');
INSERT INTO item_condition (item_conditionid,itemid,operator,macro,value) values ('735','28175','9','{#IFOPERSTATUS}','{$NET.IF.IFOPERSTATUS.NOT_MATCHES}');
INSERT INTO item_condition (item_conditionid,itemid,operator,macro,value) values ('736','28175','8','{#IFNAME}','{$NET.IF.IFNAME.MATCHES}');
INSERT INTO item_condition (item_conditionid,itemid,operator,macro,value) values ('737','28175','9','{#IFNAME}','{$NET.IF.IFNAME.NOT_MATCHES}');
INSERT INTO item_condition (item_conditionid,itemid,operator,macro,value) values ('738','28175','8','{#IFDESCR}','{$NET.IF.IFDESCR.MATCHES}');
INSERT INTO item_condition (item_conditionid,itemid,operator,macro,value) values ('739','28175','9','{#IFDESCR}','{$NET.IF.IFDESCR.NOT_MATCHES}');
INSERT INTO item_condition (item_conditionid,itemid,operator,macro,value) values ('740','28175','8','{#IFALIAS}','{$NET.IF.IFALIAS.MATCHES}');
INSERT INTO item_condition (item_conditionid,itemid,operator,macro,value) values ('741','28175','9','{#IFALIAS}','{$NET.IF.IFALIAS.NOT_MATCHES}');
INSERT INTO item_condition (item_conditionid,itemid,operator,macro,value) values ('742','28175','8','{#IFTYPE}','{$NET.IF.IFTYPE.MATCHES}');
INSERT INTO item_condition (item_conditionid,itemid,operator,macro,value) values ('743','28175','9','{#IFTYPE}','{$NET.IF.IFTYPE.NOT_MATCHES}');
INSERT INTO item_condition (item_conditionid,itemid,operator,macro,value) values ('744','28223','9','{#IFOPERSTATUS}','{$NET.IF.IFOPERSTATUS.NOT_MATCHES}');
INSERT INTO item_condition (item_conditionid,itemid,operator,macro,value) values ('745','28223','8','{#IFNAME}','{$NET.IF.IFNAME.MATCHES}');
INSERT INTO item_condition (item_conditionid,itemid,operator,macro,value) values ('746','28223','9','{#IFNAME}','{$NET.IF.IFNAME.NOT_MATCHES}');
INSERT INTO item_condition (item_conditionid,itemid,operator,macro,value) values ('747','28223','8','{#IFDESCR}','{$NET.IF.IFDESCR.MATCHES}');
INSERT INTO item_condition (item_conditionid,itemid,operator,macro,value) values ('748','28223','9','{#IFDESCR}','{$NET.IF.IFDESCR.NOT_MATCHES}');
INSERT INTO item_condition (item_conditionid,itemid,operator,macro,value) values ('749','28223','8','{#IFALIAS}','{$NET.IF.IFALIAS.MATCHES}');
INSERT INTO item_condition (item_conditionid,itemid,operator,macro,value) values ('750','28223','9','{#IFALIAS}','{$NET.IF.IFALIAS.NOT_MATCHES}');
INSERT INTO item_condition (item_conditionid,itemid,operator,macro,value) values ('751','28223','8','{#IFTYPE}','{$NET.IF.IFTYPE.MATCHES}');
INSERT INTO item_condition (item_conditionid,itemid,operator,macro,value) values ('752','28223','9','{#IFTYPE}','{$NET.IF.IFTYPE.NOT_MATCHES}');
INSERT INTO item_condition (item_conditionid,itemid,operator,macro,value) values ('753','28293','9','{#IFOPERSTATUS}','{$NET.IF.IFOPERSTATUS.NOT_MATCHES}');
INSERT INTO item_condition (item_conditionid,itemid,operator,macro,value) values ('754','28293','8','{#IFNAME}','{$NET.IF.IFNAME.MATCHES}');
INSERT INTO item_condition (item_conditionid,itemid,operator,macro,value) values ('755','28293','9','{#IFNAME}','{$NET.IF.IFNAME.NOT_MATCHES}');
INSERT INTO item_condition (item_conditionid,itemid,operator,macro,value) values ('756','28293','8','{#IFDESCR}','{$NET.IF.IFDESCR.MATCHES}');
INSERT INTO item_condition (item_conditionid,itemid,operator,macro,value) values ('757','28293','9','{#IFDESCR}','{$NET.IF.IFDESCR.NOT_MATCHES}');
INSERT INTO item_condition (item_conditionid,itemid,operator,macro,value) values ('758','28293','8','{#IFALIAS}','{$NET.IF.IFALIAS.MATCHES}');
INSERT INTO item_condition (item_conditionid,itemid,operator,macro,value) values ('759','28293','9','{#IFALIAS}','{$NET.IF.IFALIAS.NOT_MATCHES}');
INSERT INTO item_condition (item_conditionid,itemid,operator,macro,value) values ('760','28293','8','{#IFTYPE}','{$NET.IF.IFTYPE.MATCHES}');
INSERT INTO item_condition (item_conditionid,itemid,operator,macro,value) values ('761','28293','9','{#IFTYPE}','{$NET.IF.IFTYPE.NOT_MATCHES}');
INSERT INTO item_condition (item_conditionid,itemid,operator,macro,value) values ('762','27068','9','{#IFOPERSTATUS}','{$NET.IF.IFOPERSTATUS.NOT_MATCHES}');
INSERT INTO item_condition (item_conditionid,itemid,operator,macro,value) values ('763','27068','8','{#IFNAME}','{$NET.IF.IFNAME.MATCHES}');
INSERT INTO item_condition (item_conditionid,itemid,operator,macro,value) values ('764','27068','9','{#IFNAME}','{$NET.IF.IFNAME.NOT_MATCHES}');
INSERT INTO item_condition (item_conditionid,itemid,operator,macro,value) values ('765','27068','8','{#IFDESCR}','{$NET.IF.IFDESCR.MATCHES}');
INSERT INTO item_condition (item_conditionid,itemid,operator,macro,value) values ('766','27068','9','{#IFDESCR}','{$NET.IF.IFDESCR.NOT_MATCHES}');
INSERT INTO item_condition (item_conditionid,itemid,operator,macro,value) values ('767','27068','8','{#IFTYPE}','{$NET.IF.IFTYPE.MATCHES}');
INSERT INTO item_condition (item_conditionid,itemid,operator,macro,value) values ('768','27068','9','{#IFTYPE}','{$NET.IF.IFTYPE.NOT_MATCHES}');
INSERT INTO item_condition (item_conditionid,itemid,operator,macro,value) values ('769','27596','9','{#IFOPERSTATUS}','{$NET.IF.IFOPERSTATUS.NOT_MATCHES}');
INSERT INTO item_condition (item_conditionid,itemid,operator,macro,value) values ('770','27596','8','{#IFNAME}','{$NET.IF.IFNAME.MATCHES}');
INSERT INTO item_condition (item_conditionid,itemid,operator,macro,value) values ('771','27596','9','{#IFNAME}','{$NET.IF.IFNAME.NOT_MATCHES}');
INSERT INTO item_condition (item_conditionid,itemid,operator,macro,value) values ('772','27596','8','{#IFDESCR}','{$NET.IF.IFDESCR.MATCHES}');
INSERT INTO item_condition (item_conditionid,itemid,operator,macro,value) values ('773','27596','9','{#IFDESCR}','{$NET.IF.IFDESCR.NOT_MATCHES}');
INSERT INTO item_condition (item_conditionid,itemid,operator,macro,value) values ('774','27596','8','{#IFTYPE}','{$NET.IF.IFTYPE.MATCHES}');
INSERT INTO item_condition (item_conditionid,itemid,operator,macro,value) values ('775','27596','9','{#IFTYPE}','{$NET.IF.IFTYPE.NOT_MATCHES}');
INSERT INTO item_condition (item_conditionid,itemid,operator,macro,value) values ('776','28005','9','{#IFOPERSTATUS}','{$NET.IF.IFOPERSTATUS.NOT_MATCHES}');
INSERT INTO item_condition (item_conditionid,itemid,operator,macro,value) values ('777','28005','8','{#IFNAME}','{$NET.IF.IFNAME.MATCHES}');
INSERT INTO item_condition (item_conditionid,itemid,operator,macro,value) values ('778','28005','9','{#IFNAME}','{$NET.IF.IFNAME.NOT_MATCHES}');
INSERT INTO item_condition (item_conditionid,itemid,operator,macro,value) values ('779','28005','8','{#IFDESCR}','{$NET.IF.IFDESCR.MATCHES}');
INSERT INTO item_condition (item_conditionid,itemid,operator,macro,value) values ('780','28005','9','{#IFDESCR}','{$NET.IF.IFDESCR.NOT_MATCHES}');
INSERT INTO item_condition (item_conditionid,itemid,operator,macro,value) values ('781','28005','8','{#IFTYPE}','{$NET.IF.IFTYPE.MATCHES}');
INSERT INTO item_condition (item_conditionid,itemid,operator,macro,value) values ('782','28005','9','{#IFTYPE}','{$NET.IF.IFTYPE.NOT_MATCHES}');
INSERT INTO item_condition (item_conditionid,itemid,operator,macro,value) values ('783','27078','9','{#IFOPERSTATUS}','{$NET.IF.IFOPERSTATUS.NOT_MATCHES}');
INSERT INTO item_condition (item_conditionid,itemid,operator,macro,value) values ('784','27078','8','{#IFNAME}','{$NET.IF.IFNAME.MATCHES}');
INSERT INTO item_condition (item_conditionid,itemid,operator,macro,value) values ('785','27078','9','{#IFNAME}','{$NET.IF.IFNAME.NOT_MATCHES}');
INSERT INTO item_condition (item_conditionid,itemid,operator,macro,value) values ('786','27078','8','{#IFDESCR}','{$NET.IF.IFDESCR.MATCHES}');
INSERT INTO item_condition (item_conditionid,itemid,operator,macro,value) values ('787','27078','9','{#IFDESCR}','{$NET.IF.IFDESCR.NOT_MATCHES}');
INSERT INTO item_condition (item_conditionid,itemid,operator,macro,value) values ('788','27078','8','{#IFTYPE}','{$NET.IF.IFTYPE.MATCHES}');
INSERT INTO item_condition (item_conditionid,itemid,operator,macro,value) values ('789','27078','9','{#IFTYPE}','{$NET.IF.IFTYPE.NOT_MATCHES}');
INSERT INTO item_condition (item_conditionid,itemid,operator,macro,value) values ('790','27619','9','{#IFOPERSTATUS}','{$NET.IF.IFOPERSTATUS.NOT_MATCHES}');
INSERT INTO item_condition (item_conditionid,itemid,operator,macro,value) values ('791','27619','8','{#IFNAME}','{$NET.IF.IFNAME.MATCHES}');
INSERT INTO item_condition (item_conditionid,itemid,operator,macro,value) values ('792','27619','9','{#IFNAME}','{$NET.IF.IFNAME.NOT_MATCHES}');
INSERT INTO item_condition (item_conditionid,itemid,operator,macro,value) values ('793','27619','8','{#IFDESCR}','{$NET.IF.IFDESCR.MATCHES}');
INSERT INTO item_condition (item_conditionid,itemid,operator,macro,value) values ('794','27619','9','{#IFDESCR}','{$NET.IF.IFDESCR.NOT_MATCHES}');
INSERT INTO item_condition (item_conditionid,itemid,operator,macro,value) values ('795','27619','8','{#IFTYPE}','{$NET.IF.IFTYPE.MATCHES}');
INSERT INTO item_condition (item_conditionid,itemid,operator,macro,value) values ('796','27619','9','{#IFTYPE}','{$NET.IF.IFTYPE.NOT_MATCHES}');
INSERT INTO item_condition (item_conditionid,itemid,operator,macro,value) values ('797','27976','9','{#IFOPERSTATUS}','{$NET.IF.IFOPERSTATUS.NOT_MATCHES}');
INSERT INTO item_condition (item_conditionid,itemid,operator,macro,value) values ('798','27976','8','{#IFNAME}','{$NET.IF.IFNAME.MATCHES}');
INSERT INTO item_condition (item_conditionid,itemid,operator,macro,value) values ('799','27976','9','{#IFNAME}','{$NET.IF.IFNAME.NOT_MATCHES}');
INSERT INTO item_condition (item_conditionid,itemid,operator,macro,value) values ('800','27976','8','{#IFDESCR}','{$NET.IF.IFDESCR.MATCHES}');
INSERT INTO item_condition (item_conditionid,itemid,operator,macro,value) values ('801','27976','9','{#IFDESCR}','{$NET.IF.IFDESCR.NOT_MATCHES}');
INSERT INTO item_condition (item_conditionid,itemid,operator,macro,value) values ('802','27976','8','{#IFTYPE}','{$NET.IF.IFTYPE.MATCHES}');
INSERT INTO item_condition (item_conditionid,itemid,operator,macro,value) values ('803','27976','9','{#IFTYPE}','{$NET.IF.IFTYPE.NOT_MATCHES}');
INSERT INTO application_prototype (application_prototypeid,itemid,templateid,name) values ('1','23665',NULL,'Startup {#SERVICE.STARTUPNAME} services');
INSERT INTO application_prototype (application_prototypeid,itemid,templateid,name) values ('2','28661',NULL,'Filesystem {#FSNAME}');
INSERT INTO application_prototype (application_prototypeid,itemid,templateid,name) values ('8','27118',NULL,'Interface {#IFNAME}({#IFALIAS})');
INSERT INTO application_prototype (application_prototypeid,itemid,templateid,name) values ('10','28711',NULL,'Filesystem {#FSNAME}');
INSERT INTO application_prototype (application_prototypeid,itemid,templateid,name) values ('12','27088',NULL,'Interface {#IFNAME}({#IFALIAS})');
INSERT INTO application_prototype (application_prototypeid,itemid,templateid,name) values ('13','27098',NULL,'Interface {#IFNAME}({#IFALIAS})');
INSERT INTO application_prototype (application_prototypeid,itemid,templateid,name) values ('35','27068',NULL,'Interface {#IFDESCR}');
INSERT INTO application_prototype (application_prototypeid,itemid,templateid,name) values ('38','27078',NULL,'Interface {#IFDESCR}');
INSERT INTO application_prototype (application_prototypeid,itemid,templateid,name) values ('3','28663','2','Filesystem {#FSNAME}');
INSERT INTO application_prototype (application_prototypeid,itemid,templateid,name) values ('9','28097','8','Interface {#IFNAME}({#IFALIAS})');
INSERT INTO application_prototype (application_prototypeid,itemid,templateid,name) values ('11','28713','10','Filesystem {#FSNAME}');
INSERT INTO application_prototype (application_prototypeid,itemid,templateid,name) values ('14','27180','13','Interface {#IFNAME}({#IFALIAS})');
INSERT INTO application_prototype (application_prototypeid,itemid,templateid,name) values ('15','27215','13','Interface {#IFNAME}({#IFALIAS})');
INSERT INTO application_prototype (application_prototypeid,itemid,templateid,name) values ('16','27251','13','Interface {#IFNAME}({#IFALIAS})');
INSERT INTO application_prototype (application_prototypeid,itemid,templateid,name) values ('17','27272','13','Interface {#IFNAME}({#IFALIAS})');
INSERT INTO application_prototype (application_prototypeid,itemid,templateid,name) values ('18','27321','13','Interface {#IFNAME}({#IFALIAS})');
INSERT INTO application_prototype (application_prototypeid,itemid,templateid,name) values ('19','27450','13','Interface {#IFNAME}({#IFALIAS})');
INSERT INTO application_prototype (application_prototypeid,itemid,templateid,name) values ('20','27486','13','Interface {#IFNAME}({#IFALIAS})');
INSERT INTO application_prototype (application_prototypeid,itemid,templateid,name) values ('21','27520','13','Interface {#IFNAME}({#IFALIAS})');
INSERT INTO application_prototype (application_prototypeid,itemid,templateid,name) values ('22','27556','13','Interface {#IFNAME}({#IFALIAS})');
INSERT INTO application_prototype (application_prototypeid,itemid,templateid,name) values ('23','27642','13','Interface {#IFNAME}({#IFALIAS})');
INSERT INTO application_prototype (application_prototypeid,itemid,templateid,name) values ('24','27722','13','Interface {#IFNAME}({#IFALIAS})');
INSERT INTO application_prototype (application_prototypeid,itemid,templateid,name) values ('25','27756','13','Interface {#IFNAME}({#IFALIAS})');
INSERT INTO application_prototype (application_prototypeid,itemid,templateid,name) values ('26','27788','13','Interface {#IFNAME}({#IFALIAS})');
INSERT INTO application_prototype (application_prototypeid,itemid,templateid,name) values ('27','27872','13','Interface {#IFNAME}({#IFALIAS})');
INSERT INTO application_prototype (application_prototypeid,itemid,templateid,name) values ('28','27909','13','Interface {#IFNAME}({#IFALIAS})');
INSERT INTO application_prototype (application_prototypeid,itemid,templateid,name) values ('29','27944','13','Interface {#IFNAME}({#IFALIAS})');
INSERT INTO application_prototype (application_prototypeid,itemid,templateid,name) values ('30','28058','13','Interface {#IFNAME}({#IFALIAS})');
INSERT INTO application_prototype (application_prototypeid,itemid,templateid,name) values ('31','28118','13','Interface {#IFNAME}({#IFALIAS})');
INSERT INTO application_prototype (application_prototypeid,itemid,templateid,name) values ('32','28175','13','Interface {#IFNAME}({#IFALIAS})');
INSERT INTO application_prototype (application_prototypeid,itemid,templateid,name) values ('33','28223','13','Interface {#IFNAME}({#IFALIAS})');
INSERT INTO application_prototype (application_prototypeid,itemid,templateid,name) values ('34','28293','13','Interface {#IFNAME}({#IFALIAS})');
INSERT INTO application_prototype (application_prototypeid,itemid,templateid,name) values ('36','27596','35','Interface {#IFDESCR}');
INSERT INTO application_prototype (application_prototypeid,itemid,templateid,name) values ('37','28005','35','Interface {#IFDESCR}');
INSERT INTO application_prototype (application_prototypeid,itemid,templateid,name) values ('39','27619','38','Interface {#IFDESCR}');
INSERT INTO application_prototype (application_prototypeid,itemid,templateid,name) values ('40','27976','38','Interface {#IFDESCR}');
INSERT INTO application_prototype (application_prototypeid,itemid,templateid,name) values ('4','28665','3','Filesystem {#FSNAME}');
INSERT INTO application_prototype (application_prototypeid,itemid,templateid,name) values ('5','28667','3','Filesystem {#FSNAME}');
INSERT INTO application_prototype (application_prototypeid,itemid,templateid,name) values ('6','28669','3','Filesystem {#FSNAME}');
INSERT INTO application_prototype (application_prototypeid,itemid,templateid,name) values ('7','28671','3','Filesystem {#FSNAME}');
INSERT INTO item_application_prototype (item_application_prototypeid,application_prototypeid,itemid) values ('1','1','23666');
INSERT INTO item_application_prototype (item_application_prototypeid,application_prototypeid,itemid) values ('2','2','28673');
INSERT INTO item_application_prototype (item_application_prototypeid,application_prototypeid,itemid) values ('3','2','28674');
INSERT INTO item_application_prototype (item_application_prototypeid,application_prototypeid,itemid) values ('4','2','28675');
INSERT INTO item_application_prototype (item_application_prototypeid,application_prototypeid,itemid) values ('5','3','28679');
INSERT INTO item_application_prototype (item_application_prototypeid,application_prototypeid,itemid) values ('6','3','28680');
INSERT INTO item_application_prototype (item_application_prototypeid,application_prototypeid,itemid) values ('7','3','28681');
INSERT INTO item_application_prototype (item_application_prototypeid,application_prototypeid,itemid) values ('8','4','28685');
INSERT INTO item_application_prototype (item_application_prototypeid,application_prototypeid,itemid) values ('9','4','28686');
INSERT INTO item_application_prototype (item_application_prototypeid,application_prototypeid,itemid) values ('10','4','28687');
INSERT INTO item_application_prototype (item_application_prototypeid,application_prototypeid,itemid) values ('11','5','28691');
INSERT INTO item_application_prototype (item_application_prototypeid,application_prototypeid,itemid) values ('12','5','28692');
INSERT INTO item_application_prototype (item_application_prototypeid,application_prototypeid,itemid) values ('13','5','28693');
INSERT INTO item_application_prototype (item_application_prototypeid,application_prototypeid,itemid) values ('14','6','28697');
INSERT INTO item_application_prototype (item_application_prototypeid,application_prototypeid,itemid) values ('15','6','28698');
INSERT INTO item_application_prototype (item_application_prototypeid,application_prototypeid,itemid) values ('16','6','28699');
INSERT INTO item_application_prototype (item_application_prototypeid,application_prototypeid,itemid) values ('17','7','28703');
INSERT INTO item_application_prototype (item_application_prototypeid,application_prototypeid,itemid) values ('18','7','28704');
INSERT INTO item_application_prototype (item_application_prototypeid,application_prototypeid,itemid) values ('19','7','28705');
INSERT INTO item_application_prototype (item_application_prototypeid,application_prototypeid,itemid) values ('20','8','27119');
INSERT INTO item_application_prototype (item_application_prototypeid,application_prototypeid,itemid) values ('21','8','27120');
INSERT INTO item_application_prototype (item_application_prototypeid,application_prototypeid,itemid) values ('22','8','27121');
INSERT INTO item_application_prototype (item_application_prototypeid,application_prototypeid,itemid) values ('23','8','27122');
INSERT INTO item_application_prototype (item_application_prototypeid,application_prototypeid,itemid) values ('24','8','27123');
INSERT INTO item_application_prototype (item_application_prototypeid,application_prototypeid,itemid) values ('25','8','27124');
INSERT INTO item_application_prototype (item_application_prototypeid,application_prototypeid,itemid) values ('26','8','27125');
INSERT INTO item_application_prototype (item_application_prototypeid,application_prototypeid,itemid) values ('27','8','27126');
INSERT INTO item_application_prototype (item_application_prototypeid,application_prototypeid,itemid) values ('28','8','27127');
INSERT INTO item_application_prototype (item_application_prototypeid,application_prototypeid,itemid) values ('29','9','28098');
INSERT INTO item_application_prototype (item_application_prototypeid,application_prototypeid,itemid) values ('30','9','28099');
INSERT INTO item_application_prototype (item_application_prototypeid,application_prototypeid,itemid) values ('31','9','28100');
INSERT INTO item_application_prototype (item_application_prototypeid,application_prototypeid,itemid) values ('32','9','28101');
INSERT INTO item_application_prototype (item_application_prototypeid,application_prototypeid,itemid) values ('33','9','28102');
INSERT INTO item_application_prototype (item_application_prototypeid,application_prototypeid,itemid) values ('34','9','28103');
INSERT INTO item_application_prototype (item_application_prototypeid,application_prototypeid,itemid) values ('35','9','28104');
INSERT INTO item_application_prototype (item_application_prototypeid,application_prototypeid,itemid) values ('36','9','28105');
INSERT INTO item_application_prototype (item_application_prototypeid,application_prototypeid,itemid) values ('37','9','28106');
INSERT INTO item_application_prototype (item_application_prototypeid,application_prototypeid,itemid) values ('38','10','28715');
INSERT INTO item_application_prototype (item_application_prototypeid,application_prototypeid,itemid) values ('39','10','28716');
INSERT INTO item_application_prototype (item_application_prototypeid,application_prototypeid,itemid) values ('40','10','28717');
INSERT INTO item_application_prototype (item_application_prototypeid,application_prototypeid,itemid) values ('41','11','28721');
INSERT INTO item_application_prototype (item_application_prototypeid,application_prototypeid,itemid) values ('42','11','28722');
INSERT INTO item_application_prototype (item_application_prototypeid,application_prototypeid,itemid) values ('43','11','28723');
INSERT INTO item_application_prototype (item_application_prototypeid,application_prototypeid,itemid) values ('44','12','27089');
INSERT INTO item_application_prototype (item_application_prototypeid,application_prototypeid,itemid) values ('45','12','27090');
INSERT INTO item_application_prototype (item_application_prototypeid,application_prototypeid,itemid) values ('46','12','27091');
INSERT INTO item_application_prototype (item_application_prototypeid,application_prototypeid,itemid) values ('47','12','27092');
INSERT INTO item_application_prototype (item_application_prototypeid,application_prototypeid,itemid) values ('48','12','27093');
INSERT INTO item_application_prototype (item_application_prototypeid,application_prototypeid,itemid) values ('49','12','27094');
INSERT INTO item_application_prototype (item_application_prototypeid,application_prototypeid,itemid) values ('50','12','27095');
INSERT INTO item_application_prototype (item_application_prototypeid,application_prototypeid,itemid) values ('51','12','27096');
INSERT INTO item_application_prototype (item_application_prototypeid,application_prototypeid,itemid) values ('52','12','27097');
INSERT INTO item_application_prototype (item_application_prototypeid,application_prototypeid,itemid) values ('53','13','27099');
INSERT INTO item_application_prototype (item_application_prototypeid,application_prototypeid,itemid) values ('54','13','27100');
INSERT INTO item_application_prototype (item_application_prototypeid,application_prototypeid,itemid) values ('55','13','27101');
INSERT INTO item_application_prototype (item_application_prototypeid,application_prototypeid,itemid) values ('56','13','27102');
INSERT INTO item_application_prototype (item_application_prototypeid,application_prototypeid,itemid) values ('57','13','27103');
INSERT INTO item_application_prototype (item_application_prototypeid,application_prototypeid,itemid) values ('58','13','27104');
INSERT INTO item_application_prototype (item_application_prototypeid,application_prototypeid,itemid) values ('59','13','27105');
INSERT INTO item_application_prototype (item_application_prototypeid,application_prototypeid,itemid) values ('60','13','27106');
INSERT INTO item_application_prototype (item_application_prototypeid,application_prototypeid,itemid) values ('61','13','27107');
INSERT INTO item_application_prototype (item_application_prototypeid,application_prototypeid,itemid) values ('62','14','27181');
INSERT INTO item_application_prototype (item_application_prototypeid,application_prototypeid,itemid) values ('63','14','27182');
INSERT INTO item_application_prototype (item_application_prototypeid,application_prototypeid,itemid) values ('64','14','27183');
INSERT INTO item_application_prototype (item_application_prototypeid,application_prototypeid,itemid) values ('65','14','27184');
INSERT INTO item_application_prototype (item_application_prototypeid,application_prototypeid,itemid) values ('66','14','27185');
INSERT INTO item_application_prototype (item_application_prototypeid,application_prototypeid,itemid) values ('67','14','27186');
INSERT INTO item_application_prototype (item_application_prototypeid,application_prototypeid,itemid) values ('68','14','27187');
INSERT INTO item_application_prototype (item_application_prototypeid,application_prototypeid,itemid) values ('69','14','27188');
INSERT INTO item_application_prototype (item_application_prototypeid,application_prototypeid,itemid) values ('70','14','27189');
INSERT INTO item_application_prototype (item_application_prototypeid,application_prototypeid,itemid) values ('71','15','27216');
INSERT INTO item_application_prototype (item_application_prototypeid,application_prototypeid,itemid) values ('72','15','27217');
INSERT INTO item_application_prototype (item_application_prototypeid,application_prototypeid,itemid) values ('73','15','27218');
INSERT INTO item_application_prototype (item_application_prototypeid,application_prototypeid,itemid) values ('74','15','27219');
INSERT INTO item_application_prototype (item_application_prototypeid,application_prototypeid,itemid) values ('75','15','27220');
INSERT INTO item_application_prototype (item_application_prototypeid,application_prototypeid,itemid) values ('76','15','27221');
INSERT INTO item_application_prototype (item_application_prototypeid,application_prototypeid,itemid) values ('77','15','27222');
INSERT INTO item_application_prototype (item_application_prototypeid,application_prototypeid,itemid) values ('78','15','27223');
INSERT INTO item_application_prototype (item_application_prototypeid,application_prototypeid,itemid) values ('79','15','27224');
INSERT INTO item_application_prototype (item_application_prototypeid,application_prototypeid,itemid) values ('80','16','27252');
INSERT INTO item_application_prototype (item_application_prototypeid,application_prototypeid,itemid) values ('81','16','27253');
INSERT INTO item_application_prototype (item_application_prototypeid,application_prototypeid,itemid) values ('82','16','27254');
INSERT INTO item_application_prototype (item_application_prototypeid,application_prototypeid,itemid) values ('83','16','27255');
INSERT INTO item_application_prototype (item_application_prototypeid,application_prototypeid,itemid) values ('84','16','27256');
INSERT INTO item_application_prototype (item_application_prototypeid,application_prototypeid,itemid) values ('85','16','27257');
INSERT INTO item_application_prototype (item_application_prototypeid,application_prototypeid,itemid) values ('86','16','27258');
INSERT INTO item_application_prototype (item_application_prototypeid,application_prototypeid,itemid) values ('87','16','27259');
INSERT INTO item_application_prototype (item_application_prototypeid,application_prototypeid,itemid) values ('88','16','27260');
INSERT INTO item_application_prototype (item_application_prototypeid,application_prototypeid,itemid) values ('89','17','27273');
INSERT INTO item_application_prototype (item_application_prototypeid,application_prototypeid,itemid) values ('90','17','27274');
INSERT INTO item_application_prototype (item_application_prototypeid,application_prototypeid,itemid) values ('91','17','27275');
INSERT INTO item_application_prototype (item_application_prototypeid,application_prototypeid,itemid) values ('92','17','27276');
INSERT INTO item_application_prototype (item_application_prototypeid,application_prototypeid,itemid) values ('93','17','27277');
INSERT INTO item_application_prototype (item_application_prototypeid,application_prototypeid,itemid) values ('94','17','27278');
INSERT INTO item_application_prototype (item_application_prototypeid,application_prototypeid,itemid) values ('95','17','27279');
INSERT INTO item_application_prototype (item_application_prototypeid,application_prototypeid,itemid) values ('96','17','27280');
INSERT INTO item_application_prototype (item_application_prototypeid,application_prototypeid,itemid) values ('97','17','27281');
INSERT INTO item_application_prototype (item_application_prototypeid,application_prototypeid,itemid) values ('98','18','27322');
INSERT INTO item_application_prototype (item_application_prototypeid,application_prototypeid,itemid) values ('99','18','27323');
INSERT INTO item_application_prototype (item_application_prototypeid,application_prototypeid,itemid) values ('100','18','27324');
INSERT INTO item_application_prototype (item_application_prototypeid,application_prototypeid,itemid) values ('101','18','27325');
INSERT INTO item_application_prototype (item_application_prototypeid,application_prototypeid,itemid) values ('102','18','27326');
INSERT INTO item_application_prototype (item_application_prototypeid,application_prototypeid,itemid) values ('103','18','27327');
INSERT INTO item_application_prototype (item_application_prototypeid,application_prototypeid,itemid) values ('104','18','27328');
INSERT INTO item_application_prototype (item_application_prototypeid,application_prototypeid,itemid) values ('105','18','27329');
INSERT INTO item_application_prototype (item_application_prototypeid,application_prototypeid,itemid) values ('106','18','27330');
INSERT INTO item_application_prototype (item_application_prototypeid,application_prototypeid,itemid) values ('107','19','27451');
INSERT INTO item_application_prototype (item_application_prototypeid,application_prototypeid,itemid) values ('108','19','27452');
INSERT INTO item_application_prototype (item_application_prototypeid,application_prototypeid,itemid) values ('109','19','27453');
INSERT INTO item_application_prototype (item_application_prototypeid,application_prototypeid,itemid) values ('110','19','27454');
INSERT INTO item_application_prototype (item_application_prototypeid,application_prototypeid,itemid) values ('111','19','27455');
INSERT INTO item_application_prototype (item_application_prototypeid,application_prototypeid,itemid) values ('112','19','27456');
INSERT INTO item_application_prototype (item_application_prototypeid,application_prototypeid,itemid) values ('113','19','27457');
INSERT INTO item_application_prototype (item_application_prototypeid,application_prototypeid,itemid) values ('114','19','27458');
INSERT INTO item_application_prototype (item_application_prototypeid,application_prototypeid,itemid) values ('115','19','27459');
INSERT INTO item_application_prototype (item_application_prototypeid,application_prototypeid,itemid) values ('116','20','27487');
INSERT INTO item_application_prototype (item_application_prototypeid,application_prototypeid,itemid) values ('117','20','27488');
INSERT INTO item_application_prototype (item_application_prototypeid,application_prototypeid,itemid) values ('118','20','27489');
INSERT INTO item_application_prototype (item_application_prototypeid,application_prototypeid,itemid) values ('119','20','27490');
INSERT INTO item_application_prototype (item_application_prototypeid,application_prototypeid,itemid) values ('120','20','27491');
INSERT INTO item_application_prototype (item_application_prototypeid,application_prototypeid,itemid) values ('121','20','27492');
INSERT INTO item_application_prototype (item_application_prototypeid,application_prototypeid,itemid) values ('122','20','27493');
INSERT INTO item_application_prototype (item_application_prototypeid,application_prototypeid,itemid) values ('123','20','27494');
INSERT INTO item_application_prototype (item_application_prototypeid,application_prototypeid,itemid) values ('124','20','27495');
INSERT INTO item_application_prototype (item_application_prototypeid,application_prototypeid,itemid) values ('125','21','27521');
INSERT INTO item_application_prototype (item_application_prototypeid,application_prototypeid,itemid) values ('126','21','27522');
INSERT INTO item_application_prototype (item_application_prototypeid,application_prototypeid,itemid) values ('127','21','27523');
INSERT INTO item_application_prototype (item_application_prototypeid,application_prototypeid,itemid) values ('128','21','27524');
INSERT INTO item_application_prototype (item_application_prototypeid,application_prototypeid,itemid) values ('129','21','27525');
INSERT INTO item_application_prototype (item_application_prototypeid,application_prototypeid,itemid) values ('130','21','27526');
INSERT INTO item_application_prototype (item_application_prototypeid,application_prototypeid,itemid) values ('131','21','27527');
INSERT INTO item_application_prototype (item_application_prototypeid,application_prototypeid,itemid) values ('132','21','27528');
INSERT INTO item_application_prototype (item_application_prototypeid,application_prototypeid,itemid) values ('133','21','27529');
INSERT INTO item_application_prototype (item_application_prototypeid,application_prototypeid,itemid) values ('134','22','27557');
INSERT INTO item_application_prototype (item_application_prototypeid,application_prototypeid,itemid) values ('135','22','27558');
INSERT INTO item_application_prototype (item_application_prototypeid,application_prototypeid,itemid) values ('136','22','27559');
INSERT INTO item_application_prototype (item_application_prototypeid,application_prototypeid,itemid) values ('137','22','27560');
INSERT INTO item_application_prototype (item_application_prototypeid,application_prototypeid,itemid) values ('138','22','27561');
INSERT INTO item_application_prototype (item_application_prototypeid,application_prototypeid,itemid) values ('139','22','27562');
INSERT INTO item_application_prototype (item_application_prototypeid,application_prototypeid,itemid) values ('140','22','27563');
INSERT INTO item_application_prototype (item_application_prototypeid,application_prototypeid,itemid) values ('141','22','27564');
INSERT INTO item_application_prototype (item_application_prototypeid,application_prototypeid,itemid) values ('142','22','27565');
INSERT INTO item_application_prototype (item_application_prototypeid,application_prototypeid,itemid) values ('143','23','27643');
INSERT INTO item_application_prototype (item_application_prototypeid,application_prototypeid,itemid) values ('144','23','27644');
INSERT INTO item_application_prototype (item_application_prototypeid,application_prototypeid,itemid) values ('145','23','27645');
INSERT INTO item_application_prototype (item_application_prototypeid,application_prototypeid,itemid) values ('146','23','27646');
INSERT INTO item_application_prototype (item_application_prototypeid,application_prototypeid,itemid) values ('147','23','27647');
INSERT INTO item_application_prototype (item_application_prototypeid,application_prototypeid,itemid) values ('148','23','27648');
INSERT INTO item_application_prototype (item_application_prototypeid,application_prototypeid,itemid) values ('149','23','27649');
INSERT INTO item_application_prototype (item_application_prototypeid,application_prototypeid,itemid) values ('150','23','27650');
INSERT INTO item_application_prototype (item_application_prototypeid,application_prototypeid,itemid) values ('151','23','27651');
INSERT INTO item_application_prototype (item_application_prototypeid,application_prototypeid,itemid) values ('152','24','27723');
INSERT INTO item_application_prototype (item_application_prototypeid,application_prototypeid,itemid) values ('153','24','27724');
INSERT INTO item_application_prototype (item_application_prototypeid,application_prototypeid,itemid) values ('154','24','27725');
INSERT INTO item_application_prototype (item_application_prototypeid,application_prototypeid,itemid) values ('155','24','27726');
INSERT INTO item_application_prototype (item_application_prototypeid,application_prototypeid,itemid) values ('156','24','27727');
INSERT INTO item_application_prototype (item_application_prototypeid,application_prototypeid,itemid) values ('157','24','27728');
INSERT INTO item_application_prototype (item_application_prototypeid,application_prototypeid,itemid) values ('158','24','27729');
INSERT INTO item_application_prototype (item_application_prototypeid,application_prototypeid,itemid) values ('159','24','27730');
INSERT INTO item_application_prototype (item_application_prototypeid,application_prototypeid,itemid) values ('160','24','27731');
INSERT INTO item_application_prototype (item_application_prototypeid,application_prototypeid,itemid) values ('161','25','27757');
INSERT INTO item_application_prototype (item_application_prototypeid,application_prototypeid,itemid) values ('162','25','27758');
INSERT INTO item_application_prototype (item_application_prototypeid,application_prototypeid,itemid) values ('163','25','27759');
INSERT INTO item_application_prototype (item_application_prototypeid,application_prototypeid,itemid) values ('164','25','27760');
INSERT INTO item_application_prototype (item_application_prototypeid,application_prototypeid,itemid) values ('165','25','27761');
INSERT INTO item_application_prototype (item_application_prototypeid,application_prototypeid,itemid) values ('166','25','27762');
INSERT INTO item_application_prototype (item_application_prototypeid,application_prototypeid,itemid) values ('167','25','27763');
INSERT INTO item_application_prototype (item_application_prototypeid,application_prototypeid,itemid) values ('168','25','27764');
INSERT INTO item_application_prototype (item_application_prototypeid,application_prototypeid,itemid) values ('169','25','27765');
INSERT INTO item_application_prototype (item_application_prototypeid,application_prototypeid,itemid) values ('170','26','27789');
INSERT INTO item_application_prototype (item_application_prototypeid,application_prototypeid,itemid) values ('171','26','27790');
INSERT INTO item_application_prototype (item_application_prototypeid,application_prototypeid,itemid) values ('172','26','27791');
INSERT INTO item_application_prototype (item_application_prototypeid,application_prototypeid,itemid) values ('173','26','27792');
INSERT INTO item_application_prototype (item_application_prototypeid,application_prototypeid,itemid) values ('174','26','27793');
INSERT INTO item_application_prototype (item_application_prototypeid,application_prototypeid,itemid) values ('175','26','27794');
INSERT INTO item_application_prototype (item_application_prototypeid,application_prototypeid,itemid) values ('176','26','27795');
INSERT INTO item_application_prototype (item_application_prototypeid,application_prototypeid,itemid) values ('177','26','27796');
INSERT INTO item_application_prototype (item_application_prototypeid,application_prototypeid,itemid) values ('178','26','27797');
INSERT INTO item_application_prototype (item_application_prototypeid,application_prototypeid,itemid) values ('179','27','27873');
INSERT INTO item_application_prototype (item_application_prototypeid,application_prototypeid,itemid) values ('180','27','27874');
INSERT INTO item_application_prototype (item_application_prototypeid,application_prototypeid,itemid) values ('181','27','27875');
INSERT INTO item_application_prototype (item_application_prototypeid,application_prototypeid,itemid) values ('182','27','27876');
INSERT INTO item_application_prototype (item_application_prototypeid,application_prototypeid,itemid) values ('183','27','27877');
INSERT INTO item_application_prototype (item_application_prototypeid,application_prototypeid,itemid) values ('184','27','27878');
INSERT INTO item_application_prototype (item_application_prototypeid,application_prototypeid,itemid) values ('185','27','27879');
INSERT INTO item_application_prototype (item_application_prototypeid,application_prototypeid,itemid) values ('186','27','27880');
INSERT INTO item_application_prototype (item_application_prototypeid,application_prototypeid,itemid) values ('187','27','27881');
INSERT INTO item_application_prototype (item_application_prototypeid,application_prototypeid,itemid) values ('188','28','27910');
INSERT INTO item_application_prototype (item_application_prototypeid,application_prototypeid,itemid) values ('189','28','27911');
INSERT INTO item_application_prototype (item_application_prototypeid,application_prototypeid,itemid) values ('190','28','27912');
INSERT INTO item_application_prototype (item_application_prototypeid,application_prototypeid,itemid) values ('191','28','27913');
INSERT INTO item_application_prototype (item_application_prototypeid,application_prototypeid,itemid) values ('192','28','27914');
INSERT INTO item_application_prototype (item_application_prototypeid,application_prototypeid,itemid) values ('193','28','27915');
INSERT INTO item_application_prototype (item_application_prototypeid,application_prototypeid,itemid) values ('194','28','27916');
INSERT INTO item_application_prototype (item_application_prototypeid,application_prototypeid,itemid) values ('195','28','27917');
INSERT INTO item_application_prototype (item_application_prototypeid,application_prototypeid,itemid) values ('196','28','27918');
INSERT INTO item_application_prototype (item_application_prototypeid,application_prototypeid,itemid) values ('197','29','27945');
INSERT INTO item_application_prototype (item_application_prototypeid,application_prototypeid,itemid) values ('198','29','27946');
INSERT INTO item_application_prototype (item_application_prototypeid,application_prototypeid,itemid) values ('199','29','27947');
INSERT INTO item_application_prototype (item_application_prototypeid,application_prototypeid,itemid) values ('200','29','27948');
INSERT INTO item_application_prototype (item_application_prototypeid,application_prototypeid,itemid) values ('201','29','27949');
INSERT INTO item_application_prototype (item_application_prototypeid,application_prototypeid,itemid) values ('202','29','27950');
INSERT INTO item_application_prototype (item_application_prototypeid,application_prototypeid,itemid) values ('203','29','27951');
INSERT INTO item_application_prototype (item_application_prototypeid,application_prototypeid,itemid) values ('204','29','27952');
INSERT INTO item_application_prototype (item_application_prototypeid,application_prototypeid,itemid) values ('205','29','27953');
INSERT INTO item_application_prototype (item_application_prototypeid,application_prototypeid,itemid) values ('206','30','28059');
INSERT INTO item_application_prototype (item_application_prototypeid,application_prototypeid,itemid) values ('207','30','28060');
INSERT INTO item_application_prototype (item_application_prototypeid,application_prototypeid,itemid) values ('208','30','28061');
INSERT INTO item_application_prototype (item_application_prototypeid,application_prototypeid,itemid) values ('209','30','28062');
INSERT INTO item_application_prototype (item_application_prototypeid,application_prototypeid,itemid) values ('210','30','28063');
INSERT INTO item_application_prototype (item_application_prototypeid,application_prototypeid,itemid) values ('211','30','28064');
INSERT INTO item_application_prototype (item_application_prototypeid,application_prototypeid,itemid) values ('212','30','28065');
INSERT INTO item_application_prototype (item_application_prototypeid,application_prototypeid,itemid) values ('213','30','28066');
INSERT INTO item_application_prototype (item_application_prototypeid,application_prototypeid,itemid) values ('214','30','28067');
INSERT INTO item_application_prototype (item_application_prototypeid,application_prototypeid,itemid) values ('215','31','28119');
INSERT INTO item_application_prototype (item_application_prototypeid,application_prototypeid,itemid) values ('216','31','28120');
INSERT INTO item_application_prototype (item_application_prototypeid,application_prototypeid,itemid) values ('217','31','28121');
INSERT INTO item_application_prototype (item_application_prototypeid,application_prototypeid,itemid) values ('218','31','28122');
INSERT INTO item_application_prototype (item_application_prototypeid,application_prototypeid,itemid) values ('219','31','28123');
INSERT INTO item_application_prototype (item_application_prototypeid,application_prototypeid,itemid) values ('220','31','28124');
INSERT INTO item_application_prototype (item_application_prototypeid,application_prototypeid,itemid) values ('221','31','28125');
INSERT INTO item_application_prototype (item_application_prototypeid,application_prototypeid,itemid) values ('222','31','28126');
INSERT INTO item_application_prototype (item_application_prototypeid,application_prototypeid,itemid) values ('223','31','28127');
INSERT INTO item_application_prototype (item_application_prototypeid,application_prototypeid,itemid) values ('224','32','28176');
INSERT INTO item_application_prototype (item_application_prototypeid,application_prototypeid,itemid) values ('225','32','28177');
INSERT INTO item_application_prototype (item_application_prototypeid,application_prototypeid,itemid) values ('226','32','28178');
INSERT INTO item_application_prototype (item_application_prototypeid,application_prototypeid,itemid) values ('227','32','28179');
INSERT INTO item_application_prototype (item_application_prototypeid,application_prototypeid,itemid) values ('228','32','28180');
INSERT INTO item_application_prototype (item_application_prototypeid,application_prototypeid,itemid) values ('229','32','28181');
INSERT INTO item_application_prototype (item_application_prototypeid,application_prototypeid,itemid) values ('230','32','28182');
INSERT INTO item_application_prototype (item_application_prototypeid,application_prototypeid,itemid) values ('231','32','28183');
INSERT INTO item_application_prototype (item_application_prototypeid,application_prototypeid,itemid) values ('232','32','28184');
INSERT INTO item_application_prototype (item_application_prototypeid,application_prototypeid,itemid) values ('233','33','28224');
INSERT INTO item_application_prototype (item_application_prototypeid,application_prototypeid,itemid) values ('234','33','28225');
INSERT INTO item_application_prototype (item_application_prototypeid,application_prototypeid,itemid) values ('235','33','28226');
INSERT INTO item_application_prototype (item_application_prototypeid,application_prototypeid,itemid) values ('236','33','28227');
INSERT INTO item_application_prototype (item_application_prototypeid,application_prototypeid,itemid) values ('237','33','28228');
INSERT INTO item_application_prototype (item_application_prototypeid,application_prototypeid,itemid) values ('238','33','28229');
INSERT INTO item_application_prototype (item_application_prototypeid,application_prototypeid,itemid) values ('239','33','28230');
INSERT INTO item_application_prototype (item_application_prototypeid,application_prototypeid,itemid) values ('240','33','28231');
INSERT INTO item_application_prototype (item_application_prototypeid,application_prototypeid,itemid) values ('241','33','28232');
INSERT INTO item_application_prototype (item_application_prototypeid,application_prototypeid,itemid) values ('242','34','28294');
INSERT INTO item_application_prototype (item_application_prototypeid,application_prototypeid,itemid) values ('243','34','28295');
INSERT INTO item_application_prototype (item_application_prototypeid,application_prototypeid,itemid) values ('244','34','28296');
INSERT INTO item_application_prototype (item_application_prototypeid,application_prototypeid,itemid) values ('245','34','28297');
INSERT INTO item_application_prototype (item_application_prototypeid,application_prototypeid,itemid) values ('246','34','28298');
INSERT INTO item_application_prototype (item_application_prototypeid,application_prototypeid,itemid) values ('247','34','28299');
INSERT INTO item_application_prototype (item_application_prototypeid,application_prototypeid,itemid) values ('248','34','28300');
INSERT INTO item_application_prototype (item_application_prototypeid,application_prototypeid,itemid) values ('249','34','28301');
INSERT INTO item_application_prototype (item_application_prototypeid,application_prototypeid,itemid) values ('250','34','28302');
INSERT INTO item_application_prototype (item_application_prototypeid,application_prototypeid,itemid) values ('251','35','27069');
INSERT INTO item_application_prototype (item_application_prototypeid,application_prototypeid,itemid) values ('252','35','27070');
INSERT INTO item_application_prototype (item_application_prototypeid,application_prototypeid,itemid) values ('253','35','27071');
INSERT INTO item_application_prototype (item_application_prototypeid,application_prototypeid,itemid) values ('254','35','27072');
INSERT INTO item_application_prototype (item_application_prototypeid,application_prototypeid,itemid) values ('255','35','27073');
INSERT INTO item_application_prototype (item_application_prototypeid,application_prototypeid,itemid) values ('256','35','27074');
INSERT INTO item_application_prototype (item_application_prototypeid,application_prototypeid,itemid) values ('257','35','27075');
INSERT INTO item_application_prototype (item_application_prototypeid,application_prototypeid,itemid) values ('258','35','27076');
INSERT INTO item_application_prototype (item_application_prototypeid,application_prototypeid,itemid) values ('259','35','27077');
INSERT INTO item_application_prototype (item_application_prototypeid,application_prototypeid,itemid) values ('260','36','27597');
INSERT INTO item_application_prototype (item_application_prototypeid,application_prototypeid,itemid) values ('261','36','27598');
INSERT INTO item_application_prototype (item_application_prototypeid,application_prototypeid,itemid) values ('262','36','27599');
INSERT INTO item_application_prototype (item_application_prototypeid,application_prototypeid,itemid) values ('263','36','27600');
INSERT INTO item_application_prototype (item_application_prototypeid,application_prototypeid,itemid) values ('264','36','27601');
INSERT INTO item_application_prototype (item_application_prototypeid,application_prototypeid,itemid) values ('265','36','27602');
INSERT INTO item_application_prototype (item_application_prototypeid,application_prototypeid,itemid) values ('266','36','27603');
INSERT INTO item_application_prototype (item_application_prototypeid,application_prototypeid,itemid) values ('267','36','27604');
INSERT INTO item_application_prototype (item_application_prototypeid,application_prototypeid,itemid) values ('268','36','27605');
INSERT INTO item_application_prototype (item_application_prototypeid,application_prototypeid,itemid) values ('269','37','28006');
INSERT INTO item_application_prototype (item_application_prototypeid,application_prototypeid,itemid) values ('270','37','28007');
INSERT INTO item_application_prototype (item_application_prototypeid,application_prototypeid,itemid) values ('271','37','28008');
INSERT INTO item_application_prototype (item_application_prototypeid,application_prototypeid,itemid) values ('272','37','28009');
INSERT INTO item_application_prototype (item_application_prototypeid,application_prototypeid,itemid) values ('273','37','28010');
INSERT INTO item_application_prototype (item_application_prototypeid,application_prototypeid,itemid) values ('274','37','28011');
INSERT INTO item_application_prototype (item_application_prototypeid,application_prototypeid,itemid) values ('275','37','28012');
INSERT INTO item_application_prototype (item_application_prototypeid,application_prototypeid,itemid) values ('276','37','28013');
INSERT INTO item_application_prototype (item_application_prototypeid,application_prototypeid,itemid) values ('277','37','28014');
INSERT INTO item_application_prototype (item_application_prototypeid,application_prototypeid,itemid) values ('278','38','27079');
INSERT INTO item_application_prototype (item_application_prototypeid,application_prototypeid,itemid) values ('279','38','27080');
INSERT INTO item_application_prototype (item_application_prototypeid,application_prototypeid,itemid) values ('280','38','27081');
INSERT INTO item_application_prototype (item_application_prototypeid,application_prototypeid,itemid) values ('281','38','27082');
INSERT INTO item_application_prototype (item_application_prototypeid,application_prototypeid,itemid) values ('282','38','27083');
INSERT INTO item_application_prototype (item_application_prototypeid,application_prototypeid,itemid) values ('283','38','27084');
INSERT INTO item_application_prototype (item_application_prototypeid,application_prototypeid,itemid) values ('284','38','27085');
INSERT INTO item_application_prototype (item_application_prototypeid,application_prototypeid,itemid) values ('285','38','27086');
INSERT INTO item_application_prototype (item_application_prototypeid,application_prototypeid,itemid) values ('286','38','27087');
INSERT INTO item_application_prototype (item_application_prototypeid,application_prototypeid,itemid) values ('287','39','27620');
INSERT INTO item_application_prototype (item_application_prototypeid,application_prototypeid,itemid) values ('288','39','27621');
INSERT INTO item_application_prototype (item_application_prototypeid,application_prototypeid,itemid) values ('289','39','27622');
INSERT INTO item_application_prototype (item_application_prototypeid,application_prototypeid,itemid) values ('290','39','27623');
INSERT INTO item_application_prototype (item_application_prototypeid,application_prototypeid,itemid) values ('291','39','27624');
INSERT INTO item_application_prototype (item_application_prototypeid,application_prototypeid,itemid) values ('292','39','27625');
INSERT INTO item_application_prototype (item_application_prototypeid,application_prototypeid,itemid) values ('293','39','27626');
INSERT INTO item_application_prototype (item_application_prototypeid,application_prototypeid,itemid) values ('294','39','27627');
INSERT INTO item_application_prototype (item_application_prototypeid,application_prototypeid,itemid) values ('295','39','27628');
INSERT INTO item_application_prototype (item_application_prototypeid,application_prototypeid,itemid) values ('296','40','27977');
INSERT INTO item_application_prototype (item_application_prototypeid,application_prototypeid,itemid) values ('297','40','27978');
INSERT INTO item_application_prototype (item_application_prototypeid,application_prototypeid,itemid) values ('298','40','27979');
INSERT INTO item_application_prototype (item_application_prototypeid,application_prototypeid,itemid) values ('299','40','27980');
INSERT INTO item_application_prototype (item_application_prototypeid,application_prototypeid,itemid) values ('300','40','27981');
INSERT INTO item_application_prototype (item_application_prototypeid,application_prototypeid,itemid) values ('301','40','27982');
INSERT INTO item_application_prototype (item_application_prototypeid,application_prototypeid,itemid) values ('302','40','27983');
INSERT INTO item_application_prototype (item_application_prototypeid,application_prototypeid,itemid) values ('303','40','27984');
INSERT INTO item_application_prototype (item_application_prototypeid,application_prototypeid,itemid) values ('304','40','27985');
INSERT INTO item_preproc (item_preprocid,itemid,step,type,params) values ('17316','28754','1','1','100');
INSERT INTO item_preproc (item_preprocid,itemid,step,type,params) values ('17317','28755','1','1','0.001');
INSERT INTO item_preproc (item_preprocid,itemid,step,type,params) values ('17318','28764','1','10','');
INSERT INTO item_preproc (item_preprocid,itemid,step,type,params) values ('17319','28767','1','1','0.001');
INSERT INTO item_preproc (item_preprocid,itemid,step,type,params) values ('17320','28768','1','10','');
INSERT INTO item_preproc (item_preprocid,itemid,step,type,params) values ('17321','28769','1','1','0.001');
INSERT INTO item_preproc (item_preprocid,itemid,step,type,params) values ('17322','28770','1','10','');
INSERT INTO item_preproc (item_preprocid,itemid,step,type,params) values ('17323','28771','1','1','0.001');
INSERT INTO item_preproc (item_preprocid,itemid,step,type,params) values ('17324','28772','1','10','');
INSERT INTO item_preproc (item_preprocid,itemid,step,type,params) values ('17325','28773','1','1','0.001');
INSERT INTO item_preproc (item_preprocid,itemid,step,type,params) values ('17326','28774','1','10','');
INSERT INTO item_preproc (item_preprocid,itemid,step,type,params) values ('17327','28775','1','1','0.001');
INSERT INTO item_preproc (item_preprocid,itemid,step,type,params) values ('17328','28776','1','1','0.001');
INSERT INTO item_preproc (item_preprocid,itemid,step,type,params) values ('17329','28778','1','10','');
INSERT INTO item_preproc (item_preprocid,itemid,step,type,params) values ('17330','28779','1','1','0.001');
INSERT INTO item_preproc (item_preprocid,itemid,step,type,params) values ('17331','28501','1','10','');
INSERT INTO item_preproc (item_preprocid,itemid,step,type,params) values ('17332','28514','1','10','');
INSERT INTO item_preproc (item_preprocid,itemid,step,type,params) values ('17333','28517','1','10','');
INSERT INTO item_preproc (item_preprocid,itemid,step,type,params) values ('17334','28519','1','10','');
INSERT INTO item_preproc (item_preprocid,itemid,step,type,params) values ('17335','28520','1','1','0.001');
INSERT INTO item_preproc (item_preprocid,itemid,step,type,params) values ('17336','28521','1','10','');
INSERT INTO item_preproc (item_preprocid,itemid,step,type,params) values ('17337','28522','1','10','');
INSERT INTO item_preproc (item_preprocid,itemid,step,type,params) values ('17338','28523','1','10','');
INSERT INTO item_preproc (item_preprocid,itemid,step,type,params) values ('17339','28524','1','10','');
INSERT INTO item_preproc (item_preprocid,itemid,step,type,params) values ('17340','28525','1','1','0.001');
INSERT INTO item_preproc (item_preprocid,itemid,step,type,params) values ('17341','28526','1','10','');
INSERT INTO item_preproc (item_preprocid,itemid,step,type,params) values ('17342','28527','1','10','');
INSERT INTO item_preproc (item_preprocid,itemid,step,type,params) values ('17343','28528','1','10','');
INSERT INTO item_preproc (item_preprocid,itemid,step,type,params) values ('17344','28529','1','10','');
INSERT INTO item_preproc (item_preprocid,itemid,step,type,params) values ('17345','28530','1','1','0.001');
INSERT INTO item_preproc (item_preprocid,itemid,step,type,params) values ('17346','28531','1','10','');
INSERT INTO item_preproc (item_preprocid,itemid,step,type,params) values ('17347','28577','1','12','$.queue');
INSERT INTO item_preproc (item_preprocid,itemid,step,type,params) values ('17348','28578','1','12','$.queue');
INSERT INTO item_preproc (item_preprocid,itemid,step,type,params) values ('17349','28579','1','12','$.data.process[''vmware collector''].busy.avg');
INSERT INTO item_preproc (item_preprocid,itemid,step,type,params) values ('17350','28580','1','12','$.data.wcache.values.uint');
INSERT INTO item_preproc (item_preprocid,itemid,step,type,params) values ('17351','28580','2','10','');
INSERT INTO item_preproc (item_preprocid,itemid,step,type,params) values ('17352','28581','1','12','$.data.wcache.values.text');
INSERT INTO item_preproc (item_preprocid,itemid,step,type,params) values ('17353','28581','2','10','');
INSERT INTO item_preproc (item_preprocid,itemid,step,type,params) values ('17354','28582','1','12','$.data.wcache.values.str');
INSERT INTO item_preproc (item_preprocid,itemid,step,type,params) values ('17355','28582','2','10','');
INSERT INTO item_preproc (item_preprocid,itemid,step,type,params) values ('17356','28583','1','12','$.data.wcache.values[''not supported'']');
INSERT INTO item_preproc (item_preprocid,itemid,step,type,params) values ('17357','28583','2','10','');
INSERT INTO item_preproc (item_preprocid,itemid,step,type,params) values ('17358','28584','1','12','$.data.wcache.values.log');
INSERT INTO item_preproc (item_preprocid,itemid,step,type,params) values ('17359','28584','2','10','');
INSERT INTO item_preproc (item_preprocid,itemid,step,type,params) values ('17360','28585','1','12','$.data.wcache.values.float');
INSERT INTO item_preproc (item_preprocid,itemid,step,type,params) values ('17361','28585','2','10','');
INSERT INTO item_preproc (item_preprocid,itemid,step,type,params) values ('17362','28586','1','12','$.data.wcache.values.all');
INSERT INTO item_preproc (item_preprocid,itemid,step,type,params) values ('17363','28586','2','10','');
INSERT INTO item_preproc (item_preprocid,itemid,step,type,params) values ('17364','28587','1','12','$.data.wcache.index.pused');
INSERT INTO item_preproc (item_preprocid,itemid,step,type,params) values ('17365','28588','1','12','$.data.wcache.history.pused');
INSERT INTO item_preproc (item_preprocid,itemid,step,type,params) values ('17366','28589','1','12','$.data.vmware.pused');
INSERT INTO item_preproc (item_preprocid,itemid,step,type,params) values ('17367','28590','1','12','$.data.rcache.pused');
INSERT INTO item_preproc (item_preprocid,itemid,step,type,params) values ('17368','28591','1','12','$.data.process[''configuration syncer''].busy.avg');
INSERT INTO item_preproc (item_preprocid,itemid,step,type,params) values ('17369','28592','1','12','$.data.process[''data sender''].busy.avg');
INSERT INTO item_preproc (item_preprocid,itemid,step,type,params) values ('17370','28593','1','12','$.data.process.trapper.busy.avg');
INSERT INTO item_preproc (item_preprocid,itemid,step,type,params) values ('17371','28594','1','12','$.data.process[''task manager''].busy.avg');
INSERT INTO item_preproc (item_preprocid,itemid,step,type,params) values ('17372','28595','1','12','$.data.process[''snmp trapper''].busy.avg');
INSERT INTO item_preproc (item_preprocid,itemid,step,type,params) values ('17373','28596','1','12','$.data.process[''self-monitoring''].busy.avg');
INSERT INTO item_preproc (item_preprocid,itemid,step,type,params) values ('17374','28597','1','12','$.data.process.poller.busy.avg');
INSERT INTO item_preproc (item_preprocid,itemid,step,type,params) values ('17375','28598','1','12','$.data.process[''java poller''].busy.avg');
INSERT INTO item_preproc (item_preprocid,itemid,step,type,params) values ('17376','28599','1','12','$.data.process[''ipmi poller''].busy.avg');
INSERT INTO item_preproc (item_preprocid,itemid,step,type,params) values ('17377','28600','1','12','$.data.process[''ipmi manager''].busy.avg');
INSERT INTO item_preproc (item_preprocid,itemid,step,type,params) values ('17378','28601','1','12','$.data.process[''icmp pinger''].busy.avg');
INSERT INTO item_preproc (item_preprocid,itemid,step,type,params) values ('17379','28602','1','12','$.data.process[''http poller''].busy.avg');
INSERT INTO item_preproc (item_preprocid,itemid,step,type,params) values ('17380','28603','1','12','$.data.process.housekeeper.busy.avg');
INSERT INTO item_preproc (item_preprocid,itemid,step,type,params) values ('17381','28604','1','12','$.data.process[''history syncer''].busy.avg');
INSERT INTO item_preproc (item_preprocid,itemid,step,type,params) values ('17382','28605','1','12','$.data.process[''heartbeat sender''].busy.avg');
INSERT INTO item_preproc (item_preprocid,itemid,step,type,params) values ('17383','28606','1','12','$.data.process.discoverer.busy.avg');
INSERT INTO item_preproc (item_preprocid,itemid,step,type,params) values ('17384','28607','1','12','$.data.process[''unreachable poller''].busy.avg');
INSERT INTO item_preproc (item_preprocid,itemid,step,type,params) values ('17385','28534','1','12','$.queue');
INSERT INTO item_preproc (item_preprocid,itemid,step,type,params) values ('17386','28535','1','12','$.queue');
INSERT INTO item_preproc (item_preprocid,itemid,step,type,params) values ('17387','28536','1','12','$.data.wcache.index.pused');
INSERT INTO item_preproc (item_preprocid,itemid,step,type,params) values ('17388','28537','1','12','$.data.rcache.pused');
INSERT INTO item_preproc (item_preprocid,itemid,step,type,params) values ('17389','28538','1','12','$.data.vcache.buffer.pused');
INSERT INTO item_preproc (item_preprocid,itemid,step,type,params) values ('17390','28539','1','12','$.data.vcache.cache.hits');
INSERT INTO item_preproc (item_preprocid,itemid,step,type,params) values ('17391','28539','2','10','');
INSERT INTO item_preproc (item_preprocid,itemid,step,type,params) values ('17392','28540','1','12','$.data.vcache.cache.misses');
INSERT INTO item_preproc (item_preprocid,itemid,step,type,params) values ('17393','28540','2','10','');
INSERT INTO item_preproc (item_preprocid,itemid,step,type,params) values ('17394','28541','1','12','$.data.vcache.cache.mode');
INSERT INTO item_preproc (item_preprocid,itemid,step,type,params) values ('17395','28542','1','12','$.data.vmware.pused');
INSERT INTO item_preproc (item_preprocid,itemid,step,type,params) values ('17396','28543','1','12','$.data.wcache.history.pused');
INSERT INTO item_preproc (item_preprocid,itemid,step,type,params) values ('17397','28544','1','12','$.data.wcache.values.all');
INSERT INTO item_preproc (item_preprocid,itemid,step,type,params) values ('17398','28544','2','10','');
INSERT INTO item_preproc (item_preprocid,itemid,step,type,params) values ('17399','28545','1','12','$.data.wcache.trend.pused');
INSERT INTO item_preproc (item_preprocid,itemid,step,type,params) values ('17400','28546','1','12','$.data.process[''unreachable poller''].busy.avg');
INSERT INTO item_preproc (item_preprocid,itemid,step,type,params) values ('17401','28547','1','12','$.data.wcache.values.float');
INSERT INTO item_preproc (item_preprocid,itemid,step,type,params) values ('17402','28547','2','10','');
INSERT INTO item_preproc (item_preprocid,itemid,step,type,params) values ('17403','28548','1','12','$.data.wcache.values.log');
INSERT INTO item_preproc (item_preprocid,itemid,step,type,params) values ('17404','28548','2','10','');
INSERT INTO item_preproc (item_preprocid,itemid,step,type,params) values ('17405','28549','1','12','$.data.wcache.values[''not supported'']');
INSERT INTO item_preproc (item_preprocid,itemid,step,type,params) values ('17406','28549','2','10','');
INSERT INTO item_preproc (item_preprocid,itemid,step,type,params) values ('17407','28550','1','12','$.data.wcache.values.str');
INSERT INTO item_preproc (item_preprocid,itemid,step,type,params) values ('17408','28550','2','10','');
INSERT INTO item_preproc (item_preprocid,itemid,step,type,params) values ('17409','28551','1','12','$.data.wcache.values.text');
INSERT INTO item_preproc (item_preprocid,itemid,step,type,params) values ('17410','28551','2','10','');
INSERT INTO item_preproc (item_preprocid,itemid,step,type,params) values ('17411','28552','1','12','$.data.wcache.values.uint');
INSERT INTO item_preproc (item_preprocid,itemid,step,type,params) values ('17412','28552','2','10','');
INSERT INTO item_preproc (item_preprocid,itemid,step,type,params) values ('17413','28553','1','12','$.data.process[''vmware collector''].busy.avg');
INSERT INTO item_preproc (item_preprocid,itemid,step,type,params) values ('17414','28554','1','12','$.data.preprocessing_queue');
INSERT INTO item_preproc (item_preprocid,itemid,step,type,params) values ('17415','28555','1','12','$.data.process.alerter.busy.avg');
INSERT INTO item_preproc (item_preprocid,itemid,step,type,params) values ('17416','28556','1','12','$.data.process[''ipmi manager''].busy.avg');
INSERT INTO item_preproc (item_preprocid,itemid,step,type,params) values ('17417','28557','1','12','$.data.process[''alert manager''].busy.avg');
INSERT INTO item_preproc (item_preprocid,itemid,step,type,params) values ('17418','28558','1','12','$.data.process[''configuration syncer''].busy.avg');
INSERT INTO item_preproc (item_preprocid,itemid,step,type,params) values ('17419','28559','1','12','$.data.process.discoverer.busy.avg');
INSERT INTO item_preproc (item_preprocid,itemid,step,type,params) values ('17420','28560','1','12','$.data.process.escalator.busy.avg');
INSERT INTO item_preproc (item_preprocid,itemid,step,type,params) values ('17421','28561','1','12','$.data.process[''history syncer''].busy.avg');
INSERT INTO item_preproc (item_preprocid,itemid,step,type,params) values ('17422','28562','1','12','$.data.process.housekeeper.busy.avg');
INSERT INTO item_preproc (item_preprocid,itemid,step,type,params) values ('17423','28563','1','12','$.data.process[''http poller''].busy.avg');
INSERT INTO item_preproc (item_preprocid,itemid,step,type,params) values ('17424','28564','1','12','$.data.process[''icmp pinger''].busy.avg');
INSERT INTO item_preproc (item_preprocid,itemid,step,type,params) values ('17425','28565','1','12','$.data.process[''ipmi poller''].busy.avg');
INSERT INTO item_preproc (item_preprocid,itemid,step,type,params) values ('17426','28566','1','12','$.data.process.timer.busy.avg');
INSERT INTO item_preproc (item_preprocid,itemid,step,type,params) values ('17427','28567','1','12','$.data.process[''java poller''].busy.avg');
INSERT INTO item_preproc (item_preprocid,itemid,step,type,params) values ('17428','28568','1','12','$.data.process.poller.busy.avg');
INSERT INTO item_preproc (item_preprocid,itemid,step,type,params) values ('17429','28569','1','12','$.data.process[''preprocessing manager''].busy.avg');
INSERT INTO item_preproc (item_preprocid,itemid,step,type,params) values ('17430','28570','1','12','$.data.process[''preprocessing worker''].busy.avg');
INSERT INTO item_preproc (item_preprocid,itemid,step,type,params) values ('17431','28571','1','12','$.data.process[''proxy poller''].busy.avg');
INSERT INTO item_preproc (item_preprocid,itemid,step,type,params) values ('17432','28572','1','12','$.data.process[''self-monitoring''].busy.avg');
INSERT INTO item_preproc (item_preprocid,itemid,step,type,params) values ('17433','28573','1','12','$.data.process[''snmp trapper''].busy.avg');
INSERT INTO item_preproc (item_preprocid,itemid,step,type,params) values ('17434','28574','1','12','$.data.process[''task manager''].busy.avg');
INSERT INTO item_preproc (item_preprocid,itemid,step,type,params) values ('17435','28575','1','12','$.data.process.trapper.busy.avg');
INSERT INTO item_preproc (item_preprocid,itemid,step,type,params) values ('17436','10067','1','10','');
INSERT INTO item_preproc (item_preprocid,itemid,step,type,params) values ('17437','10068','1','10','');
INSERT INTO item_preproc (item_preprocid,itemid,step,type,params) values ('17438','10069','1','10','');
INSERT INTO item_preproc (item_preprocid,itemid,step,type,params) values ('17439','10070','1','10','');
INSERT INTO item_preproc (item_preprocid,itemid,step,type,params) values ('17440','10071','1','10','');
INSERT INTO item_preproc (item_preprocid,itemid,step,type,params) values ('17441','10072','1','10','');
INSERT INTO item_preproc (item_preprocid,itemid,step,type,params) values ('17442','23340','1','10','');
INSERT INTO item_preproc (item_preprocid,itemid,step,type,params) values ('17443','10061','1','10','');
INSERT INTO item_preproc (item_preprocid,itemid,step,type,params) values ('17444','10062','1','10','');
INSERT INTO item_preproc (item_preprocid,itemid,step,type,params) values ('17445','10063','1','10','');
INSERT INTO item_preproc (item_preprocid,itemid,step,type,params) values ('17446','10064','1','10','');
INSERT INTO item_preproc (item_preprocid,itemid,step,type,params) values ('17447','10065','1','10','');
INSERT INTO item_preproc (item_preprocid,itemid,step,type,params) values ('17448','10066','1','10','');
INSERT INTO item_preproc (item_preprocid,itemid,step,type,params) values ('17449','22187','1','10','');
INSERT INTO item_preproc (item_preprocid,itemid,step,type,params) values ('17450','22196','1','10','');
INSERT INTO item_preproc (item_preprocid,itemid,step,type,params) values ('17451','22199','1','10','');
INSERT INTO item_preproc (item_preprocid,itemid,step,type,params) values ('17452','10073','1','10','');
INSERT INTO item_preproc (item_preprocid,itemid,step,type,params) values ('17453','10074','1','10','');
INSERT INTO item_preproc (item_preprocid,itemid,step,type,params) values ('17454','10075','1','10','');
INSERT INTO item_preproc (item_preprocid,itemid,step,type,params) values ('17455','10076','1','10','');
INSERT INTO item_preproc (item_preprocid,itemid,step,type,params) values ('17456','10077','1','10','');
INSERT INTO item_preproc (item_preprocid,itemid,step,type,params) values ('17457','10078','1','10','');
INSERT INTO item_preproc (item_preprocid,itemid,step,type,params) values ('17458','23277','1','10','');
INSERT INTO item_preproc (item_preprocid,itemid,step,type,params) values ('17459','23625','1','10','');
INSERT INTO item_preproc (item_preprocid,itemid,step,type,params) values ('17460','23628','1','10','');
INSERT INTO item_preproc (item_preprocid,itemid,step,type,params) values ('17461','26911','1','10','');
INSERT INTO item_preproc (item_preprocid,itemid,step,type,params) values ('17462','26912','1','10','');
INSERT INTO item_preproc (item_preprocid,itemid,step,type,params) values ('17463','26913','1','10','');
INSERT INTO item_preproc (item_preprocid,itemid,step,type,params) values ('17464','26917','1','10','');
INSERT INTO item_preproc (item_preprocid,itemid,step,type,params) values ('17465','26918','1','10','');
INSERT INTO item_preproc (item_preprocid,itemid,step,type,params) values ('17466','26919','1','10','');
INSERT INTO item_preproc (item_preprocid,itemid,step,type,params) values ('17467','26920','1','10','');
INSERT INTO item_preproc (item_preprocid,itemid,step,type,params) values ('17468','26921','1','10','');
INSERT INTO item_preproc (item_preprocid,itemid,step,type,params) values ('17469','26922','1','10','');
INSERT INTO item_preproc (item_preprocid,itemid,step,type,params) values ('17470','26923','1','10','');
INSERT INTO item_preproc (item_preprocid,itemid,step,type,params) values ('17471','22920','1','10','');
INSERT INTO item_preproc (item_preprocid,itemid,step,type,params) values ('17472','22924','1','10','');
INSERT INTO item_preproc (item_preprocid,itemid,step,type,params) values ('17473','22945','1','10','');
INSERT INTO item_preproc (item_preprocid,itemid,step,type,params) values ('17474','22945','2','1','8');
INSERT INTO item_preproc (item_preprocid,itemid,step,type,params) values ('17475','22946','1','10','');
INSERT INTO item_preproc (item_preprocid,itemid,step,type,params) values ('17476','22946','2','1','8');
INSERT INTO item_preproc (item_preprocid,itemid,step,type,params) values ('17477','22880','1','10','');
INSERT INTO item_preproc (item_preprocid,itemid,step,type,params) values ('17478','22884','1','10','');
INSERT INTO item_preproc (item_preprocid,itemid,step,type,params) values ('17479','23073','1','10','');
INSERT INTO item_preproc (item_preprocid,itemid,step,type,params) values ('17480','23073','2','1','8');
INSERT INTO item_preproc (item_preprocid,itemid,step,type,params) values ('17481','23074','1','10','');
INSERT INTO item_preproc (item_preprocid,itemid,step,type,params) values ('17482','23074','2','1','8');
INSERT INTO item_preproc (item_preprocid,itemid,step,type,params) values ('17483','22985','1','10','');
INSERT INTO item_preproc (item_preprocid,itemid,step,type,params) values ('17484','22985','2','1','8');
INSERT INTO item_preproc (item_preprocid,itemid,step,type,params) values ('17485','22986','1','10','');
INSERT INTO item_preproc (item_preprocid,itemid,step,type,params) values ('17486','22986','2','1','8');
INSERT INTO item_preproc (item_preprocid,itemid,step,type,params) values ('17487','22680','1','10','');
INSERT INTO item_preproc (item_preprocid,itemid,step,type,params) values ('17488','22683','1','10','');
INSERT INTO item_preproc (item_preprocid,itemid,step,type,params) values ('17489','23294','1','10','');
INSERT INTO item_preproc (item_preprocid,itemid,step,type,params) values ('17490','23298','1','10','');
INSERT INTO item_preproc (item_preprocid,itemid,step,type,params) values ('17491','22446','1','10','');
INSERT INTO item_preproc (item_preprocid,itemid,step,type,params) values ('17492','22446','2','1','8');
INSERT INTO item_preproc (item_preprocid,itemid,step,type,params) values ('17493','22448','1','10','');
INSERT INTO item_preproc (item_preprocid,itemid,step,type,params) values ('17494','22448','2','1','8');
INSERT INTO item_preproc (item_preprocid,itemid,step,type,params) values ('17495','23280','1','10','');
INSERT INTO item_preproc (item_preprocid,itemid,step,type,params) values ('17496','23280','2','1','8');
INSERT INTO item_preproc (item_preprocid,itemid,step,type,params) values ('17497','23281','1','10','');
INSERT INTO item_preproc (item_preprocid,itemid,step,type,params) values ('17498','23281','2','1','8');
INSERT INTO item_preproc (item_preprocid,itemid,step,type,params) values ('17499','23077','1','10','');
INSERT INTO item_preproc (item_preprocid,itemid,step,type,params) values ('17500','23077','2','1','8');
INSERT INTO item_preproc (item_preprocid,itemid,step,type,params) values ('17501','23078','1','10','');
INSERT INTO item_preproc (item_preprocid,itemid,step,type,params) values ('17502','23078','2','1','8');
INSERT INTO item_preproc (item_preprocid,itemid,step,type,params) values ('17503','22840','1','10','');
INSERT INTO item_preproc (item_preprocid,itemid,step,type,params) values ('17504','22844','1','10','');
INSERT INTO item_preproc (item_preprocid,itemid,step,type,params) values ('17505','23075','1','10','');
INSERT INTO item_preproc (item_preprocid,itemid,step,type,params) values ('17506','23075','2','1','8');
INSERT INTO item_preproc (item_preprocid,itemid,step,type,params) values ('17507','23076','1','10','');
INSERT INTO item_preproc (item_preprocid,itemid,step,type,params) values ('17508','23076','2','1','8');
INSERT INTO item_preproc (item_preprocid,itemid,step,type,params) values ('17509','23000','1','10','');
INSERT INTO item_preproc (item_preprocid,itemid,step,type,params) values ('17510','23004','1','10','');
INSERT INTO item_preproc (item_preprocid,itemid,step,type,params) values ('17511','23025','1','10','');
INSERT INTO item_preproc (item_preprocid,itemid,step,type,params) values ('17512','23025','2','1','8');
INSERT INTO item_preproc (item_preprocid,itemid,step,type,params) values ('17513','23026','1','10','');
INSERT INTO item_preproc (item_preprocid,itemid,step,type,params) values ('17514','23026','2','1','8');
INSERT INTO item_preproc (item_preprocid,itemid,step,type,params) values ('17515','23169','1','10','');
INSERT INTO item_preproc (item_preprocid,itemid,step,type,params) values ('17516','23169','2','1','8');
INSERT INTO item_preproc (item_preprocid,itemid,step,type,params) values ('17517','23170','1','10','');
INSERT INTO item_preproc (item_preprocid,itemid,step,type,params) values ('17518','23170','2','1','8');
INSERT INTO item_preproc (item_preprocid,itemid,step,type,params) values ('17519','28252','1','1','0.01');
INSERT INTO item_preproc (item_preprocid,itemid,step,type,params) values ('17520','28253','1','1','0.01');
INSERT INTO item_preproc (item_preprocid,itemid,step,type,params) values ('17521','28254','1','1','0.01');
INSERT INTO item_preproc (item_preprocid,itemid,step,type,params) values ('17522','28435','1','1','0.01');
INSERT INTO item_preproc (item_preprocid,itemid,step,type,params) values ('17523','28255','1','1','0.01');
INSERT INTO item_preproc (item_preprocid,itemid,step,type,params) values ('17524','28256','1','1','0.01');
INSERT INTO item_preproc (item_preprocid,itemid,step,type,params) values ('17525','28257','1','1','0.01');
INSERT INTO item_preproc (item_preprocid,itemid,step,type,params) values ('17526','28258','1','1','0.01');
INSERT INTO item_preproc (item_preprocid,itemid,step,type,params) values ('17527','28259','1','1','0.01');
INSERT INTO item_preproc (item_preprocid,itemid,step,type,params) values ('17528','28260','1','1','0.01');
INSERT INTO item_preproc (item_preprocid,itemid,step,type,params) values ('17529','28261','1','1','0.01');
INSERT INTO item_preproc (item_preprocid,itemid,step,type,params) values ('17530','28262','1','1','0.01');
INSERT INTO item_preproc (item_preprocid,itemid,step,type,params) values ('17531','28263','1','1','0.01');
INSERT INTO item_preproc (item_preprocid,itemid,step,type,params) values ('17532','28264','1','1','0.01');
INSERT INTO item_preproc (item_preprocid,itemid,step,type,params) values ('17533','28265','1','1','0.01');
INSERT INTO item_preproc (item_preprocid,itemid,step,type,params) values ('17534','28266','1','1','0.01');
INSERT INTO item_preproc (item_preprocid,itemid,step,type,params) values ('17535','28267','1','1','0.01');
INSERT INTO item_preproc (item_preprocid,itemid,step,type,params) values ('17536','28268','1','1','0.01');
INSERT INTO item_preproc (item_preprocid,itemid,step,type,params) values ('17537','28269','1','1','0.01');
INSERT INTO item_preproc (item_preprocid,itemid,step,type,params) values ('17538','28270','1','1','0.01');
INSERT INTO item_preproc (item_preprocid,itemid,step,type,params) values ('17539','28271','1','1','0.01');
INSERT INTO item_preproc (item_preprocid,itemid,step,type,params) values ('17540','28272','1','1','0.01');
INSERT INTO item_preproc (item_preprocid,itemid,step,type,params) values ('17541','28273','1','1','0.01');
INSERT INTO item_preproc (item_preprocid,itemid,step,type,params) values ('17542','28274','1','1','0.01');
INSERT INTO item_preproc (item_preprocid,itemid,step,type,params) values ('17543','28275','1','1','0.01');
INSERT INTO item_preproc (item_preprocid,itemid,step,type,params) values ('17544','28276','1','1','0.01');
INSERT INTO item_preproc (item_preprocid,itemid,step,type,params) values ('17545','28277','1','1','0.01');
INSERT INTO item_preproc (item_preprocid,itemid,step,type,params) values ('17546','28278','1','1','0.01');
INSERT INTO item_preproc (item_preprocid,itemid,step,type,params) values ('17547','28279','1','1','0.01');
INSERT INTO item_preproc (item_preprocid,itemid,step,type,params) values ('17548','28291','1','1','0.01');
INSERT INTO item_preproc (item_preprocid,itemid,step,type,params) values ('17549','28339','1','1','0.01');
INSERT INTO item_preproc (item_preprocid,itemid,step,type,params) values ('17550','28386','1','1','0.01');
INSERT INTO item_preproc (item_preprocid,itemid,step,type,params) values ('17551','28463','1','1','0.01');
INSERT INTO item_preproc (item_preprocid,itemid,step,type,params) values ('17552','28491','1','1','0.01');
INSERT INTO item_preproc (item_preprocid,itemid,step,type,params) values ('17553','28623','1','1','0.01');
INSERT INTO item_preproc (item_preprocid,itemid,step,type,params) values ('17554','28709','1','12','$..[''{#CPU.UTIL}''].avg()');
INSERT INTO item_preproc (item_preprocid,itemid,step,type,params) values ('17555','28710','1','12','$..[''{#CPU.UTIL}''].avg()');
INSERT INTO item_preproc (item_preprocid,itemid,step,type,params) values ('17556','28715','1','1','{#ALLOC_UNITS}');
INSERT INTO item_preproc (item_preprocid,itemid,step,type,params) values ('17557','28716','1','1','{#ALLOC_UNITS}');
INSERT INTO item_preproc (item_preprocid,itemid,step,type,params) values ('17558','28718','1','1','{#ALLOC_UNITS}');
INSERT INTO item_preproc (item_preprocid,itemid,step,type,params) values ('17559','28719','1','1','{#ALLOC_UNITS}');
INSERT INTO item_preproc (item_preprocid,itemid,step,type,params) values ('17560','28721','1','1','{#ALLOC_UNITS}');
INSERT INTO item_preproc (item_preprocid,itemid,step,type,params) values ('17561','28722','1','1','{#ALLOC_UNITS}');
INSERT INTO item_preproc (item_preprocid,itemid,step,type,params) values ('17562','28724','1','1','{#ALLOC_UNITS}');
INSERT INTO item_preproc (item_preprocid,itemid,step,type,params) values ('17563','28725','1','1','{#ALLOC_UNITS}');
INSERT INTO item_preproc (item_preprocid,itemid,step,type,params) values ('17564','28655','1','12','$..[''{#CPU.UTIL}''].avg()');
INSERT INTO item_preproc (item_preprocid,itemid,step,type,params) values ('17565','28656','1','12','$..[''{#CPU.UTIL}''].avg()');
INSERT INTO item_preproc (item_preprocid,itemid,step,type,params) values ('17566','28657','1','12','$..[''{#CPU.UTIL}''].avg()');
INSERT INTO item_preproc (item_preprocid,itemid,step,type,params) values ('17567','28658','1','12','$..[''{#CPU.UTIL}''].avg()');
INSERT INTO item_preproc (item_preprocid,itemid,step,type,params) values ('17568','28659','1','12','$..[''{#CPU.UTIL}''].avg()');
INSERT INTO item_preproc (item_preprocid,itemid,step,type,params) values ('17569','28660','1','12','$..[''{#CPU.UTIL}''].avg()');
INSERT INTO item_preproc (item_preprocid,itemid,step,type,params) values ('17570','28673','1','1','{#ALLOC_UNITS}');
INSERT INTO item_preproc (item_preprocid,itemid,step,type,params) values ('17571','28674','1','1','{#ALLOC_UNITS}');
INSERT INTO item_preproc (item_preprocid,itemid,step,type,params) values ('17572','28676','1','1','{#ALLOC_UNITS}');
INSERT INTO item_preproc (item_preprocid,itemid,step,type,params) values ('17573','28677','1','1','{#ALLOC_UNITS}');
INSERT INTO item_preproc (item_preprocid,itemid,step,type,params) values ('17574','28679','1','1','{#ALLOC_UNITS}');
INSERT INTO item_preproc (item_preprocid,itemid,step,type,params) values ('17575','28680','1','1','{#ALLOC_UNITS}');
INSERT INTO item_preproc (item_preprocid,itemid,step,type,params) values ('17576','28682','1','1','{#ALLOC_UNITS}');
INSERT INTO item_preproc (item_preprocid,itemid,step,type,params) values ('17577','28683','1','1','{#ALLOC_UNITS}');
INSERT INTO item_preproc (item_preprocid,itemid,step,type,params) values ('17578','28685','1','1','{#ALLOC_UNITS}');
INSERT INTO item_preproc (item_preprocid,itemid,step,type,params) values ('17579','28686','1','1','{#ALLOC_UNITS}');
INSERT INTO item_preproc (item_preprocid,itemid,step,type,params) values ('17580','28688','1','1','{#ALLOC_UNITS}');
INSERT INTO item_preproc (item_preprocid,itemid,step,type,params) values ('17581','28689','1','1','{#ALLOC_UNITS}');
INSERT INTO item_preproc (item_preprocid,itemid,step,type,params) values ('17582','28691','1','1','{#ALLOC_UNITS}');
INSERT INTO item_preproc (item_preprocid,itemid,step,type,params) values ('17583','28692','1','1','{#ALLOC_UNITS}');
INSERT INTO item_preproc (item_preprocid,itemid,step,type,params) values ('17584','28694','1','1','{#ALLOC_UNITS}');
INSERT INTO item_preproc (item_preprocid,itemid,step,type,params) values ('17585','28695','1','1','{#ALLOC_UNITS}');
INSERT INTO item_preproc (item_preprocid,itemid,step,type,params) values ('17586','28697','1','1','{#ALLOC_UNITS}');
INSERT INTO item_preproc (item_preprocid,itemid,step,type,params) values ('17587','28698','1','1','{#ALLOC_UNITS}');
INSERT INTO item_preproc (item_preprocid,itemid,step,type,params) values ('17588','28700','1','1','{#ALLOC_UNITS}');
INSERT INTO item_preproc (item_preprocid,itemid,step,type,params) values ('17589','28701','1','1','{#ALLOC_UNITS}');
INSERT INTO item_preproc (item_preprocid,itemid,step,type,params) values ('17590','28703','1','1','{#ALLOC_UNITS}');
INSERT INTO item_preproc (item_preprocid,itemid,step,type,params) values ('17591','28704','1','1','{#ALLOC_UNITS}');
INSERT INTO item_preproc (item_preprocid,itemid,step,type,params) values ('17592','28706','1','1','{#ALLOC_UNITS}');
INSERT INTO item_preproc (item_preprocid,itemid,step,type,params) values ('17593','28707','1','1','{#ALLOC_UNITS}');
INSERT INTO item_preproc (item_preprocid,itemid,step,type,params) values ('17594','27089','1','10','');
INSERT INTO item_preproc (item_preprocid,itemid,step,type,params) values ('17595','27091','1','1','1000000');
INSERT INTO item_preproc (item_preprocid,itemid,step,type,params) values ('17596','27092','1','10','');
INSERT INTO item_preproc (item_preprocid,itemid,step,type,params) values ('17597','27093','1','10','');
INSERT INTO item_preproc (item_preprocid,itemid,step,type,params) values ('17598','27094','1','10','');
INSERT INTO item_preproc (item_preprocid,itemid,step,type,params) values ('17599','27094','2','1','8');
INSERT INTO item_preproc (item_preprocid,itemid,step,type,params) values ('17600','27095','1','10','');
INSERT INTO item_preproc (item_preprocid,itemid,step,type,params) values ('17601','27095','2','1','8');
INSERT INTO item_preproc (item_preprocid,itemid,step,type,params) values ('17602','27096','1','10','');
INSERT INTO item_preproc (item_preprocid,itemid,step,type,params) values ('17603','27099','1','10','');
INSERT INTO item_preproc (item_preprocid,itemid,step,type,params) values ('17604','27101','1','1','1000000');
INSERT INTO item_preproc (item_preprocid,itemid,step,type,params) values ('17605','27102','1','10','');
INSERT INTO item_preproc (item_preprocid,itemid,step,type,params) values ('17606','27103','1','10','');
INSERT INTO item_preproc (item_preprocid,itemid,step,type,params) values ('17607','27104','1','10','');
INSERT INTO item_preproc (item_preprocid,itemid,step,type,params) values ('17608','27104','2','1','8');
INSERT INTO item_preproc (item_preprocid,itemid,step,type,params) values ('17609','27105','1','10','');
INSERT INTO item_preproc (item_preprocid,itemid,step,type,params) values ('17610','27105','2','1','8');
INSERT INTO item_preproc (item_preprocid,itemid,step,type,params) values ('17611','27106','1','10','');
INSERT INTO item_preproc (item_preprocid,itemid,step,type,params) values ('17612','27181','1','10','');
INSERT INTO item_preproc (item_preprocid,itemid,step,type,params) values ('17613','27182','1','10','');
INSERT INTO item_preproc (item_preprocid,itemid,step,type,params) values ('17614','27183','1','10','');
INSERT INTO item_preproc (item_preprocid,itemid,step,type,params) values ('17615','27183','2','1','8');
INSERT INTO item_preproc (item_preprocid,itemid,step,type,params) values ('17616','27184','1','10','');
INSERT INTO item_preproc (item_preprocid,itemid,step,type,params) values ('17617','27185','1','10','');
INSERT INTO item_preproc (item_preprocid,itemid,step,type,params) values ('17618','27186','1','10','');
INSERT INTO item_preproc (item_preprocid,itemid,step,type,params) values ('17619','27186','2','1','8');
INSERT INTO item_preproc (item_preprocid,itemid,step,type,params) values ('17620','27187','1','1','1000000');
INSERT INTO item_preproc (item_preprocid,itemid,step,type,params) values ('17621','27216','1','10','');
INSERT INTO item_preproc (item_preprocid,itemid,step,type,params) values ('17622','27217','1','10','');
INSERT INTO item_preproc (item_preprocid,itemid,step,type,params) values ('17623','27218','1','10','');
INSERT INTO item_preproc (item_preprocid,itemid,step,type,params) values ('17624','27218','2','1','8');
INSERT INTO item_preproc (item_preprocid,itemid,step,type,params) values ('17625','27219','1','10','');
INSERT INTO item_preproc (item_preprocid,itemid,step,type,params) values ('17626','27220','1','10','');
INSERT INTO item_preproc (item_preprocid,itemid,step,type,params) values ('17627','27221','1','10','');
INSERT INTO item_preproc (item_preprocid,itemid,step,type,params) values ('17628','27221','2','1','8');
INSERT INTO item_preproc (item_preprocid,itemid,step,type,params) values ('17629','27222','1','1','1000000');
INSERT INTO item_preproc (item_preprocid,itemid,step,type,params) values ('17630','27252','1','10','');
INSERT INTO item_preproc (item_preprocid,itemid,step,type,params) values ('17631','27253','1','10','');
INSERT INTO item_preproc (item_preprocid,itemid,step,type,params) values ('17632','27254','1','10','');
INSERT INTO item_preproc (item_preprocid,itemid,step,type,params) values ('17633','27254','2','1','8');
INSERT INTO item_preproc (item_preprocid,itemid,step,type,params) values ('17634','27255','1','10','');
INSERT INTO item_preproc (item_preprocid,itemid,step,type,params) values ('17635','27256','1','10','');
INSERT INTO item_preproc (item_preprocid,itemid,step,type,params) values ('17636','27257','1','10','');
INSERT INTO item_preproc (item_preprocid,itemid,step,type,params) values ('17637','27257','2','1','8');
INSERT INTO item_preproc (item_preprocid,itemid,step,type,params) values ('17638','27258','1','1','1000000');
INSERT INTO item_preproc (item_preprocid,itemid,step,type,params) values ('17639','27273','1','10','');
INSERT INTO item_preproc (item_preprocid,itemid,step,type,params) values ('17640','27274','1','10','');
INSERT INTO item_preproc (item_preprocid,itemid,step,type,params) values ('17641','27275','1','10','');
INSERT INTO item_preproc (item_preprocid,itemid,step,type,params) values ('17642','27275','2','1','8');
INSERT INTO item_preproc (item_preprocid,itemid,step,type,params) values ('17643','27276','1','10','');
INSERT INTO item_preproc (item_preprocid,itemid,step,type,params) values ('17644','27277','1','10','');
INSERT INTO item_preproc (item_preprocid,itemid,step,type,params) values ('17645','27278','1','10','');
INSERT INTO item_preproc (item_preprocid,itemid,step,type,params) values ('17646','27278','2','1','8');
INSERT INTO item_preproc (item_preprocid,itemid,step,type,params) values ('17647','27279','1','1','1000000');
INSERT INTO item_preproc (item_preprocid,itemid,step,type,params) values ('17648','27322','1','10','');
INSERT INTO item_preproc (item_preprocid,itemid,step,type,params) values ('17649','27323','1','10','');
INSERT INTO item_preproc (item_preprocid,itemid,step,type,params) values ('17650','27324','1','10','');
INSERT INTO item_preproc (item_preprocid,itemid,step,type,params) values ('17651','27324','2','1','8');
INSERT INTO item_preproc (item_preprocid,itemid,step,type,params) values ('17652','27325','1','10','');
INSERT INTO item_preproc (item_preprocid,itemid,step,type,params) values ('17653','27326','1','10','');
INSERT INTO item_preproc (item_preprocid,itemid,step,type,params) values ('17654','27327','1','10','');
INSERT INTO item_preproc (item_preprocid,itemid,step,type,params) values ('17655','27327','2','1','8');
INSERT INTO item_preproc (item_preprocid,itemid,step,type,params) values ('17656','27328','1','1','1000000');
INSERT INTO item_preproc (item_preprocid,itemid,step,type,params) values ('17657','27451','1','10','');
INSERT INTO item_preproc (item_preprocid,itemid,step,type,params) values ('17658','27452','1','10','');
INSERT INTO item_preproc (item_preprocid,itemid,step,type,params) values ('17659','27453','1','10','');
INSERT INTO item_preproc (item_preprocid,itemid,step,type,params) values ('17660','27453','2','1','8');
INSERT INTO item_preproc (item_preprocid,itemid,step,type,params) values ('17661','27454','1','10','');
INSERT INTO item_preproc (item_preprocid,itemid,step,type,params) values ('17662','27455','1','10','');
INSERT INTO item_preproc (item_preprocid,itemid,step,type,params) values ('17663','27456','1','10','');
INSERT INTO item_preproc (item_preprocid,itemid,step,type,params) values ('17664','27456','2','1','8');
INSERT INTO item_preproc (item_preprocid,itemid,step,type,params) values ('17665','27457','1','1','1000000');
INSERT INTO item_preproc (item_preprocid,itemid,step,type,params) values ('17666','27487','1','10','');
INSERT INTO item_preproc (item_preprocid,itemid,step,type,params) values ('17667','27488','1','10','');
INSERT INTO item_preproc (item_preprocid,itemid,step,type,params) values ('17668','27489','1','10','');
INSERT INTO item_preproc (item_preprocid,itemid,step,type,params) values ('17669','27489','2','1','8');
INSERT INTO item_preproc (item_preprocid,itemid,step,type,params) values ('17670','27490','1','10','');
INSERT INTO item_preproc (item_preprocid,itemid,step,type,params) values ('17671','27491','1','10','');
INSERT INTO item_preproc (item_preprocid,itemid,step,type,params) values ('17672','27492','1','10','');
INSERT INTO item_preproc (item_preprocid,itemid,step,type,params) values ('17673','27492','2','1','8');
INSERT INTO item_preproc (item_preprocid,itemid,step,type,params) values ('17674','27493','1','1','1000000');
INSERT INTO item_preproc (item_preprocid,itemid,step,type,params) values ('17675','27521','1','10','');
INSERT INTO item_preproc (item_preprocid,itemid,step,type,params) values ('17676','27522','1','10','');
INSERT INTO item_preproc (item_preprocid,itemid,step,type,params) values ('17677','27523','1','10','');
INSERT INTO item_preproc (item_preprocid,itemid,step,type,params) values ('17678','27523','2','1','8');
INSERT INTO item_preproc (item_preprocid,itemid,step,type,params) values ('17679','27524','1','10','');
INSERT INTO item_preproc (item_preprocid,itemid,step,type,params) values ('17680','27525','1','10','');
INSERT INTO item_preproc (item_preprocid,itemid,step,type,params) values ('17681','27526','1','10','');
INSERT INTO item_preproc (item_preprocid,itemid,step,type,params) values ('17682','27526','2','1','8');
INSERT INTO item_preproc (item_preprocid,itemid,step,type,params) values ('17683','27527','1','1','1000000');
INSERT INTO item_preproc (item_preprocid,itemid,step,type,params) values ('17684','27557','1','10','');
INSERT INTO item_preproc (item_preprocid,itemid,step,type,params) values ('17685','27558','1','10','');
INSERT INTO item_preproc (item_preprocid,itemid,step,type,params) values ('17686','27559','1','10','');
INSERT INTO item_preproc (item_preprocid,itemid,step,type,params) values ('17687','27559','2','1','8');
INSERT INTO item_preproc (item_preprocid,itemid,step,type,params) values ('17688','27560','1','10','');
INSERT INTO item_preproc (item_preprocid,itemid,step,type,params) values ('17689','27561','1','10','');
INSERT INTO item_preproc (item_preprocid,itemid,step,type,params) values ('17690','27562','1','10','');
INSERT INTO item_preproc (item_preprocid,itemid,step,type,params) values ('17691','27562','2','1','8');
INSERT INTO item_preproc (item_preprocid,itemid,step,type,params) values ('17692','27563','1','1','1000000');
INSERT INTO item_preproc (item_preprocid,itemid,step,type,params) values ('17693','27643','1','10','');
INSERT INTO item_preproc (item_preprocid,itemid,step,type,params) values ('17694','27644','1','10','');
INSERT INTO item_preproc (item_preprocid,itemid,step,type,params) values ('17695','27645','1','10','');
INSERT INTO item_preproc (item_preprocid,itemid,step,type,params) values ('17696','27645','2','1','8');
INSERT INTO item_preproc (item_preprocid,itemid,step,type,params) values ('17697','27646','1','10','');
INSERT INTO item_preproc (item_preprocid,itemid,step,type,params) values ('17698','27647','1','10','');
INSERT INTO item_preproc (item_preprocid,itemid,step,type,params) values ('17699','27648','1','10','');
INSERT INTO item_preproc (item_preprocid,itemid,step,type,params) values ('17700','27648','2','1','8');
INSERT INTO item_preproc (item_preprocid,itemid,step,type,params) values ('17701','27649','1','1','1000000');
INSERT INTO item_preproc (item_preprocid,itemid,step,type,params) values ('17702','27723','1','10','');
INSERT INTO item_preproc (item_preprocid,itemid,step,type,params) values ('17703','27724','1','10','');
INSERT INTO item_preproc (item_preprocid,itemid,step,type,params) values ('17704','27725','1','10','');
INSERT INTO item_preproc (item_preprocid,itemid,step,type,params) values ('17705','27725','2','1','8');
INSERT INTO item_preproc (item_preprocid,itemid,step,type,params) values ('17706','27726','1','10','');
INSERT INTO item_preproc (item_preprocid,itemid,step,type,params) values ('17707','27727','1','10','');
INSERT INTO item_preproc (item_preprocid,itemid,step,type,params) values ('17708','27728','1','10','');
INSERT INTO item_preproc (item_preprocid,itemid,step,type,params) values ('17709','27728','2','1','8');
INSERT INTO item_preproc (item_preprocid,itemid,step,type,params) values ('17710','27729','1','1','1000000');
INSERT INTO item_preproc (item_preprocid,itemid,step,type,params) values ('17711','27757','1','10','');
INSERT INTO item_preproc (item_preprocid,itemid,step,type,params) values ('17712','27758','1','10','');
INSERT INTO item_preproc (item_preprocid,itemid,step,type,params) values ('17713','27759','1','10','');
INSERT INTO item_preproc (item_preprocid,itemid,step,type,params) values ('17714','27759','2','1','8');
INSERT INTO item_preproc (item_preprocid,itemid,step,type,params) values ('17715','27760','1','10','');
INSERT INTO item_preproc (item_preprocid,itemid,step,type,params) values ('17716','27761','1','10','');
INSERT INTO item_preproc (item_preprocid,itemid,step,type,params) values ('17717','27762','1','10','');
INSERT INTO item_preproc (item_preprocid,itemid,step,type,params) values ('17718','27762','2','1','8');
INSERT INTO item_preproc (item_preprocid,itemid,step,type,params) values ('17719','27763','1','1','1000000');
INSERT INTO item_preproc (item_preprocid,itemid,step,type,params) values ('17720','27789','1','10','');
INSERT INTO item_preproc (item_preprocid,itemid,step,type,params) values ('17721','27790','1','10','');
INSERT INTO item_preproc (item_preprocid,itemid,step,type,params) values ('17722','27791','1','10','');
INSERT INTO item_preproc (item_preprocid,itemid,step,type,params) values ('17723','27791','2','1','8');
INSERT INTO item_preproc (item_preprocid,itemid,step,type,params) values ('17724','27792','1','10','');
INSERT INTO item_preproc (item_preprocid,itemid,step,type,params) values ('17725','27793','1','10','');
INSERT INTO item_preproc (item_preprocid,itemid,step,type,params) values ('17726','27794','1','10','');
INSERT INTO item_preproc (item_preprocid,itemid,step,type,params) values ('17727','27794','2','1','8');
INSERT INTO item_preproc (item_preprocid,itemid,step,type,params) values ('17728','27795','1','1','1000000');
INSERT INTO item_preproc (item_preprocid,itemid,step,type,params) values ('17729','27873','1','10','');
INSERT INTO item_preproc (item_preprocid,itemid,step,type,params) values ('17730','27874','1','10','');
INSERT INTO item_preproc (item_preprocid,itemid,step,type,params) values ('17731','27875','1','10','');
INSERT INTO item_preproc (item_preprocid,itemid,step,type,params) values ('17732','27875','2','1','8');
INSERT INTO item_preproc (item_preprocid,itemid,step,type,params) values ('17733','27876','1','10','');
INSERT INTO item_preproc (item_preprocid,itemid,step,type,params) values ('17734','27877','1','10','');
INSERT INTO item_preproc (item_preprocid,itemid,step,type,params) values ('17735','27878','1','10','');
INSERT INTO item_preproc (item_preprocid,itemid,step,type,params) values ('17736','27878','2','1','8');
INSERT INTO item_preproc (item_preprocid,itemid,step,type,params) values ('17737','27879','1','1','1000000');
INSERT INTO item_preproc (item_preprocid,itemid,step,type,params) values ('17738','27910','1','10','');
INSERT INTO item_preproc (item_preprocid,itemid,step,type,params) values ('17739','27911','1','10','');
INSERT INTO item_preproc (item_preprocid,itemid,step,type,params) values ('17740','27912','1','10','');
INSERT INTO item_preproc (item_preprocid,itemid,step,type,params) values ('17741','27912','2','1','8');
INSERT INTO item_preproc (item_preprocid,itemid,step,type,params) values ('17742','27913','1','10','');
INSERT INTO item_preproc (item_preprocid,itemid,step,type,params) values ('17743','27914','1','10','');
INSERT INTO item_preproc (item_preprocid,itemid,step,type,params) values ('17744','27915','1','10','');
INSERT INTO item_preproc (item_preprocid,itemid,step,type,params) values ('17745','27915','2','1','8');
INSERT INTO item_preproc (item_preprocid,itemid,step,type,params) values ('17746','27916','1','1','1000000');
INSERT INTO item_preproc (item_preprocid,itemid,step,type,params) values ('17747','27945','1','10','');
INSERT INTO item_preproc (item_preprocid,itemid,step,type,params) values ('17748','27946','1','10','');
INSERT INTO item_preproc (item_preprocid,itemid,step,type,params) values ('17749','27947','1','10','');
INSERT INTO item_preproc (item_preprocid,itemid,step,type,params) values ('17750','27947','2','1','8');
INSERT INTO item_preproc (item_preprocid,itemid,step,type,params) values ('17751','27948','1','10','');
INSERT INTO item_preproc (item_preprocid,itemid,step,type,params) values ('17752','27949','1','10','');
INSERT INTO item_preproc (item_preprocid,itemid,step,type,params) values ('17753','27950','1','10','');
INSERT INTO item_preproc (item_preprocid,itemid,step,type,params) values ('17754','27950','2','1','8');
INSERT INTO item_preproc (item_preprocid,itemid,step,type,params) values ('17755','27951','1','1','1000000');
INSERT INTO item_preproc (item_preprocid,itemid,step,type,params) values ('17756','28059','1','10','');
INSERT INTO item_preproc (item_preprocid,itemid,step,type,params) values ('17757','28060','1','10','');
INSERT INTO item_preproc (item_preprocid,itemid,step,type,params) values ('17758','28061','1','10','');
INSERT INTO item_preproc (item_preprocid,itemid,step,type,params) values ('17759','28061','2','1','8');
INSERT INTO item_preproc (item_preprocid,itemid,step,type,params) values ('17760','28062','1','10','');
INSERT INTO item_preproc (item_preprocid,itemid,step,type,params) values ('17761','28063','1','10','');
INSERT INTO item_preproc (item_preprocid,itemid,step,type,params) values ('17762','28064','1','10','');
INSERT INTO item_preproc (item_preprocid,itemid,step,type,params) values ('17763','28064','2','1','8');
INSERT INTO item_preproc (item_preprocid,itemid,step,type,params) values ('17764','28065','1','1','1000000');
INSERT INTO item_preproc (item_preprocid,itemid,step,type,params) values ('17765','28119','1','10','');
INSERT INTO item_preproc (item_preprocid,itemid,step,type,params) values ('17766','28120','1','10','');
INSERT INTO item_preproc (item_preprocid,itemid,step,type,params) values ('17767','28121','1','10','');
INSERT INTO item_preproc (item_preprocid,itemid,step,type,params) values ('17768','28121','2','1','8');
INSERT INTO item_preproc (item_preprocid,itemid,step,type,params) values ('17769','28122','1','10','');
INSERT INTO item_preproc (item_preprocid,itemid,step,type,params) values ('17770','28123','1','10','');
INSERT INTO item_preproc (item_preprocid,itemid,step,type,params) values ('17771','28124','1','10','');
INSERT INTO item_preproc (item_preprocid,itemid,step,type,params) values ('17772','28124','2','1','8');
INSERT INTO item_preproc (item_preprocid,itemid,step,type,params) values ('17773','28125','1','1','1000000');
INSERT INTO item_preproc (item_preprocid,itemid,step,type,params) values ('17774','28176','1','10','');
INSERT INTO item_preproc (item_preprocid,itemid,step,type,params) values ('17775','28177','1','10','');
INSERT INTO item_preproc (item_preprocid,itemid,step,type,params) values ('17776','28178','1','10','');
INSERT INTO item_preproc (item_preprocid,itemid,step,type,params) values ('17777','28178','2','1','8');
INSERT INTO item_preproc (item_preprocid,itemid,step,type,params) values ('17778','28179','1','10','');
INSERT INTO item_preproc (item_preprocid,itemid,step,type,params) values ('17779','28180','1','10','');
INSERT INTO item_preproc (item_preprocid,itemid,step,type,params) values ('17780','28181','1','10','');
INSERT INTO item_preproc (item_preprocid,itemid,step,type,params) values ('17781','28181','2','1','8');
INSERT INTO item_preproc (item_preprocid,itemid,step,type,params) values ('17782','28182','1','1','1000000');
INSERT INTO item_preproc (item_preprocid,itemid,step,type,params) values ('17783','28224','1','10','');
INSERT INTO item_preproc (item_preprocid,itemid,step,type,params) values ('17784','28225','1','10','');
INSERT INTO item_preproc (item_preprocid,itemid,step,type,params) values ('17785','28226','1','10','');
INSERT INTO item_preproc (item_preprocid,itemid,step,type,params) values ('17786','28226','2','1','8');
INSERT INTO item_preproc (item_preprocid,itemid,step,type,params) values ('17787','28227','1','10','');
INSERT INTO item_preproc (item_preprocid,itemid,step,type,params) values ('17788','28228','1','10','');
INSERT INTO item_preproc (item_preprocid,itemid,step,type,params) values ('17789','28229','1','10','');
INSERT INTO item_preproc (item_preprocid,itemid,step,type,params) values ('17790','28229','2','1','8');
INSERT INTO item_preproc (item_preprocid,itemid,step,type,params) values ('17791','28230','1','1','1000000');
INSERT INTO item_preproc (item_preprocid,itemid,step,type,params) values ('17792','28294','1','10','');
INSERT INTO item_preproc (item_preprocid,itemid,step,type,params) values ('17793','28295','1','10','');
INSERT INTO item_preproc (item_preprocid,itemid,step,type,params) values ('17794','28296','1','10','');
INSERT INTO item_preproc (item_preprocid,itemid,step,type,params) values ('17795','28296','2','1','8');
INSERT INTO item_preproc (item_preprocid,itemid,step,type,params) values ('17796','28297','1','10','');
INSERT INTO item_preproc (item_preprocid,itemid,step,type,params) values ('17797','28298','1','10','');
INSERT INTO item_preproc (item_preprocid,itemid,step,type,params) values ('17798','28299','1','10','');
INSERT INTO item_preproc (item_preprocid,itemid,step,type,params) values ('17799','28299','2','1','8');
INSERT INTO item_preproc (item_preprocid,itemid,step,type,params) values ('17800','28300','1','1','1000000');
INSERT INTO item_preproc (item_preprocid,itemid,step,type,params) values ('17801','27069','1','10','');
INSERT INTO item_preproc (item_preprocid,itemid,step,type,params) values ('17802','27072','1','10','');
INSERT INTO item_preproc (item_preprocid,itemid,step,type,params) values ('17803','27073','1','10','');
INSERT INTO item_preproc (item_preprocid,itemid,step,type,params) values ('17804','27074','1','10','');
INSERT INTO item_preproc (item_preprocid,itemid,step,type,params) values ('17805','27074','2','1','8');
INSERT INTO item_preproc (item_preprocid,itemid,step,type,params) values ('17806','27075','1','10','');
INSERT INTO item_preproc (item_preprocid,itemid,step,type,params) values ('17807','27075','2','1','8');
INSERT INTO item_preproc (item_preprocid,itemid,step,type,params) values ('17808','27076','1','10','');
INSERT INTO item_preproc (item_preprocid,itemid,step,type,params) values ('17809','27597','1','10','');
INSERT INTO item_preproc (item_preprocid,itemid,step,type,params) values ('17810','27598','1','10','');
INSERT INTO item_preproc (item_preprocid,itemid,step,type,params) values ('17811','27599','1','10','');
INSERT INTO item_preproc (item_preprocid,itemid,step,type,params) values ('17812','27599','2','1','8');
INSERT INTO item_preproc (item_preprocid,itemid,step,type,params) values ('17813','27600','1','10','');
INSERT INTO item_preproc (item_preprocid,itemid,step,type,params) values ('17814','27601','1','10','');
INSERT INTO item_preproc (item_preprocid,itemid,step,type,params) values ('17815','27602','1','10','');
INSERT INTO item_preproc (item_preprocid,itemid,step,type,params) values ('17816','27602','2','1','8');
INSERT INTO item_preproc (item_preprocid,itemid,step,type,params) values ('17817','28006','1','10','');
INSERT INTO item_preproc (item_preprocid,itemid,step,type,params) values ('17818','28007','1','10','');
INSERT INTO item_preproc (item_preprocid,itemid,step,type,params) values ('17819','28008','1','10','');
INSERT INTO item_preproc (item_preprocid,itemid,step,type,params) values ('17820','28008','2','1','8');
INSERT INTO item_preproc (item_preprocid,itemid,step,type,params) values ('17821','28009','1','10','');
INSERT INTO item_preproc (item_preprocid,itemid,step,type,params) values ('17822','28010','1','10','');
INSERT INTO item_preproc (item_preprocid,itemid,step,type,params) values ('17823','28011','1','10','');
INSERT INTO item_preproc (item_preprocid,itemid,step,type,params) values ('17824','28011','2','1','8');
INSERT INTO item_preproc (item_preprocid,itemid,step,type,params) values ('17825','27079','1','10','');
INSERT INTO item_preproc (item_preprocid,itemid,step,type,params) values ('17826','27082','1','10','');
INSERT INTO item_preproc (item_preprocid,itemid,step,type,params) values ('17827','27083','1','10','');
INSERT INTO item_preproc (item_preprocid,itemid,step,type,params) values ('17828','27084','1','10','');
INSERT INTO item_preproc (item_preprocid,itemid,step,type,params) values ('17829','27084','2','1','8');
INSERT INTO item_preproc (item_preprocid,itemid,step,type,params) values ('17830','27085','1','10','');
INSERT INTO item_preproc (item_preprocid,itemid,step,type,params) values ('17831','27085','2','1','8');
INSERT INTO item_preproc (item_preprocid,itemid,step,type,params) values ('17832','27086','1','10','');
INSERT INTO item_preproc (item_preprocid,itemid,step,type,params) values ('17833','27620','1','10','');
INSERT INTO item_preproc (item_preprocid,itemid,step,type,params) values ('17834','27621','1','10','');
INSERT INTO item_preproc (item_preprocid,itemid,step,type,params) values ('17835','27622','1','10','');
INSERT INTO item_preproc (item_preprocid,itemid,step,type,params) values ('17836','27622','2','1','8');
INSERT INTO item_preproc (item_preprocid,itemid,step,type,params) values ('17837','27623','1','10','');
INSERT INTO item_preproc (item_preprocid,itemid,step,type,params) values ('17838','27624','1','10','');
INSERT INTO item_preproc (item_preprocid,itemid,step,type,params) values ('17839','27625','1','10','');
INSERT INTO item_preproc (item_preprocid,itemid,step,type,params) values ('17840','27625','2','1','8');
INSERT INTO item_preproc (item_preprocid,itemid,step,type,params) values ('17841','27977','1','10','');
INSERT INTO item_preproc (item_preprocid,itemid,step,type,params) values ('17842','27978','1','10','');
INSERT INTO item_preproc (item_preprocid,itemid,step,type,params) values ('17843','27979','1','10','');
INSERT INTO item_preproc (item_preprocid,itemid,step,type,params) values ('17844','27979','2','1','8');
INSERT INTO item_preproc (item_preprocid,itemid,step,type,params) values ('17845','27980','1','10','');
INSERT INTO item_preproc (item_preprocid,itemid,step,type,params) values ('17846','27981','1','10','');
INSERT INTO item_preproc (item_preprocid,itemid,step,type,params) values ('17847','27982','1','10','');
INSERT INTO item_preproc (item_preprocid,itemid,step,type,params) values ('17848','27982','2','1','8');
INSERT INTO item_preproc (item_preprocid,itemid,step,type,params) values ('17849','27119','1','10','');
INSERT INTO item_preproc (item_preprocid,itemid,step,type,params) values ('17850','27121','1','1','1000000');
INSERT INTO item_preproc (item_preprocid,itemid,step,type,params) values ('17851','27122','1','10','');
INSERT INTO item_preproc (item_preprocid,itemid,step,type,params) values ('17852','27123','1','10','');
INSERT INTO item_preproc (item_preprocid,itemid,step,type,params) values ('17853','27124','1','10','');
INSERT INTO item_preproc (item_preprocid,itemid,step,type,params) values ('17854','27124','2','1','8');
INSERT INTO item_preproc (item_preprocid,itemid,step,type,params) values ('17855','27125','1','10','');
INSERT INTO item_preproc (item_preprocid,itemid,step,type,params) values ('17856','27125','2','1','8');
INSERT INTO item_preproc (item_preprocid,itemid,step,type,params) values ('17857','27126','1','10','');
INSERT INTO item_preproc (item_preprocid,itemid,step,type,params) values ('17858','28098','1','10','');
INSERT INTO item_preproc (item_preprocid,itemid,step,type,params) values ('17859','28099','1','10','');
INSERT INTO item_preproc (item_preprocid,itemid,step,type,params) values ('17860','28100','1','10','');
INSERT INTO item_preproc (item_preprocid,itemid,step,type,params) values ('17861','28100','2','1','8');
INSERT INTO item_preproc (item_preprocid,itemid,step,type,params) values ('17862','28101','1','10','');
INSERT INTO item_preproc (item_preprocid,itemid,step,type,params) values ('17863','28102','1','10','');
INSERT INTO item_preproc (item_preprocid,itemid,step,type,params) values ('17864','28103','1','10','');
INSERT INTO item_preproc (item_preprocid,itemid,step,type,params) values ('17865','28103','2','1','8');
INSERT INTO item_preproc (item_preprocid,itemid,step,type,params) values ('17866','28104','1','1','1000000');
INSERT INTO item_preproc (item_preprocid,itemid,step,type,params) values ('17867','27203','1','5','^(\w|-|\.|/)+ (\w|-|\.|/)+ (.+) Copyright
\3');
INSERT INTO item_preproc (item_preprocid,itemid,step,type,params) values ('17868','27204','1','5','^((\w|-|\.|/)+)
\1');
INSERT INTO item_preproc (item_preprocid,itemid,step,type,params) values ('17869','27206','1','1','1024');
INSERT INTO item_preproc (item_preprocid,itemid,step,type,params) values ('17870','27207','1','1','1024');
INSERT INTO item_preproc (item_preprocid,itemid,step,type,params) values ('17871','28323','1','1','0.1');
INSERT INTO item_preproc (item_preprocid,itemid,step,type,params) values ('17872','27314','1','1','0.5');
INSERT INTO item_preproc (item_preprocid,itemid,step,type,params) values ('17873','27315','1','1','0.5');
INSERT INTO item_preproc (item_preprocid,itemid,step,type,params) values ('17874','27318','1','1','0.5');
INSERT INTO item_preproc (item_preprocid,itemid,step,type,params) values ('17875','28727','1','5','Version (.+), RELEASE
\1');
INSERT INTO item_preproc (item_preprocid,itemid,step,type,params) values ('17876','28728','1','5','Version (.+), RELEASE
\1');
INSERT INTO item_preproc (item_preprocid,itemid,step,type,params) values ('17877','28729','1','5','Version (.+), RELEASE
\1');
INSERT INTO item_preproc (item_preprocid,itemid,step,type,params) values ('17878','28730','1','5','Version (.+), RELEASE
\1');
INSERT INTO item_preproc (item_preprocid,itemid,step,type,params) values ('17879','27591','1','1','1024');
INSERT INTO item_preproc (item_preprocid,itemid,step,type,params) values ('17880','27592','1','1','1024');
INSERT INTO item_preproc (item_preprocid,itemid,step,type,params) values ('17881','27777','1','5','Firmware Version: ([0-9.]+),
\1');
INSERT INTO item_preproc (item_preprocid,itemid,step,type,params) values ('17882','27778','1','5','(.+) - Firmware
\1');
INSERT INTO item_preproc (item_preprocid,itemid,step,type,params) values ('17883','27811','1','5','kernel (JUNOS [0-9a-zA-Z\.\-]+)
\1');
INSERT INTO item_preproc (item_preprocid,itemid,step,type,params) values ('17884','28201','1','1','0.1');
INSERT INTO item_preproc (item_preprocid,itemid,step,type,params) values ('17885','27897','1','1','0.1');
INSERT INTO item_preproc (item_preprocid,itemid,step,type,params) values ('17886','27898','1','1','1024');
INSERT INTO item_preproc (item_preprocid,itemid,step,type,params) values ('17887','27900','1','1','1024');
INSERT INTO item_preproc (item_preprocid,itemid,step,type,params) values ('17888','27905','1','1','0.1');
INSERT INTO item_preproc (item_preprocid,itemid,step,type,params) values ('17889','27907','1','1','1024');
INSERT INTO item_preproc (item_preprocid,itemid,step,type,params) values ('17890','27908','1','1','1024');
INSERT INTO item_preproc (item_preprocid,itemid,step,type,params) values ('17891','27936','1','5','60 Secs \( ([0-9\.]+)%\).+300 Secs
\1');
INSERT INTO item_preproc (item_preprocid,itemid,step,type,params) values ('17892','28029','1','1','1024');
INSERT INTO item_preproc (item_preprocid,itemid,step,type,params) values ('17893','28030','1','1','1024');
INSERT INTO item_preproc (item_preprocid,itemid,step,type,params) values ('17894','28647','1','1','1048576');
INSERT INTO item_preproc (item_preprocid,itemid,step,type,params) values ('17895','28650','1','1','1048576');
INSERT INTO item_preproc (item_preprocid,itemid,step,type,params) values ('17896','28354','1','1','0.1');
INSERT INTO item_preproc (item_preprocid,itemid,step,type,params) values ('17897','28356','1','1','0.1');
INSERT INTO item_preproc (item_preprocid,itemid,step,type,params) values ('17898','28367','1','1','1048576');
INSERT INTO item_preproc (item_preprocid,itemid,step,type,params) values ('17899','28372','1','1','1048576');
INSERT INTO item_preproc (item_preprocid,itemid,step,type,params) values ('17900','28422','1','1','1048576');
INSERT INTO item_preproc (item_preprocid,itemid,step,type,params) values ('17901','28425','1','1','1048576');
INSERT INTO item_preproc (item_preprocid,itemid,step,type,params) values ('17902','28451','1','5','(\d{1,3}) *%( of maximum)?
\1');
INSERT INTO item_preproc (item_preprocid,itemid,step,type,params) values ('17903','28479','1','5','(\d{1,3}) *%( of maximum)?
\1');
INSERT INTO sysmap_shape (sysmap_shapeid,sysmapid,type,x,y,width,height,text,font,font_size,font_color,text_halign,text_valign,border_type,border_width,border_color,background_color,zindex) values ('1','1','0','0','0','680','15','{MAP.NAME}','9','11','000000','0','0','0','0','000000','','0');
INSERT INTO dashboard (dashboardid,name,userid,private) values ('1','Global view','1','0');
INSERT INTO dashboard (dashboardid,name,userid,private) values ('2','Zabbix server health','1','1');
INSERT INTO dashboard_usrgrp (dashboard_usrgrpid,dashboardid,usrgrpid,permission) values ('1','2','7','3');
INSERT INTO widget (widgetid,dashboardid,type,name,x,y,width,height) values ('1','1','systeminfo','','0','0','4','4');
INSERT INTO widget (widgetid,dashboardid,type,name,x,y,width,height) values ('2','1','problemsbysv','','4','0','6','4');
INSERT INTO widget (widgetid,dashboardid,type,name,x,y,width,height) values ('3','1','clock','','10','0','2','4');
INSERT INTO widget (widgetid,dashboardid,type,name,x,y,width,height) values ('4','1','problems','','0','4','10','10');
INSERT INTO widget (widgetid,dashboardid,type,name,x,y,width,height) values ('5','1','favmaps','','10','4','2','5');
INSERT INTO widget (widgetid,dashboardid,type,name,x,y,width,height) values ('6','1','favgraphs','','10','9','2','5');
INSERT INTO widget (widgetid,dashboardid,type,name,x,y,width,height) values ('7','2','problems','Zabbix server problems','0','0','10','4');
INSERT INTO widget (widgetid,dashboardid,type,name,x,y,width,height) values ('8','2','clock','Local time','10','0','2','4');
INSERT INTO widget (widgetid,dashboardid,type,name,x,y,width,height) values ('9','2','svggraph','Values processed per second','0','4','4','5');
INSERT INTO widget (widgetid,dashboardid,type,name,x,y,width,height) values ('10','2','svggraph','Utilization of data collectors','4','4','4','5');
INSERT INTO widget (widgetid,dashboardid,type,name,x,y,width,height) values ('11','2','svggraph','Utilization of internal processes','8','4','4','5');
INSERT INTO widget (widgetid,dashboardid,type,name,x,y,width,height) values ('12','2','svggraph','Cache usage','0','9','4','5');
INSERT INTO widget (widgetid,dashboardid,type,name,x,y,width,height) values ('13','2','svggraph','Value cache effectiveness','4','9','4','5');
INSERT INTO widget (widgetid,dashboardid,type,name,x,y,width,height) values ('14','2','svggraph','Queue size','8','9','4','5');
INSERT INTO widget_field (widget_fieldid,widgetid,type,name,value_int,value_str,value_groupid,value_hostid,value_itemid,value_graphid,value_sysmapid) values ('1','2','0','hide_empty_groups','1','',NULL,NULL,NULL,NULL,NULL);
INSERT INTO widget_field (widget_fieldid,widgetid,type,name,value_int,value_str,value_groupid,value_hostid,value_itemid,value_graphid,value_sysmapid) values ('2','4','0','show','3','',NULL,NULL,NULL,NULL,NULL);
INSERT INTO widget_field (widget_fieldid,widgetid,type,name,value_int,value_str,value_groupid,value_hostid,value_itemid,value_graphid,value_sysmapid) values ('3','4','0','show_tags','3','',NULL,NULL,NULL,NULL,NULL);
INSERT INTO widget_field (widget_fieldid,widgetid,type,name,value_int,value_str,value_groupid,value_hostid,value_itemid,value_graphid,value_sysmapid) values ('4','7','3','hostids','0','',NULL,'10084',NULL,NULL,NULL);
INSERT INTO widget_field (widget_fieldid,widgetid,type,name,value_int,value_str,value_groupid,value_hostid,value_itemid,value_graphid,value_sysmapid) values ('5','9','0','ds.axisy.0','0','',NULL,NULL,NULL,NULL,NULL);
INSERT INTO widget_field (widget_fieldid,widgetid,type,name,value_int,value_str,value_groupid,value_hostid,value_itemid,value_graphid,value_sysmapid) values ('6','9','0','ds.fill.0','3','',NULL,NULL,NULL,NULL,NULL);
INSERT INTO widget_field (widget_fieldid,widgetid,type,name,value_int,value_str,value_groupid,value_hostid,value_itemid,value_graphid,value_sysmapid) values ('7','9','0','ds.missingdatafunc.0','0','',NULL,NULL,NULL,NULL,NULL);
INSERT INTO widget_field (widget_fieldid,widgetid,type,name,value_int,value_str,value_groupid,value_hostid,value_itemid,value_graphid,value_sysmapid) values ('8','9','0','ds.transparency.0','0','',NULL,NULL,NULL,NULL,NULL);
INSERT INTO widget_field (widget_fieldid,widgetid,type,name,value_int,value_str,value_groupid,value_hostid,value_itemid,value_graphid,value_sysmapid) values ('9','9','0','ds.type.0','0','',NULL,NULL,NULL,NULL,NULL);
INSERT INTO widget_field (widget_fieldid,widgetid,type,name,value_int,value_str,value_groupid,value_hostid,value_itemid,value_graphid,value_sysmapid) values ('10','9','0','ds.width.0','1','',NULL,NULL,NULL,NULL,NULL);
INSERT INTO widget_field (widget_fieldid,widgetid,type,name,value_int,value_str,value_groupid,value_hostid,value_itemid,value_graphid,value_sysmapid) values ('11','9','0','graph_item_problems','0','',NULL,NULL,NULL,NULL,NULL);
INSERT INTO widget_field (widget_fieldid,widgetid,type,name,value_int,value_str,value_groupid,value_hostid,value_itemid,value_graphid,value_sysmapid) values ('12','9','0','legend','0','',NULL,NULL,NULL,NULL,NULL);
INSERT INTO widget_field (widget_fieldid,widgetid,type,name,value_int,value_str,value_groupid,value_hostid,value_itemid,value_graphid,value_sysmapid) values ('13','9','0','righty','0','',NULL,NULL,NULL,NULL,NULL);
INSERT INTO widget_field (widget_fieldid,widgetid,type,name,value_int,value_str,value_groupid,value_hostid,value_itemid,value_graphid,value_sysmapid) values ('14','9','0','show_problems','1','',NULL,NULL,NULL,NULL,NULL);
INSERT INTO widget_field (widget_fieldid,widgetid,type,name,value_int,value_str,value_groupid,value_hostid,value_itemid,value_graphid,value_sysmapid) values ('15','9','1','ds.color.0','0','00BFFF',NULL,NULL,NULL,NULL,NULL);
INSERT INTO widget_field (widget_fieldid,widgetid,type,name,value_int,value_str,value_groupid,value_hostid,value_itemid,value_graphid,value_sysmapid) values ('16','9','1','ds.hosts.0.0','0','Zabbix server',NULL,NULL,NULL,NULL,NULL);
INSERT INTO widget_field (widget_fieldid,widgetid,type,name,value_int,value_str,value_groupid,value_hostid,value_itemid,value_graphid,value_sysmapid) values ('17','9','1','ds.items.0.0','0','Number of processed *values per second',NULL,NULL,NULL,NULL,NULL);
INSERT INTO widget_field (widget_fieldid,widgetid,type,name,value_int,value_str,value_groupid,value_hostid,value_itemid,value_graphid,value_sysmapid) values ('18','9','1','ds.timeshift.0','0','',NULL,NULL,NULL,NULL,NULL);
INSERT INTO widget_field (widget_fieldid,widgetid,type,name,value_int,value_str,value_groupid,value_hostid,value_itemid,value_graphid,value_sysmapid) values ('19','9','1','lefty_min','0','0',NULL,NULL,NULL,NULL,NULL);
INSERT INTO widget_field (widget_fieldid,widgetid,type,name,value_int,value_str,value_groupid,value_hostid,value_itemid,value_graphid,value_sysmapid) values ('20','9','1','problemhosts.0','0','Zabbix server',NULL,NULL,NULL,NULL,NULL);
INSERT INTO widget_field (widget_fieldid,widgetid,type,name,value_int,value_str,value_groupid,value_hostid,value_itemid,value_graphid,value_sysmapid) values ('21','10','0','ds.axisy.0','0','',NULL,NULL,NULL,NULL,NULL);
INSERT INTO widget_field (widget_fieldid,widgetid,type,name,value_int,value_str,value_groupid,value_hostid,value_itemid,value_graphid,value_sysmapid) values ('22','10','0','ds.fill.0','3','',NULL,NULL,NULL,NULL,NULL);
INSERT INTO widget_field (widget_fieldid,widgetid,type,name,value_int,value_str,value_groupid,value_hostid,value_itemid,value_graphid,value_sysmapid) values ('23','10','0','ds.missingdatafunc.0','0','',NULL,NULL,NULL,NULL,NULL);
INSERT INTO widget_field (widget_fieldid,widgetid,type,name,value_int,value_str,value_groupid,value_hostid,value_itemid,value_graphid,value_sysmapid) values ('24','10','0','ds.transparency.0','0','',NULL,NULL,NULL,NULL,NULL);
INSERT INTO widget_field (widget_fieldid,widgetid,type,name,value_int,value_str,value_groupid,value_hostid,value_itemid,value_graphid,value_sysmapid) values ('25','10','0','ds.type.0','0','',NULL,NULL,NULL,NULL,NULL);
INSERT INTO widget_field (widget_fieldid,widgetid,type,name,value_int,value_str,value_groupid,value_hostid,value_itemid,value_graphid,value_sysmapid) values ('26','10','0','ds.width.0','1','',NULL,NULL,NULL,NULL,NULL);
INSERT INTO widget_field (widget_fieldid,widgetid,type,name,value_int,value_str,value_groupid,value_hostid,value_itemid,value_graphid,value_sysmapid) values ('27','10','0','graph_item_problems','0','',NULL,NULL,NULL,NULL,NULL);
INSERT INTO widget_field (widget_fieldid,widgetid,type,name,value_int,value_str,value_groupid,value_hostid,value_itemid,value_graphid,value_sysmapid) values ('28','10','0','legend','0','',NULL,NULL,NULL,NULL,NULL);
INSERT INTO widget_field (widget_fieldid,widgetid,type,name,value_int,value_str,value_groupid,value_hostid,value_itemid,value_graphid,value_sysmapid) values ('29','10','0','righty','0','',NULL,NULL,NULL,NULL,NULL);
INSERT INTO widget_field (widget_fieldid,widgetid,type,name,value_int,value_str,value_groupid,value_hostid,value_itemid,value_graphid,value_sysmapid) values ('30','10','0','show_problems','1','',NULL,NULL,NULL,NULL,NULL);
INSERT INTO widget_field (widget_fieldid,widgetid,type,name,value_int,value_str,value_groupid,value_hostid,value_itemid,value_graphid,value_sysmapid) values ('31','10','1','ds.color.0','0','E57373',NULL,NULL,NULL,NULL,NULL);
INSERT INTO widget_field (widget_fieldid,widgetid,type,name,value_int,value_str,value_groupid,value_hostid,value_itemid,value_graphid,value_sysmapid) values ('32','10','1','ds.hosts.0.0','0','Zabbix server',NULL,NULL,NULL,NULL,NULL);
INSERT INTO widget_field (widget_fieldid,widgetid,type,name,value_int,value_str,value_groupid,value_hostid,value_itemid,value_graphid,value_sysmapid) values ('33','10','1','ds.items.0.0','0','Utilization of * data collector *',NULL,NULL,NULL,NULL,NULL);
INSERT INTO widget_field (widget_fieldid,widgetid,type,name,value_int,value_str,value_groupid,value_hostid,value_itemid,value_graphid,value_sysmapid) values ('34','10','1','ds.timeshift.0','0','',NULL,NULL,NULL,NULL,NULL);
INSERT INTO widget_field (widget_fieldid,widgetid,type,name,value_int,value_str,value_groupid,value_hostid,value_itemid,value_graphid,value_sysmapid) values ('35','10','1','lefty_max','0','100',NULL,NULL,NULL,NULL,NULL);
INSERT INTO widget_field (widget_fieldid,widgetid,type,name,value_int,value_str,value_groupid,value_hostid,value_itemid,value_graphid,value_sysmapid) values ('36','10','1','lefty_min','0','0',NULL,NULL,NULL,NULL,NULL);
INSERT INTO widget_field (widget_fieldid,widgetid,type,name,value_int,value_str,value_groupid,value_hostid,value_itemid,value_graphid,value_sysmapid) values ('37','10','1','problemhosts.0','0','Zabbix server',NULL,NULL,NULL,NULL,NULL);
INSERT INTO widget_field (widget_fieldid,widgetid,type,name,value_int,value_str,value_groupid,value_hostid,value_itemid,value_graphid,value_sysmapid) values ('38','11','0','ds.axisy.0','0','',NULL,NULL,NULL,NULL,NULL);
INSERT INTO widget_field (widget_fieldid,widgetid,type,name,value_int,value_str,value_groupid,value_hostid,value_itemid,value_graphid,value_sysmapid) values ('39','11','0','ds.fill.0','3','',NULL,NULL,NULL,NULL,NULL);
INSERT INTO widget_field (widget_fieldid,widgetid,type,name,value_int,value_str,value_groupid,value_hostid,value_itemid,value_graphid,value_sysmapid) values ('40','11','0','ds.missingdatafunc.0','0','',NULL,NULL,NULL,NULL,NULL);
INSERT INTO widget_field (widget_fieldid,widgetid,type,name,value_int,value_str,value_groupid,value_hostid,value_itemid,value_graphid,value_sysmapid) values ('41','11','0','ds.transparency.0','0','',NULL,NULL,NULL,NULL,NULL);
INSERT INTO widget_field (widget_fieldid,widgetid,type,name,value_int,value_str,value_groupid,value_hostid,value_itemid,value_graphid,value_sysmapid) values ('42','11','0','ds.type.0','0','',NULL,NULL,NULL,NULL,NULL);
INSERT INTO widget_field (widget_fieldid,widgetid,type,name,value_int,value_str,value_groupid,value_hostid,value_itemid,value_graphid,value_sysmapid) values ('43','11','0','ds.width.0','1','',NULL,NULL,NULL,NULL,NULL);
INSERT INTO widget_field (widget_fieldid,widgetid,type,name,value_int,value_str,value_groupid,value_hostid,value_itemid,value_graphid,value_sysmapid) values ('44','11','0','graph_item_problems','0','',NULL,NULL,NULL,NULL,NULL);
INSERT INTO widget_field (widget_fieldid,widgetid,type,name,value_int,value_str,value_groupid,value_hostid,value_itemid,value_graphid,value_sysmapid) values ('45','11','0','legend','0','',NULL,NULL,NULL,NULL,NULL);
INSERT INTO widget_field (widget_fieldid,widgetid,type,name,value_int,value_str,value_groupid,value_hostid,value_itemid,value_graphid,value_sysmapid) values ('46','11','0','righty','0','',NULL,NULL,NULL,NULL,NULL);
INSERT INTO widget_field (widget_fieldid,widgetid,type,name,value_int,value_str,value_groupid,value_hostid,value_itemid,value_graphid,value_sysmapid) values ('47','11','0','show_problems','1','',NULL,NULL,NULL,NULL,NULL);
INSERT INTO widget_field (widget_fieldid,widgetid,type,name,value_int,value_str,value_groupid,value_hostid,value_itemid,value_graphid,value_sysmapid) values ('48','11','1','ds.color.0','0','E57373',NULL,NULL,NULL,NULL,NULL);
INSERT INTO widget_field (widget_fieldid,widgetid,type,name,value_int,value_str,value_groupid,value_hostid,value_itemid,value_graphid,value_sysmapid) values ('49','11','1','ds.hosts.0.0','0','Zabbix server',NULL,NULL,NULL,NULL,NULL);
INSERT INTO widget_field (widget_fieldid,widgetid,type,name,value_int,value_str,value_groupid,value_hostid,value_itemid,value_graphid,value_sysmapid) values ('50','11','1','ds.items.0.0','0','Utilization of * internal *',NULL,NULL,NULL,NULL,NULL);
INSERT INTO widget_field (widget_fieldid,widgetid,type,name,value_int,value_str,value_groupid,value_hostid,value_itemid,value_graphid,value_sysmapid) values ('51','11','1','ds.timeshift.0','0','',NULL,NULL,NULL,NULL,NULL);
INSERT INTO widget_field (widget_fieldid,widgetid,type,name,value_int,value_str,value_groupid,value_hostid,value_itemid,value_graphid,value_sysmapid) values ('52','11','1','lefty_max','0','100',NULL,NULL,NULL,NULL,NULL);
INSERT INTO widget_field (widget_fieldid,widgetid,type,name,value_int,value_str,value_groupid,value_hostid,value_itemid,value_graphid,value_sysmapid) values ('53','11','1','lefty_min','0','0',NULL,NULL,NULL,NULL,NULL);
INSERT INTO widget_field (widget_fieldid,widgetid,type,name,value_int,value_str,value_groupid,value_hostid,value_itemid,value_graphid,value_sysmapid) values ('54','11','1','problemhosts.0','0','Zabbix server',NULL,NULL,NULL,NULL,NULL);
INSERT INTO widget_field (widget_fieldid,widgetid,type,name,value_int,value_str,value_groupid,value_hostid,value_itemid,value_graphid,value_sysmapid) values ('55','12','0','ds.axisy.0','0','',NULL,NULL,NULL,NULL,NULL);
INSERT INTO widget_field (widget_fieldid,widgetid,type,name,value_int,value_str,value_groupid,value_hostid,value_itemid,value_graphid,value_sysmapid) values ('56','12','0','ds.fill.0','0','',NULL,NULL,NULL,NULL,NULL);
INSERT INTO widget_field (widget_fieldid,widgetid,type,name,value_int,value_str,value_groupid,value_hostid,value_itemid,value_graphid,value_sysmapid) values ('57','12','0','ds.missingdatafunc.0','0','',NULL,NULL,NULL,NULL,NULL);
INSERT INTO widget_field (widget_fieldid,widgetid,type,name,value_int,value_str,value_groupid,value_hostid,value_itemid,value_graphid,value_sysmapid) values ('58','12','0','ds.transparency.0','0','',NULL,NULL,NULL,NULL,NULL);
INSERT INTO widget_field (widget_fieldid,widgetid,type,name,value_int,value_str,value_groupid,value_hostid,value_itemid,value_graphid,value_sysmapid) values ('59','12','0','ds.type.0','0','',NULL,NULL,NULL,NULL,NULL);
INSERT INTO widget_field (widget_fieldid,widgetid,type,name,value_int,value_str,value_groupid,value_hostid,value_itemid,value_graphid,value_sysmapid) values ('60','12','0','ds.width.0','2','',NULL,NULL,NULL,NULL,NULL);
INSERT INTO widget_field (widget_fieldid,widgetid,type,name,value_int,value_str,value_groupid,value_hostid,value_itemid,value_graphid,value_sysmapid) values ('61','12','0','graph_item_problems','0','',NULL,NULL,NULL,NULL,NULL);
INSERT INTO widget_field (widget_fieldid,widgetid,type,name,value_int,value_str,value_groupid,value_hostid,value_itemid,value_graphid,value_sysmapid) values ('62','12','0','legend','0','',NULL,NULL,NULL,NULL,NULL);
INSERT INTO widget_field (widget_fieldid,widgetid,type,name,value_int,value_str,value_groupid,value_hostid,value_itemid,value_graphid,value_sysmapid) values ('63','12','0','righty','0','',NULL,NULL,NULL,NULL,NULL);
INSERT INTO widget_field (widget_fieldid,widgetid,type,name,value_int,value_str,value_groupid,value_hostid,value_itemid,value_graphid,value_sysmapid) values ('64','12','0','show_problems','1','',NULL,NULL,NULL,NULL,NULL);
INSERT INTO widget_field (widget_fieldid,widgetid,type,name,value_int,value_str,value_groupid,value_hostid,value_itemid,value_graphid,value_sysmapid) values ('65','12','1','ds.color.0','0','4DB6AC',NULL,NULL,NULL,NULL,NULL);
INSERT INTO widget_field (widget_fieldid,widgetid,type,name,value_int,value_str,value_groupid,value_hostid,value_itemid,value_graphid,value_sysmapid) values ('66','12','1','ds.hosts.0.0','0','Zabbix server',NULL,NULL,NULL,NULL,NULL);
INSERT INTO widget_field (widget_fieldid,widgetid,type,name,value_int,value_str,value_groupid,value_hostid,value_itemid,value_graphid,value_sysmapid) values ('67','12','1','ds.items.0.0','0','Zabbix*cache*% used',NULL,NULL,NULL,NULL,NULL);
INSERT INTO widget_field (widget_fieldid,widgetid,type,name,value_int,value_str,value_groupid,value_hostid,value_itemid,value_graphid,value_sysmapid) values ('68','12','1','ds.timeshift.0','0','',NULL,NULL,NULL,NULL,NULL);
INSERT INTO widget_field (widget_fieldid,widgetid,type,name,value_int,value_str,value_groupid,value_hostid,value_itemid,value_graphid,value_sysmapid) values ('69','12','1','lefty_max','0','100',NULL,NULL,NULL,NULL,NULL);
INSERT INTO widget_field (widget_fieldid,widgetid,type,name,value_int,value_str,value_groupid,value_hostid,value_itemid,value_graphid,value_sysmapid) values ('70','12','1','lefty_min','0','0',NULL,NULL,NULL,NULL,NULL);
INSERT INTO widget_field (widget_fieldid,widgetid,type,name,value_int,value_str,value_groupid,value_hostid,value_itemid,value_graphid,value_sysmapid) values ('71','12','1','problemhosts.0','0','Zabbix server',NULL,NULL,NULL,NULL,NULL);
INSERT INTO widget_field (widget_fieldid,widgetid,type,name,value_int,value_str,value_groupid,value_hostid,value_itemid,value_graphid,value_sysmapid) values ('72','13','0','ds.axisy.0','0','',NULL,NULL,NULL,NULL,NULL);
INSERT INTO widget_field (widget_fieldid,widgetid,type,name,value_int,value_str,value_groupid,value_hostid,value_itemid,value_graphid,value_sysmapid) values ('73','13','0','ds.axisy.1','0','',NULL,NULL,NULL,NULL,NULL);
INSERT INTO widget_field (widget_fieldid,widgetid,type,name,value_int,value_str,value_groupid,value_hostid,value_itemid,value_graphid,value_sysmapid) values ('74','13','0','ds.fill.0','3','',NULL,NULL,NULL,NULL,NULL);
INSERT INTO widget_field (widget_fieldid,widgetid,type,name,value_int,value_str,value_groupid,value_hostid,value_itemid,value_graphid,value_sysmapid) values ('75','13','0','ds.fill.1','3','',NULL,NULL,NULL,NULL,NULL);
INSERT INTO widget_field (widget_fieldid,widgetid,type,name,value_int,value_str,value_groupid,value_hostid,value_itemid,value_graphid,value_sysmapid) values ('76','13','0','ds.missingdatafunc.0','0','',NULL,NULL,NULL,NULL,NULL);
INSERT INTO widget_field (widget_fieldid,widgetid,type,name,value_int,value_str,value_groupid,value_hostid,value_itemid,value_graphid,value_sysmapid) values ('77','13','0','ds.missingdatafunc.1','0','',NULL,NULL,NULL,NULL,NULL);
INSERT INTO widget_field (widget_fieldid,widgetid,type,name,value_int,value_str,value_groupid,value_hostid,value_itemid,value_graphid,value_sysmapid) values ('78','13','0','ds.transparency.0','0','',NULL,NULL,NULL,NULL,NULL);
INSERT INTO widget_field (widget_fieldid,widgetid,type,name,value_int,value_str,value_groupid,value_hostid,value_itemid,value_graphid,value_sysmapid) values ('79','13','0','ds.transparency.1','0','',NULL,NULL,NULL,NULL,NULL);
INSERT INTO widget_field (widget_fieldid,widgetid,type,name,value_int,value_str,value_groupid,value_hostid,value_itemid,value_graphid,value_sysmapid) values ('80','13','0','ds.type.0','0','',NULL,NULL,NULL,NULL,NULL);
INSERT INTO widget_field (widget_fieldid,widgetid,type,name,value_int,value_str,value_groupid,value_hostid,value_itemid,value_graphid,value_sysmapid) values ('81','13','0','ds.type.1','0','',NULL,NULL,NULL,NULL,NULL);
INSERT INTO widget_field (widget_fieldid,widgetid,type,name,value_int,value_str,value_groupid,value_hostid,value_itemid,value_graphid,value_sysmapid) values ('82','13','0','ds.width.0','2','',NULL,NULL,NULL,NULL,NULL);
INSERT INTO widget_field (widget_fieldid,widgetid,type,name,value_int,value_str,value_groupid,value_hostid,value_itemid,value_graphid,value_sysmapid) values ('83','13','0','ds.width.1','2','',NULL,NULL,NULL,NULL,NULL);
INSERT INTO widget_field (widget_fieldid,widgetid,type,name,value_int,value_str,value_groupid,value_hostid,value_itemid,value_graphid,value_sysmapid) values ('84','13','0','graph_item_problems','0','',NULL,NULL,NULL,NULL,NULL);
INSERT INTO widget_field (widget_fieldid,widgetid,type,name,value_int,value_str,value_groupid,value_hostid,value_itemid,value_graphid,value_sysmapid) values ('85','13','0','legend','0','',NULL,NULL,NULL,NULL,NULL);
INSERT INTO widget_field (widget_fieldid,widgetid,type,name,value_int,value_str,value_groupid,value_hostid,value_itemid,value_graphid,value_sysmapid) values ('86','13','0','righty','0','',NULL,NULL,NULL,NULL,NULL);
INSERT INTO widget_field (widget_fieldid,widgetid,type,name,value_int,value_str,value_groupid,value_hostid,value_itemid,value_graphid,value_sysmapid) values ('87','13','0','show_problems','1','',NULL,NULL,NULL,NULL,NULL);
INSERT INTO widget_field (widget_fieldid,widgetid,type,name,value_int,value_str,value_groupid,value_hostid,value_itemid,value_graphid,value_sysmapid) values ('88','13','1','ds.color.0','0','9CCC65',NULL,NULL,NULL,NULL,NULL);
INSERT INTO widget_field (widget_fieldid,widgetid,type,name,value_int,value_str,value_groupid,value_hostid,value_itemid,value_graphid,value_sysmapid) values ('89','13','1','ds.color.1','0','FF465C',NULL,NULL,NULL,NULL,NULL);
INSERT INTO widget_field (widget_fieldid,widgetid,type,name,value_int,value_str,value_groupid,value_hostid,value_itemid,value_graphid,value_sysmapid) values ('90','13','1','ds.hosts.0.0','0','Zabbix server',NULL,NULL,NULL,NULL,NULL);
INSERT INTO widget_field (widget_fieldid,widgetid,type,name,value_int,value_str,value_groupid,value_hostid,value_itemid,value_graphid,value_sysmapid) values ('91','13','1','ds.hosts.1.0','0','Zabbix server',NULL,NULL,NULL,NULL,NULL);
INSERT INTO widget_field (widget_fieldid,widgetid,type,name,value_int,value_str,value_groupid,value_hostid,value_itemid,value_graphid,value_sysmapid) values ('92','13','1','ds.items.0.0','0','Zabbix value cache hits',NULL,NULL,NULL,NULL,NULL);
INSERT INTO widget_field (widget_fieldid,widgetid,type,name,value_int,value_str,value_groupid,value_hostid,value_itemid,value_graphid,value_sysmapid) values ('93','13','1','ds.items.1.0','0','Zabbix value cache misses',NULL,NULL,NULL,NULL,NULL);
INSERT INTO widget_field (widget_fieldid,widgetid,type,name,value_int,value_str,value_groupid,value_hostid,value_itemid,value_graphid,value_sysmapid) values ('94','13','1','ds.timeshift.0','0','',NULL,NULL,NULL,NULL,NULL);
INSERT INTO widget_field (widget_fieldid,widgetid,type,name,value_int,value_str,value_groupid,value_hostid,value_itemid,value_graphid,value_sysmapid) values ('95','13','1','ds.timeshift.1','0','',NULL,NULL,NULL,NULL,NULL);
INSERT INTO widget_field (widget_fieldid,widgetid,type,name,value_int,value_str,value_groupid,value_hostid,value_itemid,value_graphid,value_sysmapid) values ('96','13','1','lefty_min','0','0',NULL,NULL,NULL,NULL,NULL);
INSERT INTO widget_field (widget_fieldid,widgetid,type,name,value_int,value_str,value_groupid,value_hostid,value_itemid,value_graphid,value_sysmapid) values ('97','13','1','problemhosts.0','0','Zabbix server',NULL,NULL,NULL,NULL,NULL);
INSERT INTO widget_field (widget_fieldid,widgetid,type,name,value_int,value_str,value_groupid,value_hostid,value_itemid,value_graphid,value_sysmapid) values ('98','14','0','ds.axisy.0','0','',NULL,NULL,NULL,NULL,NULL);
INSERT INTO widget_field (widget_fieldid,widgetid,type,name,value_int,value_str,value_groupid,value_hostid,value_itemid,value_graphid,value_sysmapid) values ('99','14','0','ds.axisy.1','0','',NULL,NULL,NULL,NULL,NULL);
INSERT INTO widget_field (widget_fieldid,widgetid,type,name,value_int,value_str,value_groupid,value_hostid,value_itemid,value_graphid,value_sysmapid) values ('100','14','0','ds.axisy.2','0','',NULL,NULL,NULL,NULL,NULL);
INSERT INTO widget_field (widget_fieldid,widgetid,type,name,value_int,value_str,value_groupid,value_hostid,value_itemid,value_graphid,value_sysmapid) values ('101','14','0','ds.fill.0','0','',NULL,NULL,NULL,NULL,NULL);
INSERT INTO widget_field (widget_fieldid,widgetid,type,name,value_int,value_str,value_groupid,value_hostid,value_itemid,value_graphid,value_sysmapid) values ('102','14','0','ds.fill.1','0','',NULL,NULL,NULL,NULL,NULL);
INSERT INTO widget_field (widget_fieldid,widgetid,type,name,value_int,value_str,value_groupid,value_hostid,value_itemid,value_graphid,value_sysmapid) values ('103','14','0','ds.fill.2','0','',NULL,NULL,NULL,NULL,NULL);
INSERT INTO widget_field (widget_fieldid,widgetid,type,name,value_int,value_str,value_groupid,value_hostid,value_itemid,value_graphid,value_sysmapid) values ('104','14','0','ds.missingdatafunc.0','0','',NULL,NULL,NULL,NULL,NULL);
INSERT INTO widget_field (widget_fieldid,widgetid,type,name,value_int,value_str,value_groupid,value_hostid,value_itemid,value_graphid,value_sysmapid) values ('105','14','0','ds.missingdatafunc.1','0','',NULL,NULL,NULL,NULL,NULL);
INSERT INTO widget_field (widget_fieldid,widgetid,type,name,value_int,value_str,value_groupid,value_hostid,value_itemid,value_graphid,value_sysmapid) values ('106','14','0','ds.missingdatafunc.2','0','',NULL,NULL,NULL,NULL,NULL);
INSERT INTO widget_field (widget_fieldid,widgetid,type,name,value_int,value_str,value_groupid,value_hostid,value_itemid,value_graphid,value_sysmapid) values ('107','14','0','ds.transparency.0','0','',NULL,NULL,NULL,NULL,NULL);
INSERT INTO widget_field (widget_fieldid,widgetid,type,name,value_int,value_str,value_groupid,value_hostid,value_itemid,value_graphid,value_sysmapid) values ('108','14','0','ds.transparency.1','0','',NULL,NULL,NULL,NULL,NULL);
INSERT INTO widget_field (widget_fieldid,widgetid,type,name,value_int,value_str,value_groupid,value_hostid,value_itemid,value_graphid,value_sysmapid) values ('109','14','0','ds.transparency.2','0','',NULL,NULL,NULL,NULL,NULL);
INSERT INTO widget_field (widget_fieldid,widgetid,type,name,value_int,value_str,value_groupid,value_hostid,value_itemid,value_graphid,value_sysmapid) values ('110','14','0','ds.type.0','0','',NULL,NULL,NULL,NULL,NULL);
INSERT INTO widget_field (widget_fieldid,widgetid,type,name,value_int,value_str,value_groupid,value_hostid,value_itemid,value_graphid,value_sysmapid) values ('111','14','0','ds.type.1','0','',NULL,NULL,NULL,NULL,NULL);
INSERT INTO widget_field (widget_fieldid,widgetid,type,name,value_int,value_str,value_groupid,value_hostid,value_itemid,value_graphid,value_sysmapid) values ('112','14','0','ds.type.2','0','',NULL,NULL,NULL,NULL,NULL);
INSERT INTO widget_field (widget_fieldid,widgetid,type,name,value_int,value_str,value_groupid,value_hostid,value_itemid,value_graphid,value_sysmapid) values ('113','14','0','ds.width.0','2','',NULL,NULL,NULL,NULL,NULL);
INSERT INTO widget_field (widget_fieldid,widgetid,type,name,value_int,value_str,value_groupid,value_hostid,value_itemid,value_graphid,value_sysmapid) values ('114','14','0','ds.width.1','2','',NULL,NULL,NULL,NULL,NULL);
INSERT INTO widget_field (widget_fieldid,widgetid,type,name,value_int,value_str,value_groupid,value_hostid,value_itemid,value_graphid,value_sysmapid) values ('115','14','0','ds.width.2','2','',NULL,NULL,NULL,NULL,NULL);
INSERT INTO widget_field (widget_fieldid,widgetid,type,name,value_int,value_str,value_groupid,value_hostid,value_itemid,value_graphid,value_sysmapid) values ('116','14','0','graph_item_problems','0','',NULL,NULL,NULL,NULL,NULL);
INSERT INTO widget_field (widget_fieldid,widgetid,type,name,value_int,value_str,value_groupid,value_hostid,value_itemid,value_graphid,value_sysmapid) values ('117','14','0','legend','0','',NULL,NULL,NULL,NULL,NULL);
INSERT INTO widget_field (widget_fieldid,widgetid,type,name,value_int,value_str,value_groupid,value_hostid,value_itemid,value_graphid,value_sysmapid) values ('118','14','0','righty','0','',NULL,NULL,NULL,NULL,NULL);
INSERT INTO widget_field (widget_fieldid,widgetid,type,name,value_int,value_str,value_groupid,value_hostid,value_itemid,value_graphid,value_sysmapid) values ('119','14','0','show_problems','1','',NULL,NULL,NULL,NULL,NULL);
INSERT INTO widget_field (widget_fieldid,widgetid,type,name,value_int,value_str,value_groupid,value_hostid,value_itemid,value_graphid,value_sysmapid) values ('120','14','1','ds.color.0','0','B0AF07',NULL,NULL,NULL,NULL,NULL);
INSERT INTO widget_field (widget_fieldid,widgetid,type,name,value_int,value_str,value_groupid,value_hostid,value_itemid,value_graphid,value_sysmapid) values ('121','14','1','ds.color.1','0','E53935',NULL,NULL,NULL,NULL,NULL);
INSERT INTO widget_field (widget_fieldid,widgetid,type,name,value_int,value_str,value_groupid,value_hostid,value_itemid,value_graphid,value_sysmapid) values ('122','14','1','ds.color.2','0','0275B8',NULL,NULL,NULL,NULL,NULL);
INSERT INTO widget_field (widget_fieldid,widgetid,type,name,value_int,value_str,value_groupid,value_hostid,value_itemid,value_graphid,value_sysmapid) values ('123','14','1','ds.hosts.0.0','0','Zabbix server',NULL,NULL,NULL,NULL,NULL);
INSERT INTO widget_field (widget_fieldid,widgetid,type,name,value_int,value_str,value_groupid,value_hostid,value_itemid,value_graphid,value_sysmapid) values ('124','14','1','ds.hosts.1.0','0','Zabbix server',NULL,NULL,NULL,NULL,NULL);
INSERT INTO widget_field (widget_fieldid,widgetid,type,name,value_int,value_str,value_groupid,value_hostid,value_itemid,value_graphid,value_sysmapid) values ('125','14','1','ds.hosts.2.0','0','Zabbix server',NULL,NULL,NULL,NULL,NULL);
INSERT INTO widget_field (widget_fieldid,widgetid,type,name,value_int,value_str,value_groupid,value_hostid,value_itemid,value_graphid,value_sysmapid) values ('126','14','1','ds.items.0.0','0','Zabbix queue',NULL,NULL,NULL,NULL,NULL);
INSERT INTO widget_field (widget_fieldid,widgetid,type,name,value_int,value_str,value_groupid,value_hostid,value_itemid,value_graphid,value_sysmapid) values ('127','14','1','ds.items.1.0','0','Zabbix queue over 10 minutes',NULL,NULL,NULL,NULL,NULL);
INSERT INTO widget_field (widget_fieldid,widgetid,type,name,value_int,value_str,value_groupid,value_hostid,value_itemid,value_graphid,value_sysmapid) values ('128','14','1','ds.items.2.0','0','Zabbix preprocessing queue',NULL,NULL,NULL,NULL,NULL);
INSERT INTO widget_field (widget_fieldid,widgetid,type,name,value_int,value_str,value_groupid,value_hostid,value_itemid,value_graphid,value_sysmapid) values ('129','14','1','ds.timeshift.0','0','',NULL,NULL,NULL,NULL,NULL);
INSERT INTO widget_field (widget_fieldid,widgetid,type,name,value_int,value_str,value_groupid,value_hostid,value_itemid,value_graphid,value_sysmapid) values ('130','14','1','ds.timeshift.1','0','',NULL,NULL,NULL,NULL,NULL);
INSERT INTO widget_field (widget_fieldid,widgetid,type,name,value_int,value_str,value_groupid,value_hostid,value_itemid,value_graphid,value_sysmapid) values ('131','14','1','ds.timeshift.2','0','',NULL,NULL,NULL,NULL,NULL);
INSERT INTO widget_field (widget_fieldid,widgetid,type,name,value_int,value_str,value_groupid,value_hostid,value_itemid,value_graphid,value_sysmapid) values ('132','14','1','lefty_min','0','0',NULL,NULL,NULL,NULL,NULL);
INSERT INTO widget_field (widget_fieldid,widgetid,type,name,value_int,value_str,value_groupid,value_hostid,value_itemid,value_graphid,value_sysmapid) values ('133','14','1','problemhosts.0','0','Zabbix server',NULL,NULL,NULL,NULL,NULL);
COMMIT;
