INSERT INTO item_preproc (item_preprocid,itemid,step,type,params,error_handler,error_handler_params) values ('68191','35311','1','20','6h','0','');
INSERT INTO item_preproc (item_preprocid,itemid,step,type,params,error_handler,error_handler_params) values ('68192','35312','1','20','6h','0','');
INSERT INTO item_preproc (item_preprocid,itemid,step,type,params,error_handler,error_handler_params) values ('68193','35313','1','20','6h','0','');
INSERT INTO item_preproc (item_preprocid,itemid,step,type,params,error_handler,error_handler_params) values ('68194','35314','1','20','6h','0','');
INSERT INTO item_preproc (item_preprocid,itemid,step,type,params,error_handler,error_handler_params) values ('68195','35315','1','1','1048576','0','');
INSERT INTO item_preproc (item_preprocid,itemid,step,type,params,error_handler,error_handler_params) values ('68196','35315','2','20','6h','0','');
INSERT INTO item_preproc (item_preprocid,itemid,step,type,params,error_handler,error_handler_params) values ('68197','35316','1','20','6h','0','');
INSERT INTO item_preproc (item_preprocid,itemid,step,type,params,error_handler,error_handler_params) values ('68198','35317','1','20','6h','0','');
INSERT INTO item_preproc (item_preprocid,itemid,step,type,params,error_handler,error_handler_params) values ('68199','35318','1','20','6h','0','');
INSERT INTO item_preproc (item_preprocid,itemid,step,type,params,error_handler,error_handler_params) values ('68200','35319','1','20','6h','0','');
INSERT INTO item_preproc (item_preprocid,itemid,step,type,params,error_handler,error_handler_params) values ('68201','35320','1','1','0.1','0','');
INSERT INTO item_preproc (item_preprocid,itemid,step,type,params,error_handler,error_handler_params) values ('68202','35320','2','20','6h','0','');
INSERT INTO item_preproc (item_preprocid,itemid,step,type,params,error_handler,error_handler_params) values ('68203','35321','1','20','6h','0','');
INSERT INTO item_preproc (item_preprocid,itemid,step,type,params,error_handler,error_handler_params) values ('68204','35323','1','1','1048576','0','');
INSERT INTO item_preproc (item_preprocid,itemid,step,type,params,error_handler,error_handler_params) values ('68205','35323','2','20','6h','0','');
INSERT INTO item_preproc (item_preprocid,itemid,step,type,params,error_handler,error_handler_params) values ('68206','35325','1','20','6h','0','');
INSERT INTO item_preproc (item_preprocid,itemid,step,type,params,error_handler,error_handler_params) values ('68207','35327','1','20','1d','0','');
INSERT INTO item_preproc (item_preprocid,itemid,step,type,params,error_handler,error_handler_params) values ('68208','35328','1','20','1d','0','');
INSERT INTO item_preproc (item_preprocid,itemid,step,type,params,error_handler,error_handler_params) values ('68209','35329','1','20','6h','0','');
INSERT INTO item_preproc (item_preprocid,itemid,step,type,params,error_handler,error_handler_params) values ('68210','35330','1','20','6h','0','');
INSERT INTO item_preproc (item_preprocid,itemid,step,type,params,error_handler,error_handler_params) values ('68211','35331','1','20','6h','0','');
INSERT INTO item_preproc (item_preprocid,itemid,step,type,params,error_handler,error_handler_params) values ('68212','35332','1','20','6h','0','');
INSERT INTO item_preproc (item_preprocid,itemid,step,type,params,error_handler,error_handler_params) values ('68213','35333','1','20','6h','0','');
INSERT INTO item_preproc (item_preprocid,itemid,step,type,params,error_handler,error_handler_params) values ('68214','35334','1','20','6h','0','');
INSERT INTO item_preproc (item_preprocid,itemid,step,type,params,error_handler,error_handler_params) values ('68215','35335','1','20','6h','0','');
INSERT INTO item_preproc (item_preprocid,itemid,step,type,params,error_handler,error_handler_params) values ('68216','35336','1','1','0.01','0','');
INSERT INTO item_preproc (item_preprocid,itemid,step,type,params,error_handler,error_handler_params) values ('68217','35338','1','20','6h','0','');
INSERT INTO item_preproc (item_preprocid,itemid,step,type,params,error_handler,error_handler_params) values ('68218','35339','1','20','6h','0','');
INSERT INTO item_preproc (item_preprocid,itemid,step,type,params,error_handler,error_handler_params) values ('68219','35340','1','20','6h','0','');
INSERT INTO item_preproc (item_preprocid,itemid,step,type,params,error_handler,error_handler_params) values ('68220','35341','1','20','6h','0','');
INSERT INTO item_preproc (item_preprocid,itemid,step,type,params,error_handler,error_handler_params) values ('68221','35342','1','20','6h','0','');
INSERT INTO item_preproc (item_preprocid,itemid,step,type,params,error_handler,error_handler_params) values ('68222','35343','1','20','6h','0','');
INSERT INTO item_preproc (item_preprocid,itemid,step,type,params,error_handler,error_handler_params) values ('68223','35344','1','20','6h','0','');
INSERT INTO item_preproc (item_preprocid,itemid,step,type,params,error_handler,error_handler_params) values ('68224','35345','1','20','6h','0','');
INSERT INTO item_preproc (item_preprocid,itemid,step,type,params,error_handler,error_handler_params) values ('68225','35346','1','20','6h','0','');
INSERT INTO item_preproc (item_preprocid,itemid,step,type,params,error_handler,error_handler_params) values ('68226','35347','1','20','6h','0','');
INSERT INTO item_preproc (item_preprocid,itemid,step,type,params,error_handler,error_handler_params) values ('68227','35348','1','20','6h','0','');
INSERT INTO item_preproc (item_preprocid,itemid,step,type,params,error_handler,error_handler_params) values ('68228','35349','1','20','6h','0','');
INSERT INTO item_preproc (item_preprocid,itemid,step,type,params,error_handler,error_handler_params) values ('68229','35350','1','20','6h','0','');
INSERT INTO item_preproc (item_preprocid,itemid,step,type,params,error_handler,error_handler_params) values ('68230','35351','1','20','6h','0','');
INSERT INTO item_preproc (item_preprocid,itemid,step,type,params,error_handler,error_handler_params) values ('68231','35352','1','20','6h','0','');
INSERT INTO item_preproc (item_preprocid,itemid,step,type,params,error_handler,error_handler_params) values ('68232','35353','1','20','6h','0','');
INSERT INTO item_preproc (item_preprocid,itemid,step,type,params,error_handler,error_handler_params) values ('68233','35354','1','20','6h','0','');
INSERT INTO item_preproc (item_preprocid,itemid,step,type,params,error_handler,error_handler_params) values ('68234','35355','1','20','6h','0','');
INSERT INTO item_preproc (item_preprocid,itemid,step,type,params,error_handler,error_handler_params) values ('68235','35356','1','20','6h','0','');
INSERT INTO item_preproc (item_preprocid,itemid,step,type,params,error_handler,error_handler_params) values ('68236','35357','1','20','6h','0','');
INSERT INTO item_preproc (item_preprocid,itemid,step,type,params,error_handler,error_handler_params) values ('68237','35358','1','20','6h','0','');
INSERT INTO item_preproc (item_preprocid,itemid,step,type,params,error_handler,error_handler_params) values ('68238','35359','1','20','6h','0','');
INSERT INTO item_preproc (item_preprocid,itemid,step,type,params,error_handler,error_handler_params) values ('68239','35360','1','20','6h','0','');
INSERT INTO item_preproc (item_preprocid,itemid,step,type,params,error_handler,error_handler_params) values ('68240','35361','1','20','6h','0','');
INSERT INTO item_preproc (item_preprocid,itemid,step,type,params,error_handler,error_handler_params) values ('68241','35362','1','1','1048576','0','');
INSERT INTO item_preproc (item_preprocid,itemid,step,type,params,error_handler,error_handler_params) values ('68242','35362','2','20','6h','0','');
INSERT INTO item_preproc (item_preprocid,itemid,step,type,params,error_handler,error_handler_params) values ('68243','35363','1','20','6h','0','');
INSERT INTO item_preproc (item_preprocid,itemid,step,type,params,error_handler,error_handler_params) values ('68244','35364','1','20','6h','0','');
INSERT INTO item_preproc (item_preprocid,itemid,step,type,params,error_handler,error_handler_params) values ('68245','35365','1','20','6h','0','');
INSERT INTO item_preproc (item_preprocid,itemid,step,type,params,error_handler,error_handler_params) values ('68246','35366','1','20','6h','0','');
INSERT INTO item_preproc (item_preprocid,itemid,step,type,params,error_handler,error_handler_params) values ('68247','35367','1','20','6h','0','');
INSERT INTO item_preproc (item_preprocid,itemid,step,type,params,error_handler,error_handler_params) values ('68248','35368','1','20','6h','0','');
INSERT INTO item_preproc (item_preprocid,itemid,step,type,params,error_handler,error_handler_params) values ('68249','35369','1','20','6h','0','');
INSERT INTO item_preproc (item_preprocid,itemid,step,type,params,error_handler,error_handler_params) values ('68250','35370','1','20','6h','0','');
INSERT INTO item_preproc (item_preprocid,itemid,step,type,params,error_handler,error_handler_params) values ('68251','35371','1','20','6h','0','');
INSERT INTO item_preproc (item_preprocid,itemid,step,type,params,error_handler,error_handler_params) values ('68252','35372','1','20','6h','0','');
INSERT INTO item_preproc (item_preprocid,itemid,step,type,params,error_handler,error_handler_params) values ('68253','35373','1','20','6h','0','');
INSERT INTO item_preproc (item_preprocid,itemid,step,type,params,error_handler,error_handler_params) values ('68254','35374','1','20','6h','0','');
INSERT INTO item_preproc (item_preprocid,itemid,step,type,params,error_handler,error_handler_params) values ('68255','35375','1','20','6h','0','');
INSERT INTO item_preproc (item_preprocid,itemid,step,type,params,error_handler,error_handler_params) values ('68256','35376','1','20','6h','0','');
INSERT INTO item_preproc (item_preprocid,itemid,step,type,params,error_handler,error_handler_params) values ('68257','35377','1','20','6h','0','');
INSERT INTO item_preproc (item_preprocid,itemid,step,type,params,error_handler,error_handler_params) values ('68258','35378','1','20','6h','0','');
INSERT INTO item_preproc (item_preprocid,itemid,step,type,params,error_handler,error_handler_params) values ('68259','35379','1','20','6h','0','');
INSERT INTO item_preproc (item_preprocid,itemid,step,type,params,error_handler,error_handler_params) values ('68260','35380','1','20','6h','0','');
INSERT INTO item_preproc (item_preprocid,itemid,step,type,params,error_handler,error_handler_params) values ('68261','35381','1','20','6h','0','');
INSERT INTO item_preproc (item_preprocid,itemid,step,type,params,error_handler,error_handler_params) values ('68262','35382','1','1','1048576','0','');
INSERT INTO item_preproc (item_preprocid,itemid,step,type,params,error_handler,error_handler_params) values ('68263','35382','2','20','6h','0','');
INSERT INTO item_preproc (item_preprocid,itemid,step,type,params,error_handler,error_handler_params) values ('68264','35383','1','20','6h','0','');
INSERT INTO item_preproc (item_preprocid,itemid,step,type,params,error_handler,error_handler_params) values ('68265','35384','1','20','1d','0','');
INSERT INTO item_preproc (item_preprocid,itemid,step,type,params,error_handler,error_handler_params) values ('68266','35385','1','20','1d','0','');
INSERT INTO item_preproc (item_preprocid,itemid,step,type,params,error_handler,error_handler_params) values ('68267','35386','1','20','6h','0','');
INSERT INTO item_preproc (item_preprocid,itemid,step,type,params,error_handler,error_handler_params) values ('68268','35387','1','20','6h','0','');
INSERT INTO item_preproc (item_preprocid,itemid,step,type,params,error_handler,error_handler_params) values ('68269','35388','1','20','6h','0','');
INSERT INTO item_preproc (item_preprocid,itemid,step,type,params,error_handler,error_handler_params) values ('68270','35389','1','20','6h','0','');
INSERT INTO item_preproc (item_preprocid,itemid,step,type,params,error_handler,error_handler_params) values ('68271','35390','1','20','6h','0','');
INSERT INTO item_preproc (item_preprocid,itemid,step,type,params,error_handler,error_handler_params) values ('68272','35391','1','20','6h','0','');
INSERT INTO item_preproc (item_preprocid,itemid,step,type,params,error_handler,error_handler_params) values ('68273','35392','1','20','6h','0','');
INSERT INTO item_preproc (item_preprocid,itemid,step,type,params,error_handler,error_handler_params) values ('68274','35393','1','1','0.01','0','');
INSERT INTO item_preproc (item_preprocid,itemid,step,type,params,error_handler,error_handler_params) values ('68275','35395','1','20','6h','0','');
INSERT INTO item_preproc (item_preprocid,itemid,step,type,params,error_handler,error_handler_params) values ('68276','35396','1','20','6h','0','');
INSERT INTO item_preproc (item_preprocid,itemid,step,type,params,error_handler,error_handler_params) values ('68277','35397','1','20','6h','0','');
INSERT INTO item_preproc (item_preprocid,itemid,step,type,params,error_handler,error_handler_params) values ('68278','35398','1','20','6h','0','');
INSERT INTO item_preproc (item_preprocid,itemid,step,type,params,error_handler,error_handler_params) values ('68279','35399','1','20','6h','0','');
INSERT INTO item_preproc (item_preprocid,itemid,step,type,params,error_handler,error_handler_params) values ('68280','35400','1','20','6h','0','');
INSERT INTO item_preproc (item_preprocid,itemid,step,type,params,error_handler,error_handler_params) values ('68281','35401','1','20','6h','0','');
INSERT INTO item_preproc (item_preprocid,itemid,step,type,params,error_handler,error_handler_params) values ('68282','35402','1','20','6h','0','');
INSERT INTO item_preproc (item_preprocid,itemid,step,type,params,error_handler,error_handler_params) values ('68283','35403','1','20','6h','0','');
INSERT INTO item_preproc (item_preprocid,itemid,step,type,params,error_handler,error_handler_params) values ('68284','35404','1','20','6h','0','');
INSERT INTO item_preproc (item_preprocid,itemid,step,type,params,error_handler,error_handler_params) values ('68285','35405','1','20','6h','0','');
INSERT INTO item_preproc (item_preprocid,itemid,step,type,params,error_handler,error_handler_params) values ('68286','35406','1','20','6h','0','');
INSERT INTO item_preproc (item_preprocid,itemid,step,type,params,error_handler,error_handler_params) values ('68287','35407','1','20','6h','0','');
INSERT INTO item_preproc (item_preprocid,itemid,step,type,params,error_handler,error_handler_params) values ('68288','35408','1','20','6h','0','');
INSERT INTO item_preproc (item_preprocid,itemid,step,type,params,error_handler,error_handler_params) values ('68289','35409','1','20','6h','0','');
INSERT INTO item_preproc (item_preprocid,itemid,step,type,params,error_handler,error_handler_params) values ('68290','35410','1','20','6h','0','');
INSERT INTO item_preproc (item_preprocid,itemid,step,type,params,error_handler,error_handler_params) values ('68291','35411','1','20','6h','0','');
INSERT INTO item_preproc (item_preprocid,itemid,step,type,params,error_handler,error_handler_params) values ('68292','35412','1','20','6h','0','');
INSERT INTO item_preproc (item_preprocid,itemid,step,type,params,error_handler,error_handler_params) values ('68293','35413','1','20','6h','0','');
INSERT INTO item_preproc (item_preprocid,itemid,step,type,params,error_handler,error_handler_params) values ('68294','35414','1','20','6h','0','');
INSERT INTO item_preproc (item_preprocid,itemid,step,type,params,error_handler,error_handler_params) values ('68295','35415','1','20','6h','0','');
INSERT INTO item_preproc (item_preprocid,itemid,step,type,params,error_handler,error_handler_params) values ('68296','35416','1','20','6h','0','');
INSERT INTO item_preproc (item_preprocid,itemid,step,type,params,error_handler,error_handler_params) values ('68297','35417','1','20','6h','0','');
INSERT INTO item_preproc (item_preprocid,itemid,step,type,params,error_handler,error_handler_params) values ('68298','35418','1','20','6h','0','');
INSERT INTO item_preproc (item_preprocid,itemid,step,type,params,error_handler,error_handler_params) values ('68299','35419','1','1','1048576','0','');
INSERT INTO item_preproc (item_preprocid,itemid,step,type,params,error_handler,error_handler_params) values ('68300','35419','2','20','6h','0','');
INSERT INTO item_preproc (item_preprocid,itemid,step,type,params,error_handler,error_handler_params) values ('68301','35420','1','20','6h','0','');
INSERT INTO item_preproc (item_preprocid,itemid,step,type,params,error_handler,error_handler_params) values ('68302','35421','1','20','6h','0','');
INSERT INTO item_preproc (item_preprocid,itemid,step,type,params,error_handler,error_handler_params) values ('68303','35422','1','20','6h','0','');
INSERT INTO item_preproc (item_preprocid,itemid,step,type,params,error_handler,error_handler_params) values ('68304','35423','1','20','6h','0','');
INSERT INTO item_preproc (item_preprocid,itemid,step,type,params,error_handler,error_handler_params) values ('68305','35424','1','20','6h','0','');
INSERT INTO item_preproc (item_preprocid,itemid,step,type,params,error_handler,error_handler_params) values ('68306','35425','1','20','6h','0','');
INSERT INTO item_preproc (item_preprocid,itemid,step,type,params,error_handler,error_handler_params) values ('68307','35426','1','20','6h','0','');
INSERT INTO item_preproc (item_preprocid,itemid,step,type,params,error_handler,error_handler_params) values ('68308','35427','1','20','6h','0','');
INSERT INTO item_preproc (item_preprocid,itemid,step,type,params,error_handler,error_handler_params) values ('68309','35428','1','20','6h','0','');
INSERT INTO item_preproc (item_preprocid,itemid,step,type,params,error_handler,error_handler_params) values ('68310','35429','1','20','6h','0','');
INSERT INTO item_preproc (item_preprocid,itemid,step,type,params,error_handler,error_handler_params) values ('68311','35430','1','20','6h','0','');
INSERT INTO item_preproc (item_preprocid,itemid,step,type,params,error_handler,error_handler_params) values ('68312','35431','1','20','6h','0','');
INSERT INTO item_preproc (item_preprocid,itemid,step,type,params,error_handler,error_handler_params) values ('68313','35432','1','20','6h','0','');
INSERT INTO item_preproc (item_preprocid,itemid,step,type,params,error_handler,error_handler_params) values ('68314','35433','1','20','6h','0','');
INSERT INTO item_preproc (item_preprocid,itemid,step,type,params,error_handler,error_handler_params) values ('68315','35434','1','20','6h','0','');
INSERT INTO item_preproc (item_preprocid,itemid,step,type,params,error_handler,error_handler_params) values ('68316','35435','1','20','6h','0','');
INSERT INTO item_preproc (item_preprocid,itemid,step,type,params,error_handler,error_handler_params) values ('68317','35436','1','20','6h','0','');
INSERT INTO item_preproc (item_preprocid,itemid,step,type,params,error_handler,error_handler_params) values ('68318','35437','1','20','6h','0','');
INSERT INTO item_preproc (item_preprocid,itemid,step,type,params,error_handler,error_handler_params) values ('68319','35438','1','20','6h','0','');
INSERT INTO item_preproc (item_preprocid,itemid,step,type,params,error_handler,error_handler_params) values ('68320','35439','1','1','1048576','0','');
INSERT INTO item_preproc (item_preprocid,itemid,step,type,params,error_handler,error_handler_params) values ('68321','35439','2','20','6h','0','');
INSERT INTO item_preproc (item_preprocid,itemid,step,type,params,error_handler,error_handler_params) values ('68322','35440','1','20','6h','0','');
INSERT INTO item_preproc (item_preprocid,itemid,step,type,params,error_handler,error_handler_params) values ('68323','35441','1','20','1d','0','');
INSERT INTO item_preproc (item_preprocid,itemid,step,type,params,error_handler,error_handler_params) values ('68324','35442','1','20','1d','0','');
INSERT INTO item_preproc (item_preprocid,itemid,step,type,params,error_handler,error_handler_params) values ('68325','35443','1','20','6h','0','');
INSERT INTO item_preproc (item_preprocid,itemid,step,type,params,error_handler,error_handler_params) values ('68326','35444','1','20','6h','0','');
INSERT INTO item_preproc (item_preprocid,itemid,step,type,params,error_handler,error_handler_params) values ('68327','35445','1','20','6h','0','');
INSERT INTO item_preproc (item_preprocid,itemid,step,type,params,error_handler,error_handler_params) values ('68328','35446','1','20','6h','0','');
INSERT INTO item_preproc (item_preprocid,itemid,step,type,params,error_handler,error_handler_params) values ('68329','35447','1','20','6h','0','');
INSERT INTO item_preproc (item_preprocid,itemid,step,type,params,error_handler,error_handler_params) values ('68330','35448','1','20','6h','0','');
INSERT INTO item_preproc (item_preprocid,itemid,step,type,params,error_handler,error_handler_params) values ('68331','35449','1','20','6h','0','');
INSERT INTO item_preproc (item_preprocid,itemid,step,type,params,error_handler,error_handler_params) values ('68332','35450','1','1','0.01','0','');
INSERT INTO item_preproc (item_preprocid,itemid,step,type,params,error_handler,error_handler_params) values ('68333','35452','1','20','6h','0','');
INSERT INTO item_preproc (item_preprocid,itemid,step,type,params,error_handler,error_handler_params) values ('68334','35453','1','20','6h','0','');
INSERT INTO item_preproc (item_preprocid,itemid,step,type,params,error_handler,error_handler_params) values ('68335','35454','1','20','6h','0','');
INSERT INTO item_preproc (item_preprocid,itemid,step,type,params,error_handler,error_handler_params) values ('68336','35455','1','20','6h','0','');
INSERT INTO item_preproc (item_preprocid,itemid,step,type,params,error_handler,error_handler_params) values ('68337','35456','1','20','6h','0','');
INSERT INTO item_preproc (item_preprocid,itemid,step,type,params,error_handler,error_handler_params) values ('68338','35457','1','20','6h','0','');
INSERT INTO item_preproc (item_preprocid,itemid,step,type,params,error_handler,error_handler_params) values ('68339','35458','1','20','6h','0','');
INSERT INTO item_preproc (item_preprocid,itemid,step,type,params,error_handler,error_handler_params) values ('68340','35459','1','20','6h','0','');
INSERT INTO item_preproc (item_preprocid,itemid,step,type,params,error_handler,error_handler_params) values ('68341','35460','1','20','6h','0','');
INSERT INTO item_preproc (item_preprocid,itemid,step,type,params,error_handler,error_handler_params) values ('68342','35461','1','20','6h','0','');
INSERT INTO item_preproc (item_preprocid,itemid,step,type,params,error_handler,error_handler_params) values ('68343','35462','1','20','6h','0','');
INSERT INTO item_preproc (item_preprocid,itemid,step,type,params,error_handler,error_handler_params) values ('68344','35463','1','20','6h','0','');
INSERT INTO item_preproc (item_preprocid,itemid,step,type,params,error_handler,error_handler_params) values ('68345','35464','1','20','6h','0','');
INSERT INTO item_preproc (item_preprocid,itemid,step,type,params,error_handler,error_handler_params) values ('68346','35465','1','20','6h','0','');
INSERT INTO item_preproc (item_preprocid,itemid,step,type,params,error_handler,error_handler_params) values ('68347','35466','1','20','6h','0','');
INSERT INTO item_preproc (item_preprocid,itemid,step,type,params,error_handler,error_handler_params) values ('68348','35467','1','20','6h','0','');
INSERT INTO item_preproc (item_preprocid,itemid,step,type,params,error_handler,error_handler_params) values ('68349','35468','1','20','6h','0','');
INSERT INTO item_preproc (item_preprocid,itemid,step,type,params,error_handler,error_handler_params) values ('68350','35469','1','20','6h','0','');
INSERT INTO item_preproc (item_preprocid,itemid,step,type,params,error_handler,error_handler_params) values ('68351','35470','1','20','6h','0','');
INSERT INTO item_preproc (item_preprocid,itemid,step,type,params,error_handler,error_handler_params) values ('68352','35471','1','20','6h','0','');
INSERT INTO item_preproc (item_preprocid,itemid,step,type,params,error_handler,error_handler_params) values ('68353','35472','1','20','6h','0','');
INSERT INTO item_preproc (item_preprocid,itemid,step,type,params,error_handler,error_handler_params) values ('68354','35473','1','20','6h','0','');
INSERT INTO item_preproc (item_preprocid,itemid,step,type,params,error_handler,error_handler_params) values ('68355','35474','1','20','6h','0','');
INSERT INTO item_preproc (item_preprocid,itemid,step,type,params,error_handler,error_handler_params) values ('68356','35475','1','20','6h','0','');
INSERT INTO item_preproc (item_preprocid,itemid,step,type,params,error_handler,error_handler_params) values ('68357','35476','1','1','1048576','0','');
INSERT INTO item_preproc (item_preprocid,itemid,step,type,params,error_handler,error_handler_params) values ('68358','35476','2','20','6h','0','');
INSERT INTO item_preproc (item_preprocid,itemid,step,type,params,error_handler,error_handler_params) values ('68359','35477','1','20','6h','0','');
INSERT INTO item_preproc (item_preprocid,itemid,step,type,params,error_handler,error_handler_params) values ('68360','35478','1','20','6h','0','');
INSERT INTO item_preproc (item_preprocid,itemid,step,type,params,error_handler,error_handler_params) values ('68361','35479','1','20','6h','0','');
INSERT INTO item_preproc (item_preprocid,itemid,step,type,params,error_handler,error_handler_params) values ('68362','35480','1','20','6h','0','');
INSERT INTO item_preproc (item_preprocid,itemid,step,type,params,error_handler,error_handler_params) values ('68363','35481','1','20','6h','0','');
INSERT INTO item_preproc (item_preprocid,itemid,step,type,params,error_handler,error_handler_params) values ('68364','35482','1','20','6h','0','');
INSERT INTO item_preproc (item_preprocid,itemid,step,type,params,error_handler,error_handler_params) values ('68365','35483','1','20','6h','0','');
INSERT INTO item_preproc (item_preprocid,itemid,step,type,params,error_handler,error_handler_params) values ('68366','35484','1','20','6h','0','');
INSERT INTO item_preproc (item_preprocid,itemid,step,type,params,error_handler,error_handler_params) values ('68367','35485','1','20','6h','0','');
INSERT INTO item_preproc (item_preprocid,itemid,step,type,params,error_handler,error_handler_params) values ('68368','35486','1','20','6h','0','');
INSERT INTO item_preproc (item_preprocid,itemid,step,type,params,error_handler,error_handler_params) values ('68369','35487','1','20','6h','0','');
INSERT INTO item_preproc (item_preprocid,itemid,step,type,params,error_handler,error_handler_params) values ('68370','35488','1','20','6h','0','');
INSERT INTO item_preproc (item_preprocid,itemid,step,type,params,error_handler,error_handler_params) values ('68371','35489','1','20','6h','0','');
INSERT INTO item_preproc (item_preprocid,itemid,step,type,params,error_handler,error_handler_params) values ('68372','35490','1','20','6h','0','');
INSERT INTO item_preproc (item_preprocid,itemid,step,type,params,error_handler,error_handler_params) values ('68373','35491','1','20','6h','0','');
INSERT INTO item_preproc (item_preprocid,itemid,step,type,params,error_handler,error_handler_params) values ('68374','35492','1','20','6h','0','');
INSERT INTO item_preproc (item_preprocid,itemid,step,type,params,error_handler,error_handler_params) values ('68375','35493','1','20','6h','0','');
INSERT INTO item_preproc (item_preprocid,itemid,step,type,params,error_handler,error_handler_params) values ('68376','35494','1','20','6h','0','');
INSERT INTO item_preproc (item_preprocid,itemid,step,type,params,error_handler,error_handler_params) values ('68377','35495','1','20','6h','0','');
INSERT INTO item_preproc (item_preprocid,itemid,step,type,params,error_handler,error_handler_params) values ('68378','35496','1','1','1048576','0','');
INSERT INTO item_preproc (item_preprocid,itemid,step,type,params,error_handler,error_handler_params) values ('68379','35496','2','20','6h','0','');
INSERT INTO item_preproc (item_preprocid,itemid,step,type,params,error_handler,error_handler_params) values ('68380','35497','1','20','6h','0','');
INSERT INTO item_preproc (item_preprocid,itemid,step,type,params,error_handler,error_handler_params) values ('68381','35498','1','20','1d','0','');
INSERT INTO item_preproc (item_preprocid,itemid,step,type,params,error_handler,error_handler_params) values ('68382','35499','1','20','1d','0','');
INSERT INTO item_preproc (item_preprocid,itemid,step,type,params,error_handler,error_handler_params) values ('68383','35500','1','20','6h','0','');
INSERT INTO item_preproc (item_preprocid,itemid,step,type,params,error_handler,error_handler_params) values ('68384','35501','1','20','6h','0','');
INSERT INTO item_preproc (item_preprocid,itemid,step,type,params,error_handler,error_handler_params) values ('68385','35502','1','20','6h','0','');
INSERT INTO item_preproc (item_preprocid,itemid,step,type,params,error_handler,error_handler_params) values ('68386','35503','1','20','6h','0','');
INSERT INTO item_preproc (item_preprocid,itemid,step,type,params,error_handler,error_handler_params) values ('68387','35504','1','20','6h','0','');
INSERT INTO item_preproc (item_preprocid,itemid,step,type,params,error_handler,error_handler_params) values ('68388','35505','1','20','6h','0','');
INSERT INTO item_preproc (item_preprocid,itemid,step,type,params,error_handler,error_handler_params) values ('68389','35506','1','20','6h','0','');
INSERT INTO item_preproc (item_preprocid,itemid,step,type,params,error_handler,error_handler_params) values ('68390','35507','1','1','0.01','0','');
INSERT INTO item_preproc (item_preprocid,itemid,step,type,params,error_handler,error_handler_params) values ('68391','35509','1','20','6h','0','');
INSERT INTO item_preproc (item_preprocid,itemid,step,type,params,error_handler,error_handler_params) values ('68392','35510','1','20','6h','0','');
INSERT INTO item_preproc (item_preprocid,itemid,step,type,params,error_handler,error_handler_params) values ('68393','35511','1','20','6h','0','');
INSERT INTO item_preproc (item_preprocid,itemid,step,type,params,error_handler,error_handler_params) values ('68394','35512','1','20','6h','0','');
INSERT INTO item_preproc (item_preprocid,itemid,step,type,params,error_handler,error_handler_params) values ('68395','35513','1','20','6h','0','');
INSERT INTO item_preproc (item_preprocid,itemid,step,type,params,error_handler,error_handler_params) values ('68396','35514','1','20','6h','0','');
INSERT INTO item_preproc (item_preprocid,itemid,step,type,params,error_handler,error_handler_params) values ('68397','35515','1','20','6h','0','');
INSERT INTO item_preproc (item_preprocid,itemid,step,type,params,error_handler,error_handler_params) values ('68398','35516','1','20','6h','0','');
INSERT INTO item_preproc (item_preprocid,itemid,step,type,params,error_handler,error_handler_params) values ('68399','35517','1','20','6h','0','');
INSERT INTO item_preproc (item_preprocid,itemid,step,type,params,error_handler,error_handler_params) values ('68400','35518','1','20','6h','0','');
INSERT INTO item_preproc (item_preprocid,itemid,step,type,params,error_handler,error_handler_params) values ('68401','35519','1','20','6h','0','');
INSERT INTO item_preproc (item_preprocid,itemid,step,type,params,error_handler,error_handler_params) values ('68402','35520','1','20','6h','0','');
INSERT INTO item_preproc (item_preprocid,itemid,step,type,params,error_handler,error_handler_params) values ('68403','35521','1','20','6h','0','');
INSERT INTO item_preproc (item_preprocid,itemid,step,type,params,error_handler,error_handler_params) values ('68404','35522','1','20','6h','0','');
INSERT INTO item_preproc (item_preprocid,itemid,step,type,params,error_handler,error_handler_params) values ('68405','35523','1','20','6h','0','');
INSERT INTO item_preproc (item_preprocid,itemid,step,type,params,error_handler,error_handler_params) values ('68406','35524','1','20','6h','0','');
INSERT INTO item_preproc (item_preprocid,itemid,step,type,params,error_handler,error_handler_params) values ('68407','35525','1','20','6h','0','');
INSERT INTO item_preproc (item_preprocid,itemid,step,type,params,error_handler,error_handler_params) values ('68408','35526','1','20','6h','0','');
INSERT INTO item_preproc (item_preprocid,itemid,step,type,params,error_handler,error_handler_params) values ('68409','35527','1','20','6h','0','');
INSERT INTO item_preproc (item_preprocid,itemid,step,type,params,error_handler,error_handler_params) values ('68410','35528','1','20','6h','0','');
INSERT INTO item_preproc (item_preprocid,itemid,step,type,params,error_handler,error_handler_params) values ('68411','35529','1','20','6h','0','');
INSERT INTO item_preproc (item_preprocid,itemid,step,type,params,error_handler,error_handler_params) values ('68412','35530','1','20','6h','0','');
INSERT INTO item_preproc (item_preprocid,itemid,step,type,params,error_handler,error_handler_params) values ('68413','35531','1','20','6h','0','');
INSERT INTO item_preproc (item_preprocid,itemid,step,type,params,error_handler,error_handler_params) values ('68414','35532','1','20','6h','0','');
INSERT INTO item_preproc (item_preprocid,itemid,step,type,params,error_handler,error_handler_params) values ('68415','35533','1','1','1048576','0','');
INSERT INTO item_preproc (item_preprocid,itemid,step,type,params,error_handler,error_handler_params) values ('68416','35533','2','20','6h','0','');
INSERT INTO item_preproc (item_preprocid,itemid,step,type,params,error_handler,error_handler_params) values ('68417','35534','1','20','6h','0','');
INSERT INTO item_preproc (item_preprocid,itemid,step,type,params,error_handler,error_handler_params) values ('68418','35535','1','20','6h','0','');
INSERT INTO item_preproc (item_preprocid,itemid,step,type,params,error_handler,error_handler_params) values ('68419','35536','1','20','6h','0','');
INSERT INTO item_preproc (item_preprocid,itemid,step,type,params,error_handler,error_handler_params) values ('68420','35537','1','20','6h','0','');
INSERT INTO item_preproc (item_preprocid,itemid,step,type,params,error_handler,error_handler_params) values ('68421','35538','1','20','6h','0','');
INSERT INTO item_preproc (item_preprocid,itemid,step,type,params,error_handler,error_handler_params) values ('68422','35539','1','20','6h','0','');
INSERT INTO item_preproc (item_preprocid,itemid,step,type,params,error_handler,error_handler_params) values ('68423','35540','1','20','6h','0','');
INSERT INTO item_preproc (item_preprocid,itemid,step,type,params,error_handler,error_handler_params) values ('68424','35541','1','20','6h','0','');
INSERT INTO item_preproc (item_preprocid,itemid,step,type,params,error_handler,error_handler_params) values ('68425','35542','1','20','6h','0','');
INSERT INTO item_preproc (item_preprocid,itemid,step,type,params,error_handler,error_handler_params) values ('68426','35543','1','20','6h','0','');
INSERT INTO item_preproc (item_preprocid,itemid,step,type,params,error_handler,error_handler_params) values ('68427','35544','1','20','6h','0','');
INSERT INTO item_preproc (item_preprocid,itemid,step,type,params,error_handler,error_handler_params) values ('68428','35545','1','20','6h','0','');
INSERT INTO item_preproc (item_preprocid,itemid,step,type,params,error_handler,error_handler_params) values ('68429','35546','1','20','6h','0','');
INSERT INTO item_preproc (item_preprocid,itemid,step,type,params,error_handler,error_handler_params) values ('68430','35547','1','20','6h','0','');
INSERT INTO item_preproc (item_preprocid,itemid,step,type,params,error_handler,error_handler_params) values ('68431','35548','1','20','6h','0','');
INSERT INTO item_preproc (item_preprocid,itemid,step,type,params,error_handler,error_handler_params) values ('68432','35549','1','20','6h','0','');
INSERT INTO item_preproc (item_preprocid,itemid,step,type,params,error_handler,error_handler_params) values ('68433','35550','1','20','6h','0','');
INSERT INTO item_preproc (item_preprocid,itemid,step,type,params,error_handler,error_handler_params) values ('68434','35551','1','20','6h','0','');
INSERT INTO item_preproc (item_preprocid,itemid,step,type,params,error_handler,error_handler_params) values ('68435','35552','1','20','6h','0','');
INSERT INTO item_preproc (item_preprocid,itemid,step,type,params,error_handler,error_handler_params) values ('68436','35553','1','1','1048576','0','');
INSERT INTO item_preproc (item_preprocid,itemid,step,type,params,error_handler,error_handler_params) values ('68437','35553','2','20','6h','0','');
INSERT INTO item_preproc (item_preprocid,itemid,step,type,params,error_handler,error_handler_params) values ('68438','35554','1','20','6h','0','');
INSERT INTO item_preproc (item_preprocid,itemid,step,type,params,error_handler,error_handler_params) values ('68442','35562','1','12','$.ActiveState.state','0','');
INSERT INTO item_preproc (item_preprocid,itemid,step,type,params,error_handler,error_handler_params) values ('68443','35562','2','20','30m','0','');
INSERT INTO item_preproc (item_preprocid,itemid,step,type,params,error_handler,error_handler_params) values ('68444','35563','1','12','$.LoadState.state','0','');
INSERT INTO item_preproc (item_preprocid,itemid,step,type,params,error_handler,error_handler_params) values ('68445','35563','2','20','30m','0','');
INSERT INTO item_preproc (item_preprocid,itemid,step,type,params,error_handler,error_handler_params) values ('68446','35564','1','12','$.UnitFileState.state','0','');
INSERT INTO item_preproc (item_preprocid,itemid,step,type,params,error_handler,error_handler_params) values ('68447','35564','2','20','30m','0','');
INSERT INTO item_preproc (item_preprocid,itemid,step,type,params,error_handler,error_handler_params) values ('68448','35565','1','21','data = JSON.parse(value)
  if (data.ActiveEnterTimestamp > data.ActiveExitTimestamp) {
      return Math.floor(Date.now()/1000)-Number(data.ActiveEnterTimestamp)/1000000;
    }
  return null;
','0','');
INSERT INTO item_preproc (item_preprocid,itemid,step,type,params,error_handler,error_handler_params) values ('68449','35566','1','12','$.NAccepted','0','');
INSERT INTO item_preproc (item_preprocid,itemid,step,type,params,error_handler,error_handler_params) values ('68450','35566','2','10','','0','');
INSERT INTO item_preproc (item_preprocid,itemid,step,type,params,error_handler,error_handler_params) values ('68451','35567','1','12','$.NConnections','0','');
INSERT INTO item_preproc (item_preprocid,itemid,step,type,params,error_handler,error_handler_params) values ('68452','35568','1','21','var data = JSON.parse(value);
for (var item, i = 0; item = data.data[i++];) {
    if (!(''{#JMXIGNITEINSTANCENAME}'' in item)) {
        Object.assign(item, {
            ''{#JMXIGNITEINSTANCENAME}'': ''null''
        });
    }

}

return JSON.stringify(data)
','0','');
INSERT INTO item_preproc (item_preprocid,itemid,step,type,params,error_handler,error_handler_params) values ('68453','35568','2','20','3h','0','');
INSERT INTO item_preproc (item_preprocid,itemid,step,type,params,error_handler,error_handler_params) values ('68454','35569','1','21','var data = JSON.parse(value);
for (var item, i = 0; item = data.data[i++];) {
    if (!(''{#JMXIGNITEINSTANCENAME}'' in item)) {
        Object.assign(item, {
            ''{#JMXIGNITEINSTANCENAME}'': ''null''
        });
    }

}

return JSON.stringify(data)
','0','');
INSERT INTO item_preproc (item_preprocid,itemid,step,type,params,error_handler,error_handler_params) values ('68455','35569','2','20','3h','0','');
INSERT INTO item_preproc (item_preprocid,itemid,step,type,params,error_handler,error_handler_params) values ('68456','35570','1','21','var data = JSON.parse(value);
for (var item, i = 0; item = data.data[i++];) {
    if (!(''{#JMXIGNITEINSTANCENAME}'' in item)) {
        Object.assign(item, {
            ''{#JMXIGNITEINSTANCENAME}'': ''null''
        });
    }

}

return JSON.stringify(data)
','0','');
INSERT INTO item_preproc (item_preprocid,itemid,step,type,params,error_handler,error_handler_params) values ('68457','35570','2','20','3h','0','');
INSERT INTO item_preproc (item_preprocid,itemid,step,type,params,error_handler,error_handler_params) values ('68458','35571','1','21','var data = JSON.parse(value);
for (var item, i = 0; item = data.data[i++];) {
    if (!(''{#JMXIGNITEINSTANCENAME}'' in item)) {
        Object.assign(item, {
            ''{#JMXIGNITEINSTANCENAME}'': ''null''
        });
    }

}

return JSON.stringify(data)
','0','');
INSERT INTO item_preproc (item_preprocid,itemid,step,type,params,error_handler,error_handler_params) values ('68459','35572','1','21','var data = JSON.parse(value);
for (var item, i = 0; item = data.data[i++];) {
    if (!(''{#JMXIGNITEINSTANCENAME}'' in item)) {
        Object.assign(item, {
            ''{#JMXIGNITEINSTANCENAME}'': ''null''
        });
    }

}

return JSON.stringify(data)
','0','');
INSERT INTO item_preproc (item_preprocid,itemid,step,type,params,error_handler,error_handler_params) values ('68460','35573','1','21','var data = JSON.parse(value);
for (var item, i = 0; item = data.data[i++];) {
    if (!(''{#JMXIGNITEINSTANCENAME}'' in item)) {
        Object.assign(item, {
            ''{#JMXIGNITEINSTANCENAME}'': ''null''
        });
    }

}

return JSON.stringify(data)

','0','');
INSERT INTO item_preproc (item_preprocid,itemid,step,type,params,error_handler,error_handler_params) values ('68461','35574','1','21','var data = JSON.parse(value);
for (var item, i = 0; item = data.data[i++];) {
    if (!(''{#JMXIGNITEINSTANCENAME}'' in item)) {
        Object.assign(item, {
            ''{#JMXIGNITEINSTANCENAME}'': ''null''
        });
    }

}

return JSON.stringify(data)


','0','');
INSERT INTO item_preproc (item_preprocid,itemid,step,type,params,error_handler,error_handler_params) values ('68462','35575','1','21','var data = JSON.parse(value);
for (var item, i = 0; item = data.data[i++];) {
    if (!(''{#JMXIGNITEINSTANCENAME}'' in item)) {
        Object.assign(item, {
            ''{#JMXIGNITEINSTANCENAME}'': ''null''
        });
    }

}

return JSON.stringify(data)


','0','');
INSERT INTO item_preproc (item_preprocid,itemid,step,type,params,error_handler,error_handler_params) values ('68463','35576','1','21','var data = JSON.parse(value);
for (var item, i = 0; item = data.data[i++];) {
    if (!(''{#JMXIGNITEINSTANCENAME}'' in item)) {
        Object.assign(item, {
            ''{#JMXIGNITEINSTANCENAME}'': ''null''
        });
    }

}

return JSON.stringify(data)


','0','');
INSERT INTO item_preproc (item_preprocid,itemid,step,type,params,error_handler,error_handler_params) values ('68464','35577','1','21','var data = JSON.parse(value);
for (var item, i = 0; item = data.data[i++];) {
    if (!(''{#JMXIGNITEINSTANCENAME}'' in item)) {
        Object.assign(item, {
            ''{#JMXIGNITEINSTANCENAME}'': ''null''
        });
    }

}

return JSON.stringify(data)
','0','');
INSERT INTO item_preproc (item_preprocid,itemid,step,type,params,error_handler,error_handler_params) values ('68465','35577','2','20','3h','0','');
INSERT INTO item_preproc (item_preprocid,itemid,step,type,params,error_handler,error_handler_params) values ('68466','35579','1','20','3h','0','');
INSERT INTO item_preproc (item_preprocid,itemid,step,type,params,error_handler,error_handler_params) values ('68467','35609','1','10','','0','');
INSERT INTO item_preproc (item_preprocid,itemid,step,type,params,error_handler,error_handler_params) values ('68468','35610','1','10','','0','');
INSERT INTO item_preproc (item_preprocid,itemid,step,type,params,error_handler,error_handler_params) values ('68469','35611','1','10','','0','');
INSERT INTO item_preproc (item_preprocid,itemid,step,type,params,error_handler,error_handler_params) values ('68470','35612','1','20','3h','0','');
INSERT INTO item_preproc (item_preprocid,itemid,step,type,params,error_handler,error_handler_params) values ('68471','35613','1','20','3h','0','');
INSERT INTO item_preproc (item_preprocid,itemid,step,type,params,error_handler,error_handler_params) values ('68472','35614','1','20','3h','0','');
INSERT INTO item_preproc (item_preprocid,itemid,step,type,params,error_handler,error_handler_params) values ('68473','35615','1','20','3h','0','');
INSERT INTO item_preproc (item_preprocid,itemid,step,type,params,error_handler,error_handler_params) values ('68474','35616','1','20','3h','0','');
INSERT INTO item_preproc (item_preprocid,itemid,step,type,params,error_handler,error_handler_params) values ('68475','35617','1','5',E'(.*)-\\d+
\\1','0','');
INSERT INTO item_preproc (item_preprocid,itemid,step,type,params,error_handler,error_handler_params) values ('68476','35617','2','20','3h','0','');
INSERT INTO item_preproc (item_preprocid,itemid,step,type,params,error_handler,error_handler_params) values ('68477','35618','1','20','3h','0','');
INSERT INTO item_preproc (item_preprocid,itemid,step,type,params,error_handler,error_handler_params) values ('68478','35619','1','1','0.001','0','');
INSERT INTO item_preproc (item_preprocid,itemid,step,type,params,error_handler,error_handler_params) values ('68479','35621','1','10','','0','');
INSERT INTO item_preproc (item_preprocid,itemid,step,type,params,error_handler,error_handler_params) values ('68481','35623','1','10','','0','');
INSERT INTO item_preproc (item_preprocid,itemid,step,type,params,error_handler,error_handler_params) values ('68482','35624','1','20','3h','0','');
INSERT INTO item_preproc (item_preprocid,itemid,step,type,params,error_handler,error_handler_params) values ('68483','35629','1','10','','0','');
INSERT INTO item_preproc (item_preprocid,itemid,step,type,params,error_handler,error_handler_params) values ('68484','35630','1','10','','0','');
INSERT INTO item_preproc (item_preprocid,itemid,step,type,params,error_handler,error_handler_params) values ('68485','35631','1','10','','0','');
INSERT INTO item_preproc (item_preprocid,itemid,step,type,params,error_handler,error_handler_params) values ('68486','35637','1','10','','0','');
INSERT INTO item_preproc (item_preprocid,itemid,step,type,params,error_handler,error_handler_params) values ('68487','35640','1','10','','0','');
INSERT INTO item_preproc (item_preprocid,itemid,step,type,params,error_handler,error_handler_params) values ('68488','35641','1','10','','0','');
INSERT INTO item_preproc (item_preprocid,itemid,step,type,params,error_handler,error_handler_params) values ('68489','35643','1','10','','0','');
INSERT INTO item_preproc (item_preprocid,itemid,step,type,params,error_handler,error_handler_params) values ('68490','35644','1','10','','0','');
INSERT INTO item_preproc (item_preprocid,itemid,step,type,params,error_handler,error_handler_params) values ('68491','35645','1','10','','0','');
INSERT INTO item_preproc (item_preprocid,itemid,step,type,params,error_handler,error_handler_params) values ('68492','35646','1','20','6h','0','');
INSERT INTO item_preproc (item_preprocid,itemid,step,type,params,error_handler,error_handler_params) values ('68493','35648','1','1','0.01','0','');
INSERT INTO item_preproc (item_preprocid,itemid,step,type,params,error_handler,error_handler_params) values ('68494','35654','1','20','6h','0','');
INSERT INTO item_preproc (item_preprocid,itemid,step,type,params,error_handler,error_handler_params) values ('68495','35655','1','20','6h','0','');
INSERT INTO item_preproc (item_preprocid,itemid,step,type,params,error_handler,error_handler_params) values ('68496','35656','1','20','6h','0','');
INSERT INTO item_preproc (item_preprocid,itemid,step,type,params,error_handler,error_handler_params) values ('68497','35657','1','20','6h','0','');
INSERT INTO item_preproc (item_preprocid,itemid,step,type,params,error_handler,error_handler_params) values ('68498','35658','1','20','6h','0','');
INSERT INTO item_preproc (item_preprocid,itemid,step,type,params,error_handler,error_handler_params) values ('68499','35659','1','20','6h','0','');
INSERT INTO item_preproc (item_preprocid,itemid,step,type,params,error_handler,error_handler_params) values ('68500','35660','1','20','6h','0','');
INSERT INTO item_preproc (item_preprocid,itemid,step,type,params,error_handler,error_handler_params) values ('68501','35661','1','20','6h','0','');
INSERT INTO item_preproc (item_preprocid,itemid,step,type,params,error_handler,error_handler_params) values ('68502','35662','1','20','6h','0','');
INSERT INTO item_preproc (item_preprocid,itemid,step,type,params,error_handler,error_handler_params) values ('68503','35663','1','20','1h','0','');
INSERT INTO item_preproc (item_preprocid,itemid,step,type,params,error_handler,error_handler_params) values ('68504','35664','1','20','6h','0','');
INSERT INTO item_preproc (item_preprocid,itemid,step,type,params,error_handler,error_handler_params) values ('68505','35665','1','20','6h','0','');
INSERT INTO item_preproc (item_preprocid,itemid,step,type,params,error_handler,error_handler_params) values ('68507','35667','1','20','6h','0','');
INSERT INTO item_preproc (item_preprocid,itemid,step,type,params,error_handler,error_handler_params) values ('68508','35668','1','20','6h','0','');
INSERT INTO item_preproc (item_preprocid,itemid,step,type,params,error_handler,error_handler_params) values ('68509','35669','1','20','6h','0','');
INSERT INTO item_preproc (item_preprocid,itemid,step,type,params,error_handler,error_handler_params) values ('68510','35670','1','20','6h','0','');
INSERT INTO item_preproc (item_preprocid,itemid,step,type,params,error_handler,error_handler_params) values ('68511','35671','1','20','6h','0','');
INSERT INTO item_preproc (item_preprocid,itemid,step,type,params,error_handler,error_handler_params) values ('68512','35672','1','20','6h','0','');
INSERT INTO item_preproc (item_preprocid,itemid,step,type,params,error_handler,error_handler_params) values ('68513','35673','1','20','6h','0','');
INSERT INTO item_preproc (item_preprocid,itemid,step,type,params,error_handler,error_handler_params) values ('68514','35674','1','20','6h','0','');
INSERT INTO item_preproc (item_preprocid,itemid,step,type,params,error_handler,error_handler_params) values ('68515','35675','1','20','6h','0','');
INSERT INTO item_preproc (item_preprocid,itemid,step,type,params,error_handler,error_handler_params) values ('68516','35676','1','20','6h','0','');
INSERT INTO item_preproc (item_preprocid,itemid,step,type,params,error_handler,error_handler_params) values ('68517','35677','1','20','6h','0','');
INSERT INTO item_preproc (item_preprocid,itemid,step,type,params,error_handler,error_handler_params) values ('68518','35678','1','20','6h','0','');
INSERT INTO item_preproc (item_preprocid,itemid,step,type,params,error_handler,error_handler_params) values ('68519','35679','1','20','1h','0','');
INSERT INTO item_preproc (item_preprocid,itemid,step,type,params,error_handler,error_handler_params) values ('68520','35680','1','20','1h','0','');
INSERT INTO item_preproc (item_preprocid,itemid,step,type,params,error_handler,error_handler_params) values ('68521','35681','1','1','0.001','0','');
INSERT INTO item_preproc (item_preprocid,itemid,step,type,params,error_handler,error_handler_params) values ('68522','35681','2','20','1h','0','');
INSERT INTO item_preproc (item_preprocid,itemid,step,type,params,error_handler,error_handler_params) values ('68524','35683','1','20','1h','0','');
INSERT INTO item_preproc (item_preprocid,itemid,step,type,params,error_handler,error_handler_params) values ('68525','35684','1','20','1h','0','');
INSERT INTO item_preproc (item_preprocid,itemid,step,type,params,error_handler,error_handler_params) values ('68526','35685','1','20','1h','0','');
INSERT INTO item_preproc (item_preprocid,itemid,step,type,params,error_handler,error_handler_params) values ('68527','35686','1','20','1h','0','');
INSERT INTO item_preproc (item_preprocid,itemid,step,type,params,error_handler,error_handler_params) values ('68528','35714','1','20','1h','0','');
INSERT INTO item_preproc (item_preprocid,itemid,step,type,params,error_handler,error_handler_params) values ('68529','35715','1','20','1h','0','');
INSERT INTO item_preproc (item_preprocid,itemid,step,type,params,error_handler,error_handler_params) values ('68530','35716','1','20','1h','0','');
INSERT INTO item_preproc (item_preprocid,itemid,step,type,params,error_handler,error_handler_params) values ('68536','35722','1','20','1h','0','');
INSERT INTO item_preproc (item_preprocid,itemid,step,type,params,error_handler,error_handler_params) values ('68539','35725','1','20','1h','0','');
INSERT INTO item_preproc (item_preprocid,itemid,step,type,params,error_handler,error_handler_params) values ('68540','35726','1','20','1h','0','');
INSERT INTO item_preproc (item_preprocid,itemid,step,type,params,error_handler,error_handler_params) values ('68541','35727','1','20','1h','0','');
INSERT INTO item_preproc (item_preprocid,itemid,step,type,params,error_handler,error_handler_params) values ('68542','35728','1','20','1h','0','');
INSERT INTO item_preproc (item_preprocid,itemid,step,type,params,error_handler,error_handler_params) values ('68543','35729','1','20','1h','0','');
INSERT INTO item_preproc (item_preprocid,itemid,step,type,params,error_handler,error_handler_params) values ('68544','35730','1','20','1h','0','');
INSERT INTO item_preproc (item_preprocid,itemid,step,type,params,error_handler,error_handler_params) values ('68545','35731','1','20','1h','0','');
INSERT INTO item_preproc (item_preprocid,itemid,step,type,params,error_handler,error_handler_params) values ('68546','35732','1','20','1h','0','');
INSERT INTO item_preproc (item_preprocid,itemid,step,type,params,error_handler,error_handler_params) values ('68547','35733','1','10','','0','');
INSERT INTO item_preproc (item_preprocid,itemid,step,type,params,error_handler,error_handler_params) values ('68548','35733','2','20','1h','0','');
INSERT INTO item_preproc (item_preprocid,itemid,step,type,params,error_handler,error_handler_params) values ('68549','35734','1','20','1h','0','');
INSERT INTO item_preproc (item_preprocid,itemid,step,type,params,error_handler,error_handler_params) values ('68550','35735','1','20','1h','0','');
INSERT INTO item_preproc (item_preprocid,itemid,step,type,params,error_handler,error_handler_params) values ('68551','35736','1','10','','0','');
INSERT INTO item_preproc (item_preprocid,itemid,step,type,params,error_handler,error_handler_params) values ('68552','35736','2','20','1h','0','');
INSERT INTO item_preproc (item_preprocid,itemid,step,type,params,error_handler,error_handler_params) values ('68553','35737','1','10','','0','');
INSERT INTO item_preproc (item_preprocid,itemid,step,type,params,error_handler,error_handler_params) values ('68554','35737','2','20','1h','0','');
INSERT INTO item_preproc (item_preprocid,itemid,step,type,params,error_handler,error_handler_params) values ('68555','35738','1','10','','0','');
INSERT INTO item_preproc (item_preprocid,itemid,step,type,params,error_handler,error_handler_params) values ('68556','35738','2','20','1h','0','');
INSERT INTO item_preproc (item_preprocid,itemid,step,type,params,error_handler,error_handler_params) values ('68557','35739','1','10','','0','');
INSERT INTO item_preproc (item_preprocid,itemid,step,type,params,error_handler,error_handler_params) values ('68558','35739','2','20','1h','0','');
INSERT INTO item_preproc (item_preprocid,itemid,step,type,params,error_handler,error_handler_params) values ('68559','35740','1','20','1h','0','');
INSERT INTO item_preproc (item_preprocid,itemid,step,type,params,error_handler,error_handler_params) values ('68560','35741','1','20','1h','0','');
INSERT INTO item_preproc (item_preprocid,itemid,step,type,params,error_handler,error_handler_params) values ('68561','35742','1','10','','0','');
INSERT INTO item_preproc (item_preprocid,itemid,step,type,params,error_handler,error_handler_params) values ('68562','35742','2','20','1h','0','');
INSERT INTO item_preproc (item_preprocid,itemid,step,type,params,error_handler,error_handler_params) values ('68563','35743','1','10','','0','');
INSERT INTO item_preproc (item_preprocid,itemid,step,type,params,error_handler,error_handler_params) values ('68564','35743','2','20','1h','0','');
INSERT INTO item_preproc (item_preprocid,itemid,step,type,params,error_handler,error_handler_params) values ('68565','35744','1','10','','0','');
INSERT INTO item_preproc (item_preprocid,itemid,step,type,params,error_handler,error_handler_params) values ('68566','35744','2','20','1h','0','');
INSERT INTO item_preproc (item_preprocid,itemid,step,type,params,error_handler,error_handler_params) values ('68567','35745','1','20','1h','0','');
INSERT INTO item_preproc (item_preprocid,itemid,step,type,params,error_handler,error_handler_params) values ('68568','35746','1','20','1h','0','');
INSERT INTO item_preproc (item_preprocid,itemid,step,type,params,error_handler,error_handler_params) values ('68569','35747','1','10','','0','');
INSERT INTO item_preproc (item_preprocid,itemid,step,type,params,error_handler,error_handler_params) values ('68570','35747','2','20','1h','0','');
INSERT INTO item_preproc (item_preprocid,itemid,step,type,params,error_handler,error_handler_params) values ('68571','35748','1','10','','0','');
INSERT INTO item_preproc (item_preprocid,itemid,step,type,params,error_handler,error_handler_params) values ('68572','35748','2','20','1h','0','');
INSERT INTO item_preproc (item_preprocid,itemid,step,type,params,error_handler,error_handler_params) values ('68573','35749','1','10','','0','');
INSERT INTO item_preproc (item_preprocid,itemid,step,type,params,error_handler,error_handler_params) values ('68574','35749','2','20','1h','0','');
INSERT INTO item_preproc (item_preprocid,itemid,step,type,params,error_handler,error_handler_params) values ('68575','35750','1','10','','0','');
INSERT INTO item_preproc (item_preprocid,itemid,step,type,params,error_handler,error_handler_params) values ('68576','35750','2','20','1h','0','');
INSERT INTO item_preproc (item_preprocid,itemid,step,type,params,error_handler,error_handler_params) values ('68577','35751','1','20','1h','0','');
INSERT INTO item_preproc (item_preprocid,itemid,step,type,params,error_handler,error_handler_params) values ('68578','35752','1','20','1h','0','');
INSERT INTO item_preproc (item_preprocid,itemid,step,type,params,error_handler,error_handler_params) values ('68579','35753','1','20','1h','0','');
INSERT INTO item_preproc (item_preprocid,itemid,step,type,params,error_handler,error_handler_params) values ('68580','35754','1','20','1h','0','');
INSERT INTO item_preproc (item_preprocid,itemid,step,type,params,error_handler,error_handler_params) values ('68581','35755','1','10','','0','');
INSERT INTO item_preproc (item_preprocid,itemid,step,type,params,error_handler,error_handler_params) values ('68582','35755','2','20','1h','0','');
INSERT INTO item_preproc (item_preprocid,itemid,step,type,params,error_handler,error_handler_params) values ('68583','35756','1','10','','0','');
INSERT INTO item_preproc (item_preprocid,itemid,step,type,params,error_handler,error_handler_params) values ('68584','35756','2','20','1h','0','');
INSERT INTO item_preproc (item_preprocid,itemid,step,type,params,error_handler,error_handler_params) values ('68585','35757','1','10','','0','');
INSERT INTO item_preproc (item_preprocid,itemid,step,type,params,error_handler,error_handler_params) values ('68586','35757','2','20','1h','0','');
INSERT INTO item_preproc (item_preprocid,itemid,step,type,params,error_handler,error_handler_params) values ('68587','35758','1','10','','0','');
INSERT INTO item_preproc (item_preprocid,itemid,step,type,params,error_handler,error_handler_params) values ('68588','35758','2','20','1h','0','');
INSERT INTO item_preproc (item_preprocid,itemid,step,type,params,error_handler,error_handler_params) values ('68589','35759','1','20','1h','0','');
INSERT INTO item_preproc (item_preprocid,itemid,step,type,params,error_handler,error_handler_params) values ('68590','35760','1','1','0.001','0','');
INSERT INTO item_preproc (item_preprocid,itemid,step,type,params,error_handler,error_handler_params) values ('68591','35760','2','20','1h','0','');
INSERT INTO item_preproc (item_preprocid,itemid,step,type,params,error_handler,error_handler_params) values ('68592','35761','1','20','1h','0','');
INSERT INTO item_preproc (item_preprocid,itemid,step,type,params,error_handler,error_handler_params) values ('68593','35762','1','20','1h','0','');
INSERT INTO item_preproc (item_preprocid,itemid,step,type,params,error_handler,error_handler_params) values ('68594','35763','1','10','','0','');
INSERT INTO item_preproc (item_preprocid,itemid,step,type,params,error_handler,error_handler_params) values ('68595','35763','2','20','1h','0','');
INSERT INTO item_preproc (item_preprocid,itemid,step,type,params,error_handler,error_handler_params) values ('68596','35764','1','10','','0','');
INSERT INTO item_preproc (item_preprocid,itemid,step,type,params,error_handler,error_handler_params) values ('68597','35764','2','20','1h','0','');
INSERT INTO item_preproc (item_preprocid,itemid,step,type,params,error_handler,error_handler_params) values ('68598','35765','1','10','','0','');
INSERT INTO item_preproc (item_preprocid,itemid,step,type,params,error_handler,error_handler_params) values ('68599','35765','2','20','1h','0','');
INSERT INTO item_preproc (item_preprocid,itemid,step,type,params,error_handler,error_handler_params) values ('68600','35766','1','10','','0','');
INSERT INTO item_preproc (item_preprocid,itemid,step,type,params,error_handler,error_handler_params) values ('68601','35766','2','20','1h','0','');
INSERT INTO item_preproc (item_preprocid,itemid,step,type,params,error_handler,error_handler_params) values ('68602','35767','1','20','1h','0','');
INSERT INTO item_preproc (item_preprocid,itemid,step,type,params,error_handler,error_handler_params) values ('68603','35768','1','20','1h','0','');
INSERT INTO item_preproc (item_preprocid,itemid,step,type,params,error_handler,error_handler_params) values ('68604','35769','1','20','1h','0','');
INSERT INTO item_preproc (item_preprocid,itemid,step,type,params,error_handler,error_handler_params) values ('68605','35770','1','20','1h','0','');
INSERT INTO item_preproc (item_preprocid,itemid,step,type,params,error_handler,error_handler_params) values ('68606','35771','1','20','1h','0','');
INSERT INTO item_preproc (item_preprocid,itemid,step,type,params,error_handler,error_handler_params) values ('68607','35772','1','20','6h','0','');
INSERT INTO item_preproc (item_preprocid,itemid,step,type,params,error_handler,error_handler_params) values ('68608','35773','1','12','$.x509.alternative_names','0','');
INSERT INTO item_preproc (item_preprocid,itemid,step,type,params,error_handler,error_handler_params) values ('68609','35774','1','12','$.x509.issuer','0','');
INSERT INTO item_preproc (item_preprocid,itemid,step,type,params,error_handler,error_handler_params) values ('68610','35775','1','12','$.result.message','0','');
INSERT INTO item_preproc (item_preprocid,itemid,step,type,params,error_handler,error_handler_params) values ('68611','35776','1','12','$.x509.not_after.timestamp','0','');
INSERT INTO item_preproc (item_preprocid,itemid,step,type,params,error_handler,error_handler_params) values ('68612','35777','1','12','$.x509.not_before.timestamp','0','');
INSERT INTO item_preproc (item_preprocid,itemid,step,type,params,error_handler,error_handler_params) values ('68613','35778','1','12','$.x509.public_key_algorithm','0','');
INSERT INTO item_preproc (item_preprocid,itemid,step,type,params,error_handler,error_handler_params) values ('68614','35779','1','12','$.x509.serial_number','0','');
INSERT INTO item_preproc (item_preprocid,itemid,step,type,params,error_handler,error_handler_params) values ('68615','35780','1','12','$.sha1_fingerprint','0','');
INSERT INTO item_preproc (item_preprocid,itemid,step,type,params,error_handler,error_handler_params) values ('68616','35781','1','12','$.x509.signature_algorithm','0','');
INSERT INTO item_preproc (item_preprocid,itemid,step,type,params,error_handler,error_handler_params) values ('68617','35782','1','12','$.x509.subject','0','');
INSERT INTO item_preproc (item_preprocid,itemid,step,type,params,error_handler,error_handler_params) values ('68618','35783','1','12','$.result.value','0','');
INSERT INTO item_preproc (item_preprocid,itemid,step,type,params,error_handler,error_handler_params) values ('68619','35784','1','12','$.x509.version','0','');
INSERT INTO item_preproc (item_preprocid,itemid,step,type,params,error_handler,error_handler_params) values ('68620','35785','1','21','return JSON.stringify(JSON.parse(value),[''mode'',''pxname'',''svname''])','0','');
INSERT INTO item_preproc (item_preprocid,itemid,step,type,params,error_handler,error_handler_params) values ('68621','35785','2','20','1h','0','');
INSERT INTO item_preproc (item_preprocid,itemid,step,type,params,error_handler,error_handler_params) values ('68622','35787','1','12','$.[?(@.pxname == ''{#PXNAME}'' && @.svname == ''{#SVNAME}'')].act.first()','0','');
INSERT INTO item_preproc (item_preprocid,itemid,step,type,params,error_handler,error_handler_params) values ('68623','35787','2','20','1h','0','');
INSERT INTO item_preproc (item_preprocid,itemid,step,type,params,error_handler,error_handler_params) values ('68624','35788','1','12','$.[?(@.pxname == ''{#PXNAME}'' && @.svname == ''{#SVNAME}'')].hrsp_5xx.first()','0','');
INSERT INTO item_preproc (item_preprocid,itemid,step,type,params,error_handler,error_handler_params) values ('68625','35788','2','10','','0','');
INSERT INTO item_preproc (item_preprocid,itemid,step,type,params,error_handler,error_handler_params) values ('68626','35789','1','12','$.[?(@.pxname == ''{#PXNAME}'' && @.svname == ''{#SVNAME}'')].wredis.first()','0','');
INSERT INTO item_preproc (item_preprocid,itemid,step,type,params,error_handler,error_handler_params) values ('68627','35789','2','10','','0','');
INSERT INTO item_preproc (item_preprocid,itemid,step,type,params,error_handler,error_handler_params) values ('68628','35790','1','12','$.[?(@.pxname == ''{#PXNAME}'' && @.svname == ''{#SVNAME}'')].weight.first()','0','');
INSERT INTO item_preproc (item_preprocid,itemid,step,type,params,error_handler,error_handler_params) values ('68629','35790','2','20','1h','0','');
INSERT INTO item_preproc (item_preprocid,itemid,step,type,params,error_handler,error_handler_params) values ('68630','35791','1','12','$.[?(@.pxname == ''{#PXNAME}'' && @.svname == ''{#SVNAME}'')].stot.first()','0','');
INSERT INTO item_preproc (item_preprocid,itemid,step,type,params,error_handler,error_handler_params) values ('68631','35791','2','10','','0','');
INSERT INTO item_preproc (item_preprocid,itemid,step,type,params,error_handler,error_handler_params) values ('68632','35792','1','12','$.[?(@.pxname == ''{#PXNAME}'' && @.svname == ''{#SVNAME}'')].status.first()','0','');
INSERT INTO item_preproc (item_preprocid,itemid,step,type,params,error_handler,error_handler_params) values ('68633','35792','2','20','10m','0','');
INSERT INTO item_preproc (item_preprocid,itemid,step,type,params,error_handler,error_handler_params) values ('68634','35793','1','12','$.[?(@.pxname == ''{#PXNAME}'' && @.svname == ''{#SVNAME}'')].rtime.first()','0','');
INSERT INTO item_preproc (item_preprocid,itemid,step,type,params,error_handler,error_handler_params) values ('68635','35793','2','1','0.001','0','');
INSERT INTO item_preproc (item_preprocid,itemid,step,type,params,error_handler,error_handler_params) values ('68636','35794','1','12','$.[?(@.pxname == ''{#PXNAME}'' && @.svname == ''{#SVNAME}'')].qtime.first()','0','');
INSERT INTO item_preproc (item_preprocid,itemid,step,type,params,error_handler,error_handler_params) values ('68637','35794','2','1','0.001','0','');
INSERT INTO item_preproc (item_preprocid,itemid,step,type,params,error_handler,error_handler_params) values ('68638','35795','1','12','$.[?(@.pxname == ''{#PXNAME}'' && @.svname == ''{#SVNAME}'')].qcur.first()','0','');
INSERT INTO item_preproc (item_preprocid,itemid,step,type,params,error_handler,error_handler_params) values ('68639','35796','1','12','$.[?(@.pxname == ''{#PXNAME}'' && @.svname == ''{#SVNAME}'')].hrsp_4xx.first()','0','');
INSERT INTO item_preproc (item_preprocid,itemid,step,type,params,error_handler,error_handler_params) values ('68640','35796','2','10','','0','');
INSERT INTO item_preproc (item_preprocid,itemid,step,type,params,error_handler,error_handler_params) values ('68641','35797','1','12','$.[?(@.pxname == ''{#PXNAME}'' && @.svname == ''{#SVNAME}'')].bck.first()','0','');
INSERT INTO item_preproc (item_preprocid,itemid,step,type,params,error_handler,error_handler_params) values ('68642','35797','2','20','1h','0','');
INSERT INTO item_preproc (item_preprocid,itemid,step,type,params,error_handler,error_handler_params) values ('68643','35798','1','12','$.[?(@.pxname == ''{#PXNAME}'' && @.svname == ''{#SVNAME}'')].hrsp_3xx.first()','0','');
INSERT INTO item_preproc (item_preprocid,itemid,step,type,params,error_handler,error_handler_params) values ('68644','35798','2','10','','0','');
INSERT INTO item_preproc (item_preprocid,itemid,step,type,params,error_handler,error_handler_params) values ('68645','35799','1','12','$.[?(@.pxname == ''{#PXNAME}'' && @.svname == ''{#SVNAME}'')].hrsp_2xx.first()','0','');
INSERT INTO item_preproc (item_preprocid,itemid,step,type,params,error_handler,error_handler_params) values ('68646','35799','2','10','','0','');
INSERT INTO item_preproc (item_preprocid,itemid,step,type,params,error_handler,error_handler_params) values ('68647','35800','1','12','$.[?(@.pxname == ''{#PXNAME}'' && @.svname == ''{#SVNAME}'')].hrsp_1xx.first()','0','');
INSERT INTO item_preproc (item_preprocid,itemid,step,type,params,error_handler,error_handler_params) values ('68648','35800','2','10','','0','');
INSERT INTO item_preproc (item_preprocid,itemid,step,type,params,error_handler,error_handler_params) values ('68649','35801','1','12','$.[?(@.pxname == ''{#PXNAME}'' && @.svname == ''{#SVNAME}'')].eresp.first()','0','');
INSERT INTO item_preproc (item_preprocid,itemid,step,type,params,error_handler,error_handler_params) values ('68650','35801','2','10','','0','');
INSERT INTO item_preproc (item_preprocid,itemid,step,type,params,error_handler,error_handler_params) values ('68651','35802','1','12','$.[?(@.pxname == ''{#PXNAME}'' && @.svname == ''{#SVNAME}'')].econ.first()','0','');
INSERT INTO item_preproc (item_preprocid,itemid,step,type,params,error_handler,error_handler_params) values ('68652','35802','2','10','','0','');
INSERT INTO item_preproc (item_preprocid,itemid,step,type,params,error_handler,error_handler_params) values ('68653','35803','1','12','$.[?(@.pxname == ''{#PXNAME}'' && @.svname == ''{#SVNAME}'')].dresp.first()','0','');
INSERT INTO item_preproc (item_preprocid,itemid,step,type,params,error_handler,error_handler_params) values ('68654','35803','2','10','','0','');
INSERT INTO item_preproc (item_preprocid,itemid,step,type,params,error_handler,error_handler_params) values ('68655','35804','1','12','$.[?(@.pxname == ''{#PXNAME}'' && @.svname == ''{#SVNAME}'')].bout.first()','0','');
INSERT INTO item_preproc (item_preprocid,itemid,step,type,params,error_handler,error_handler_params) values ('68656','35804','2','1','8','0','');
INSERT INTO item_preproc (item_preprocid,itemid,step,type,params,error_handler,error_handler_params) values ('68657','35804','3','10','','0','');
INSERT INTO item_preproc (item_preprocid,itemid,step,type,params,error_handler,error_handler_params) values ('68658','35805','1','12','$.[?(@.pxname == ''{#PXNAME}'' && @.svname == ''{#SVNAME}'')].bin.first()','0','');
INSERT INTO item_preproc (item_preprocid,itemid,step,type,params,error_handler,error_handler_params) values ('68659','35805','2','1','8','0','');
INSERT INTO item_preproc (item_preprocid,itemid,step,type,params,error_handler,error_handler_params) values ('68660','35805','3','10','','0','');
INSERT INTO item_preproc (item_preprocid,itemid,step,type,params,error_handler,error_handler_params) values ('68661','35806','1','12','$.[?(@.pxname == ''{#PXNAME}'' && @.svname == ''{#SVNAME}'')].wretr.first()','0','');
INSERT INTO item_preproc (item_preprocid,itemid,step,type,params,error_handler,error_handler_params) values ('68662','35806','2','10','','0','');
INSERT INTO item_preproc (item_preprocid,itemid,step,type,params,error_handler,error_handler_params) values ('68663','35807','1','12','$.[?(@.pxname == ''{#PXNAME}'' && @.svname == ''{#SVNAME}'')].bin.first()','0','');
INSERT INTO item_preproc (item_preprocid,itemid,step,type,params,error_handler,error_handler_params) values ('68664','35807','2','1','8','0','');
INSERT INTO item_preproc (item_preprocid,itemid,step,type,params,error_handler,error_handler_params) values ('68665','35807','3','10','','0','');
INSERT INTO item_preproc (item_preprocid,itemid,step,type,params,error_handler,error_handler_params) values ('68666','35808','1','12','$.[?(@.pxname == ''{#PXNAME}'' && @.svname == ''{#SVNAME}'')].bout.first()','0','');
INSERT INTO item_preproc (item_preprocid,itemid,step,type,params,error_handler,error_handler_params) values ('68667','35808','2','1','8','0','');
INSERT INTO item_preproc (item_preprocid,itemid,step,type,params,error_handler,error_handler_params) values ('68668','35808','3','10','','0','');
INSERT INTO item_preproc (item_preprocid,itemid,step,type,params,error_handler,error_handler_params) values ('68669','35809','1','12','$.[?(@.pxname == ''{#PXNAME}'' && @.svname == ''{#SVNAME}'')].dreq.first()','0','');
INSERT INTO item_preproc (item_preprocid,itemid,step,type,params,error_handler,error_handler_params) values ('68670','35809','2','10','','0','');
INSERT INTO item_preproc (item_preprocid,itemid,step,type,params,error_handler,error_handler_params) values ('68671','35810','1','12','$.[?(@.pxname == ''{#PXNAME}'' && @.svname == ''{#SVNAME}'')].ereq.first()','0','');
INSERT INTO item_preproc (item_preprocid,itemid,step,type,params,error_handler,error_handler_params) values ('68672','35810','2','10','','0','');
INSERT INTO item_preproc (item_preprocid,itemid,step,type,params,error_handler,error_handler_params) values ('68673','35811','1','12','$.[?(@.pxname == ''{#PXNAME}'' && @.svname == ''{#SVNAME}'')].hrsp_1xx.first()','0','');
INSERT INTO item_preproc (item_preprocid,itemid,step,type,params,error_handler,error_handler_params) values ('68674','35811','2','10','','0','');
INSERT INTO item_preproc (item_preprocid,itemid,step,type,params,error_handler,error_handler_params) values ('68675','35812','1','12','$.[?(@.pxname == ''{#PXNAME}'' && @.svname == ''{#SVNAME}'')].hrsp_2xx.first()','0','');
INSERT INTO item_preproc (item_preprocid,itemid,step,type,params,error_handler,error_handler_params) values ('68676','35812','2','10','','0','');
INSERT INTO item_preproc (item_preprocid,itemid,step,type,params,error_handler,error_handler_params) values ('68677','35813','1','12','$.[?(@.pxname == ''{#PXNAME}'' && @.svname == ''{#SVNAME}'')].hrsp_3xx.first()','0','');
INSERT INTO item_preproc (item_preprocid,itemid,step,type,params,error_handler,error_handler_params) values ('68678','35813','2','10','','0','');
INSERT INTO item_preproc (item_preprocid,itemid,step,type,params,error_handler,error_handler_params) values ('68679','35814','1','12','$.[?(@.pxname == ''{#PXNAME}'' && @.svname == ''{#SVNAME}'')].hrsp_4xx.first()','0','');
INSERT INTO item_preproc (item_preprocid,itemid,step,type,params,error_handler,error_handler_params) values ('68680','35814','2','10','','0','');
INSERT INTO item_preproc (item_preprocid,itemid,step,type,params,error_handler,error_handler_params) values ('68681','35815','1','12','$.[?(@.pxname == ''{#PXNAME}'' && @.svname == ''{#SVNAME}'')].hrsp_5xx.first()','0','');
INSERT INTO item_preproc (item_preprocid,itemid,step,type,params,error_handler,error_handler_params) values ('68682','35815','2','10','','0','');
INSERT INTO item_preproc (item_preprocid,itemid,step,type,params,error_handler,error_handler_params) values ('68683','35816','1','12','$.[?(@.pxname == ''{#PXNAME}'' && @.svname == ''{#SVNAME}'')].rate.first()','0','');
INSERT INTO item_preproc (item_preprocid,itemid,step,type,params,error_handler,error_handler_params) values ('68684','35817','1','12','$.[?(@.pxname == ''{#PXNAME}'' && @.svname == ''{#SVNAME}'')].req_rate.first()','0','');
INSERT INTO item_preproc (item_preprocid,itemid,step,type,params,error_handler,error_handler_params) values ('68685','35818','1','12','$.[?(@.pxname == ''{#PXNAME}'' && @.svname == ''{#SVNAME}'')].scur.first()','0','');
INSERT INTO item_preproc (item_preprocid,itemid,step,type,params,error_handler,error_handler_params) values ('68686','35819','1','12','$.[?(@.pxname == ''{#PXNAME}'' && @.svname == ''{#SVNAME}'')].slim.first()','0','');
INSERT INTO item_preproc (item_preprocid,itemid,step,type,params,error_handler,error_handler_params) values ('68687','35819','2','20','1h','0','');
INSERT INTO item_preproc (item_preprocid,itemid,step,type,params,error_handler,error_handler_params) values ('68688','35820','1','12','$.[?(@.pxname == ''{#PXNAME}'' && @.svname == ''{#SVNAME}'')].status.first()','0','');
INSERT INTO item_preproc (item_preprocid,itemid,step,type,params,error_handler,error_handler_params) values ('68689','35820','2','20','6h','0','');
INSERT INTO item_preproc (item_preprocid,itemid,step,type,params,error_handler,error_handler_params) values ('68690','35821','1','12','$.[?(@.pxname == ''{#PXNAME}'' && @.svname == ''{#SVNAME}'')].act.first()','0','');
INSERT INTO item_preproc (item_preprocid,itemid,step,type,params,error_handler,error_handler_params) values ('68691','35821','2','20','1h','0','');
INSERT INTO item_preproc (item_preprocid,itemid,step,type,params,error_handler,error_handler_params) values ('68692','35822','1','12','$.[?(@.pxname == ''{#PXNAME}'' && @.svname == ''{#SVNAME}'')].hrsp_5xx.first()','0','');
INSERT INTO item_preproc (item_preprocid,itemid,step,type,params,error_handler,error_handler_params) values ('68693','35822','2','10','','0','');
INSERT INTO item_preproc (item_preprocid,itemid,step,type,params,error_handler,error_handler_params) values ('68694','35823','1','12','$.[?(@.pxname == ''{#PXNAME}'' && @.svname == ''{#SVNAME}'')].wredis.first()','0','');
INSERT INTO item_preproc (item_preprocid,itemid,step,type,params,error_handler,error_handler_params) values ('68695','35823','2','10','','0','');
INSERT INTO item_preproc (item_preprocid,itemid,step,type,params,error_handler,error_handler_params) values ('68696','35824','1','12','$.[?(@.pxname == ''{#PXNAME}'' && @.svname == ''{#SVNAME}'')].weight.first()','0','');
INSERT INTO item_preproc (item_preprocid,itemid,step,type,params,error_handler,error_handler_params) values ('68697','35824','2','20','1h','0','');
INSERT INTO item_preproc (item_preprocid,itemid,step,type,params,error_handler,error_handler_params) values ('68698','35825','1','12','$.[?(@.pxname == ''{#PXNAME}'' && @.svname == ''{#SVNAME}'')].stot.first()','0','');
INSERT INTO item_preproc (item_preprocid,itemid,step,type,params,error_handler,error_handler_params) values ('68699','35825','2','10','','0','');
INSERT INTO item_preproc (item_preprocid,itemid,step,type,params,error_handler,error_handler_params) values ('68700','35826','1','12','$.[?(@.pxname == ''{#PXNAME}'' && @.svname == ''{#SVNAME}'')].status.first()','0','');
INSERT INTO item_preproc (item_preprocid,itemid,step,type,params,error_handler,error_handler_params) values ('68701','35826','2','20','10m','0','');
INSERT INTO item_preproc (item_preprocid,itemid,step,type,params,error_handler,error_handler_params) values ('68702','35827','1','12','$.[?(@.pxname == ''{#PXNAME}'' && @.svname == ''{#SVNAME}'')].rtime.first()','0','');
INSERT INTO item_preproc (item_preprocid,itemid,step,type,params,error_handler,error_handler_params) values ('68703','35827','2','1','0.001','0','');
INSERT INTO item_preproc (item_preprocid,itemid,step,type,params,error_handler,error_handler_params) values ('68704','35828','1','12','$.[?(@.pxname == ''{#PXNAME}'' && @.svname == ''{#SVNAME}'')].qtime.first()','0','');
INSERT INTO item_preproc (item_preprocid,itemid,step,type,params,error_handler,error_handler_params) values ('68705','35828','2','1','0.001','0','');
INSERT INTO item_preproc (item_preprocid,itemid,step,type,params,error_handler,error_handler_params) values ('68706','35829','1','12','$.[?(@.pxname == ''{#PXNAME}'' && @.svname == ''{#SVNAME}'')].qlimit.first()','0','');
INSERT INTO item_preproc (item_preprocid,itemid,step,type,params,error_handler,error_handler_params) values ('68707','35829','2','20','6h','0','');
INSERT INTO item_preproc (item_preprocid,itemid,step,type,params,error_handler,error_handler_params) values ('68708','35829','3','14',E'^\\d+$','2','0');
INSERT INTO item_preproc (item_preprocid,itemid,step,type,params,error_handler,error_handler_params) values ('68709','35830','1','12','$.[?(@.pxname == ''{#PXNAME}'' && @.svname == ''{#SVNAME}'')].qcur.first()','0','');
INSERT INTO item_preproc (item_preprocid,itemid,step,type,params,error_handler,error_handler_params) values ('68710','35831','1','12','$.[?(@.pxname == ''{#PXNAME}'' && @.svname == ''{#SVNAME}'')].lbtot.first()','0','');
INSERT INTO item_preproc (item_preprocid,itemid,step,type,params,error_handler,error_handler_params) values ('68711','35831','2','10','','0','');
INSERT INTO item_preproc (item_preprocid,itemid,step,type,params,error_handler,error_handler_params) values ('68712','35832','1','12','$.[?(@.pxname == ''{#PXNAME}'' && @.svname == ''{#SVNAME}'')].hrsp_4xx.first()','0','');
INSERT INTO item_preproc (item_preprocid,itemid,step,type,params,error_handler,error_handler_params) values ('68713','35832','2','10','','0','');
INSERT INTO item_preproc (item_preprocid,itemid,step,type,params,error_handler,error_handler_params) values ('68714','35833','1','12','$.[?(@.pxname == ''{#PXNAME}'' && @.svname == ''{#SVNAME}'')].bck.first()','0','');
INSERT INTO item_preproc (item_preprocid,itemid,step,type,params,error_handler,error_handler_params) values ('68715','35833','2','20','1h','0','');
INSERT INTO item_preproc (item_preprocid,itemid,step,type,params,error_handler,error_handler_params) values ('68716','35834','1','12','$.[?(@.pxname == ''{#PXNAME}'' && @.svname == ''{#SVNAME}'')].hrsp_3xx.first()','0','');
INSERT INTO item_preproc (item_preprocid,itemid,step,type,params,error_handler,error_handler_params) values ('68717','35834','2','10','','0','');
INSERT INTO item_preproc (item_preprocid,itemid,step,type,params,error_handler,error_handler_params) values ('68718','35835','1','12','$.[?(@.pxname == ''{#PXNAME}'' && @.svname == ''{#SVNAME}'')].hrsp_2xx.first()','0','');
INSERT INTO item_preproc (item_preprocid,itemid,step,type,params,error_handler,error_handler_params) values ('68719','35835','2','10','','0','');
INSERT INTO item_preproc (item_preprocid,itemid,step,type,params,error_handler,error_handler_params) values ('68720','35836','1','12','$.[?(@.pxname == ''{#PXNAME}'' && @.svname == ''{#SVNAME}'')].hrsp_1xx.first()','0','');
INSERT INTO item_preproc (item_preprocid,itemid,step,type,params,error_handler,error_handler_params) values ('68721','35836','2','10','','0','');
INSERT INTO item_preproc (item_preprocid,itemid,step,type,params,error_handler,error_handler_params) values ('68722','35837','1','12','$.[?(@.pxname == ''{#PXNAME}'' && @.svname == ''{#SVNAME}'')].eresp.first()','0','');
INSERT INTO item_preproc (item_preprocid,itemid,step,type,params,error_handler,error_handler_params) values ('68723','35837','2','10','','0','');
INSERT INTO item_preproc (item_preprocid,itemid,step,type,params,error_handler,error_handler_params) values ('68724','35838','1','12','$.[?(@.pxname == ''{#PXNAME}'' && @.svname == ''{#SVNAME}'')].econ.first()','0','');
INSERT INTO item_preproc (item_preprocid,itemid,step,type,params,error_handler,error_handler_params) values ('68725','35838','2','10','','0','');
INSERT INTO item_preproc (item_preprocid,itemid,step,type,params,error_handler,error_handler_params) values ('68726','35839','1','12','$.[?(@.pxname == ''{#PXNAME}'' && @.svname == ''{#SVNAME}'')].dresp.first()','0','');
INSERT INTO item_preproc (item_preprocid,itemid,step,type,params,error_handler,error_handler_params) values ('68727','35839','2','10','','0','');
INSERT INTO item_preproc (item_preprocid,itemid,step,type,params,error_handler,error_handler_params) values ('68728','35840','1','12','$.[?(@.pxname == ''{#PXNAME}'' && @.svname == ''{#SVNAME}'')].check_status.first()','0','');
INSERT INTO item_preproc (item_preprocid,itemid,step,type,params,error_handler,error_handler_params) values ('68729','35840','2','20','10m','0','');
INSERT INTO item_preproc (item_preprocid,itemid,step,type,params,error_handler,error_handler_params) values ('68730','35841','1','12','$.[?(@.pxname == ''{#PXNAME}'' && @.svname == ''{#SVNAME}'')].bout.first()','0','');
INSERT INTO item_preproc (item_preprocid,itemid,step,type,params,error_handler,error_handler_params) values ('68731','35841','2','1','8','0','');
INSERT INTO item_preproc (item_preprocid,itemid,step,type,params,error_handler,error_handler_params) values ('68732','35841','3','10','','0','');
INSERT INTO item_preproc (item_preprocid,itemid,step,type,params,error_handler,error_handler_params) values ('68733','35842','1','12','$.[?(@.pxname == ''{#PXNAME}'' && @.svname == ''{#SVNAME}'')].bin.first()','0','');
INSERT INTO item_preproc (item_preprocid,itemid,step,type,params,error_handler,error_handler_params) values ('68734','35842','2','1','8','0','');
INSERT INTO item_preproc (item_preprocid,itemid,step,type,params,error_handler,error_handler_params) values ('68735','35842','3','10','','0','');
INSERT INTO item_preproc (item_preprocid,itemid,step,type,params,error_handler,error_handler_params) values ('68736','35843','1','12','$.[?(@.pxname == ''{#PXNAME}'' && @.svname == ''{#SVNAME}'')].wretr.first()','0','');
INSERT INTO item_preproc (item_preprocid,itemid,step,type,params,error_handler,error_handler_params) values ('68737','35843','2','10','','0','');
INSERT INTO item_preproc (item_preprocid,itemid,step,type,params,error_handler,error_handler_params) values ('68738','35844','1','21','return JSON.stringify(JSON.parse(value),[''mode'',''pxname'',''svname''])','0','');
INSERT INTO item_preproc (item_preprocid,itemid,step,type,params,error_handler,error_handler_params) values ('68739','35844','2','20','1h','0','');
INSERT INTO item_preproc (item_preprocid,itemid,step,type,params,error_handler,error_handler_params) values ('68740','35846','1','12','$.[?(@.pxname == ''{#PXNAME}'' && @.svname == ''{#SVNAME}'')].act.first()','0','');
INSERT INTO item_preproc (item_preprocid,itemid,step,type,params,error_handler,error_handler_params) values ('68741','35846','2','20','1h','0','');
INSERT INTO item_preproc (item_preprocid,itemid,step,type,params,error_handler,error_handler_params) values ('68742','35847','1','12','$.[?(@.pxname == ''{#PXNAME}'' && @.svname == ''{#SVNAME}'')].hrsp_5xx.first()','0','');
INSERT INTO item_preproc (item_preprocid,itemid,step,type,params,error_handler,error_handler_params) values ('68743','35847','2','10','','0','');
INSERT INTO item_preproc (item_preprocid,itemid,step,type,params,error_handler,error_handler_params) values ('68744','35848','1','12','$.[?(@.pxname == ''{#PXNAME}'' && @.svname == ''{#SVNAME}'')].wredis.first()','0','');
INSERT INTO item_preproc (item_preprocid,itemid,step,type,params,error_handler,error_handler_params) values ('68745','35848','2','10','','0','');
INSERT INTO item_preproc (item_preprocid,itemid,step,type,params,error_handler,error_handler_params) values ('68746','35849','1','12','$.[?(@.pxname == ''{#PXNAME}'' && @.svname == ''{#SVNAME}'')].weight.first()','0','');
INSERT INTO item_preproc (item_preprocid,itemid,step,type,params,error_handler,error_handler_params) values ('68747','35849','2','20','1h','0','');
INSERT INTO item_preproc (item_preprocid,itemid,step,type,params,error_handler,error_handler_params) values ('68748','35850','1','12','$.[?(@.pxname == ''{#PXNAME}'' && @.svname == ''{#SVNAME}'')].stot.first()','0','');
INSERT INTO item_preproc (item_preprocid,itemid,step,type,params,error_handler,error_handler_params) values ('68749','35850','2','10','','0','');
INSERT INTO item_preproc (item_preprocid,itemid,step,type,params,error_handler,error_handler_params) values ('68750','35851','1','12','$.[?(@.pxname == ''{#PXNAME}'' && @.svname == ''{#SVNAME}'')].status.first()','0','');
INSERT INTO item_preproc (item_preprocid,itemid,step,type,params,error_handler,error_handler_params) values ('68751','35851','2','20','10m','0','');
INSERT INTO item_preproc (item_preprocid,itemid,step,type,params,error_handler,error_handler_params) values ('68752','35852','1','12','$.[?(@.pxname == ''{#PXNAME}'' && @.svname == ''{#SVNAME}'')].rtime.first()','0','');
INSERT INTO item_preproc (item_preprocid,itemid,step,type,params,error_handler,error_handler_params) values ('68753','35852','2','1','0.001','0','');
INSERT INTO item_preproc (item_preprocid,itemid,step,type,params,error_handler,error_handler_params) values ('68754','35853','1','12','$.[?(@.pxname == ''{#PXNAME}'' && @.svname == ''{#SVNAME}'')].qtime.first()','0','');
INSERT INTO item_preproc (item_preprocid,itemid,step,type,params,error_handler,error_handler_params) values ('68755','35853','2','1','0.001','0','');
INSERT INTO item_preproc (item_preprocid,itemid,step,type,params,error_handler,error_handler_params) values ('68756','35854','1','12','$.[?(@.pxname == ''{#PXNAME}'' && @.svname == ''{#SVNAME}'')].qcur.first()','0','');
INSERT INTO item_preproc (item_preprocid,itemid,step,type,params,error_handler,error_handler_params) values ('68757','35855','1','12','$.[?(@.pxname == ''{#PXNAME}'' && @.svname == ''{#SVNAME}'')].hrsp_4xx.first()','0','');
INSERT INTO item_preproc (item_preprocid,itemid,step,type,params,error_handler,error_handler_params) values ('68758','35855','2','10','','0','');
INSERT INTO item_preproc (item_preprocid,itemid,step,type,params,error_handler,error_handler_params) values ('68759','35856','1','12','$.[?(@.pxname == ''{#PXNAME}'' && @.svname == ''{#SVNAME}'')].bck.first()','0','');
INSERT INTO item_preproc (item_preprocid,itemid,step,type,params,error_handler,error_handler_params) values ('68760','35856','2','20','1h','0','');
INSERT INTO item_preproc (item_preprocid,itemid,step,type,params,error_handler,error_handler_params) values ('68761','35857','1','12','$.[?(@.pxname == ''{#PXNAME}'' && @.svname == ''{#SVNAME}'')].hrsp_3xx.first()','0','');
INSERT INTO item_preproc (item_preprocid,itemid,step,type,params,error_handler,error_handler_params) values ('68762','35857','2','10','','0','');
INSERT INTO item_preproc (item_preprocid,itemid,step,type,params,error_handler,error_handler_params) values ('68763','35858','1','12','$.[?(@.pxname == ''{#PXNAME}'' && @.svname == ''{#SVNAME}'')].hrsp_2xx.first()','0','');
INSERT INTO item_preproc (item_preprocid,itemid,step,type,params,error_handler,error_handler_params) values ('68764','35858','2','10','','0','');
INSERT INTO item_preproc (item_preprocid,itemid,step,type,params,error_handler,error_handler_params) values ('68765','35859','1','12','$.[?(@.pxname == ''{#PXNAME}'' && @.svname == ''{#SVNAME}'')].hrsp_1xx.first()','0','');
INSERT INTO item_preproc (item_preprocid,itemid,step,type,params,error_handler,error_handler_params) values ('68766','35859','2','10','','0','');
INSERT INTO item_preproc (item_preprocid,itemid,step,type,params,error_handler,error_handler_params) values ('68767','35860','1','12','$.[?(@.pxname == ''{#PXNAME}'' && @.svname == ''{#SVNAME}'')].eresp.first()','0','');
INSERT INTO item_preproc (item_preprocid,itemid,step,type,params,error_handler,error_handler_params) values ('68768','35860','2','10','','0','');
INSERT INTO item_preproc (item_preprocid,itemid,step,type,params,error_handler,error_handler_params) values ('68769','35861','1','12','$.[?(@.pxname == ''{#PXNAME}'' && @.svname == ''{#SVNAME}'')].econ.first()','0','');
INSERT INTO item_preproc (item_preprocid,itemid,step,type,params,error_handler,error_handler_params) values ('68770','35861','2','10','','0','');
INSERT INTO item_preproc (item_preprocid,itemid,step,type,params,error_handler,error_handler_params) values ('68771','35862','1','12','$.[?(@.pxname == ''{#PXNAME}'' && @.svname == ''{#SVNAME}'')].dresp.first()','0','');
INSERT INTO item_preproc (item_preprocid,itemid,step,type,params,error_handler,error_handler_params) values ('68772','35862','2','10','','0','');
INSERT INTO item_preproc (item_preprocid,itemid,step,type,params,error_handler,error_handler_params) values ('68773','35863','1','12','$.[?(@.pxname == ''{#PXNAME}'' && @.svname == ''{#SVNAME}'')].bout.first()','0','');
INSERT INTO item_preproc (item_preprocid,itemid,step,type,params,error_handler,error_handler_params) values ('68774','35863','2','1','8','0','');
INSERT INTO item_preproc (item_preprocid,itemid,step,type,params,error_handler,error_handler_params) values ('68775','35863','3','10','','0','');
INSERT INTO item_preproc (item_preprocid,itemid,step,type,params,error_handler,error_handler_params) values ('68776','35864','1','12','$.[?(@.pxname == ''{#PXNAME}'' && @.svname == ''{#SVNAME}'')].bin.first()','0','');
INSERT INTO item_preproc (item_preprocid,itemid,step,type,params,error_handler,error_handler_params) values ('68777','35864','2','1','8','0','');
INSERT INTO item_preproc (item_preprocid,itemid,step,type,params,error_handler,error_handler_params) values ('68778','35864','3','10','','0','');
INSERT INTO item_preproc (item_preprocid,itemid,step,type,params,error_handler,error_handler_params) values ('68779','35865','1','12','$.[?(@.pxname == ''{#PXNAME}'' && @.svname == ''{#SVNAME}'')].wretr.first()','0','');
INSERT INTO item_preproc (item_preprocid,itemid,step,type,params,error_handler,error_handler_params) values ('68780','35865','2','10','','0','');
INSERT INTO item_preproc (item_preprocid,itemid,step,type,params,error_handler,error_handler_params) values ('68781','35866','1','12','$.[?(@.pxname == ''{#PXNAME}'' && @.svname == ''{#SVNAME}'')].bin.first()','0','');
INSERT INTO item_preproc (item_preprocid,itemid,step,type,params,error_handler,error_handler_params) values ('68782','35866','2','1','8','0','');
INSERT INTO item_preproc (item_preprocid,itemid,step,type,params,error_handler,error_handler_params) values ('68783','35866','3','10','','0','');
INSERT INTO item_preproc (item_preprocid,itemid,step,type,params,error_handler,error_handler_params) values ('68784','35867','1','12','$.[?(@.pxname == ''{#PXNAME}'' && @.svname == ''{#SVNAME}'')].bout.first()','0','');
INSERT INTO item_preproc (item_preprocid,itemid,step,type,params,error_handler,error_handler_params) values ('68785','35867','2','1','8','0','');
INSERT INTO item_preproc (item_preprocid,itemid,step,type,params,error_handler,error_handler_params) values ('68786','35867','3','10','','0','');
INSERT INTO item_preproc (item_preprocid,itemid,step,type,params,error_handler,error_handler_params) values ('68787','35868','1','12','$.[?(@.pxname == ''{#PXNAME}'' && @.svname == ''{#SVNAME}'')].dreq.first()','0','');
INSERT INTO item_preproc (item_preprocid,itemid,step,type,params,error_handler,error_handler_params) values ('68788','35868','2','10','','0','');
INSERT INTO item_preproc (item_preprocid,itemid,step,type,params,error_handler,error_handler_params) values ('68789','35869','1','12','$.[?(@.pxname == ''{#PXNAME}'' && @.svname == ''{#SVNAME}'')].ereq.first()','0','');
INSERT INTO item_preproc (item_preprocid,itemid,step,type,params,error_handler,error_handler_params) values ('68790','35869','2','10','','0','');
INSERT INTO item_preproc (item_preprocid,itemid,step,type,params,error_handler,error_handler_params) values ('68791','35870','1','12','$.[?(@.pxname == ''{#PXNAME}'' && @.svname == ''{#SVNAME}'')].hrsp_1xx.first()','0','');
INSERT INTO item_preproc (item_preprocid,itemid,step,type,params,error_handler,error_handler_params) values ('68792','35870','2','10','','0','');
INSERT INTO item_preproc (item_preprocid,itemid,step,type,params,error_handler,error_handler_params) values ('68793','35871','1','12','$.[?(@.pxname == ''{#PXNAME}'' && @.svname == ''{#SVNAME}'')].hrsp_2xx.first()','0','');
INSERT INTO item_preproc (item_preprocid,itemid,step,type,params,error_handler,error_handler_params) values ('68794','35871','2','10','','0','');
INSERT INTO item_preproc (item_preprocid,itemid,step,type,params,error_handler,error_handler_params) values ('68795','35872','1','12','$.[?(@.pxname == ''{#PXNAME}'' && @.svname == ''{#SVNAME}'')].hrsp_3xx.first()','0','');
INSERT INTO item_preproc (item_preprocid,itemid,step,type,params,error_handler,error_handler_params) values ('68796','35872','2','10','','0','');
INSERT INTO item_preproc (item_preprocid,itemid,step,type,params,error_handler,error_handler_params) values ('68797','35873','1','12','$.[?(@.pxname == ''{#PXNAME}'' && @.svname == ''{#SVNAME}'')].hrsp_4xx.first()','0','');
INSERT INTO item_preproc (item_preprocid,itemid,step,type,params,error_handler,error_handler_params) values ('68798','35873','2','10','','0','');
INSERT INTO item_preproc (item_preprocid,itemid,step,type,params,error_handler,error_handler_params) values ('68799','35874','1','12','$.[?(@.pxname == ''{#PXNAME}'' && @.svname == ''{#SVNAME}'')].hrsp_5xx.first()','0','');
INSERT INTO item_preproc (item_preprocid,itemid,step,type,params,error_handler,error_handler_params) values ('68800','35874','2','10','','0','');
INSERT INTO item_preproc (item_preprocid,itemid,step,type,params,error_handler,error_handler_params) values ('68801','35875','1','12','$.[?(@.pxname == ''{#PXNAME}'' && @.svname == ''{#SVNAME}'')].rate.first()','0','');
INSERT INTO item_preproc (item_preprocid,itemid,step,type,params,error_handler,error_handler_params) values ('68802','35876','1','12','$.[?(@.pxname == ''{#PXNAME}'' && @.svname == ''{#SVNAME}'')].req_rate.first()','0','');
INSERT INTO item_preproc (item_preprocid,itemid,step,type,params,error_handler,error_handler_params) values ('68803','35877','1','12','$.[?(@.pxname == ''{#PXNAME}'' && @.svname == ''{#SVNAME}'')].scur.first()','0','');
INSERT INTO item_preproc (item_preprocid,itemid,step,type,params,error_handler,error_handler_params) values ('68804','35878','1','12','$.[?(@.pxname == ''{#PXNAME}'' && @.svname == ''{#SVNAME}'')].slim.first()','0','');
INSERT INTO item_preproc (item_preprocid,itemid,step,type,params,error_handler,error_handler_params) values ('68805','35878','2','20','1h','0','');
INSERT INTO item_preproc (item_preprocid,itemid,step,type,params,error_handler,error_handler_params) values ('68806','35879','1','12','$.[?(@.pxname == ''{#PXNAME}'' && @.svname == ''{#SVNAME}'')].status.first()','0','');
INSERT INTO item_preproc (item_preprocid,itemid,step,type,params,error_handler,error_handler_params) values ('68807','35879','2','20','6h','0','');
INSERT INTO item_preproc (item_preprocid,itemid,step,type,params,error_handler,error_handler_params) values ('68808','35880','1','12','$.[?(@.pxname == ''{#PXNAME}'' && @.svname == ''{#SVNAME}'')].act.first()','0','');
INSERT INTO item_preproc (item_preprocid,itemid,step,type,params,error_handler,error_handler_params) values ('68809','35880','2','20','1h','0','');
INSERT INTO item_preproc (item_preprocid,itemid,step,type,params,error_handler,error_handler_params) values ('68810','35881','1','12','$.[?(@.pxname == ''{#PXNAME}'' && @.svname == ''{#SVNAME}'')].hrsp_5xx.first()','0','');
INSERT INTO item_preproc (item_preprocid,itemid,step,type,params,error_handler,error_handler_params) values ('68811','35881','2','10','','0','');
INSERT INTO item_preproc (item_preprocid,itemid,step,type,params,error_handler,error_handler_params) values ('68812','35882','1','12','$.[?(@.pxname == ''{#PXNAME}'' && @.svname == ''{#SVNAME}'')].wredis.first()','0','');
INSERT INTO item_preproc (item_preprocid,itemid,step,type,params,error_handler,error_handler_params) values ('68813','35882','2','10','','0','');
INSERT INTO item_preproc (item_preprocid,itemid,step,type,params,error_handler,error_handler_params) values ('68814','35883','1','12','$.[?(@.pxname == ''{#PXNAME}'' && @.svname == ''{#SVNAME}'')].weight.first()','0','');
INSERT INTO item_preproc (item_preprocid,itemid,step,type,params,error_handler,error_handler_params) values ('68815','35883','2','20','1h','0','');
INSERT INTO item_preproc (item_preprocid,itemid,step,type,params,error_handler,error_handler_params) values ('68816','35884','1','12','$.[?(@.pxname == ''{#PXNAME}'' && @.svname == ''{#SVNAME}'')].stot.first()','0','');
INSERT INTO item_preproc (item_preprocid,itemid,step,type,params,error_handler,error_handler_params) values ('68817','35884','2','10','','0','');
INSERT INTO item_preproc (item_preprocid,itemid,step,type,params,error_handler,error_handler_params) values ('68818','35885','1','12','$.[?(@.pxname == ''{#PXNAME}'' && @.svname == ''{#SVNAME}'')].status.first()','0','');
INSERT INTO item_preproc (item_preprocid,itemid,step,type,params,error_handler,error_handler_params) values ('68819','35885','2','20','10m','0','');
INSERT INTO item_preproc (item_preprocid,itemid,step,type,params,error_handler,error_handler_params) values ('68820','35886','1','12','$.[?(@.pxname == ''{#PXNAME}'' && @.svname == ''{#SVNAME}'')].rtime.first()','0','');
INSERT INTO item_preproc (item_preprocid,itemid,step,type,params,error_handler,error_handler_params) values ('68821','35886','2','1','0.001','0','');
INSERT INTO item_preproc (item_preprocid,itemid,step,type,params,error_handler,error_handler_params) values ('68822','35887','1','12','$.[?(@.pxname == ''{#PXNAME}'' && @.svname == ''{#SVNAME}'')].qtime.first()','0','');
INSERT INTO item_preproc (item_preprocid,itemid,step,type,params,error_handler,error_handler_params) values ('68823','35887','2','1','0.001','0','');
INSERT INTO item_preproc (item_preprocid,itemid,step,type,params,error_handler,error_handler_params) values ('68824','35888','1','12','$.[?(@.pxname == ''{#PXNAME}'' && @.svname == ''{#SVNAME}'')].qlimit.first()','0','');
INSERT INTO item_preproc (item_preprocid,itemid,step,type,params,error_handler,error_handler_params) values ('68825','35888','2','20','6h','0','');
INSERT INTO item_preproc (item_preprocid,itemid,step,type,params,error_handler,error_handler_params) values ('68826','35888','3','14',E'^\\d+$','2','0');
INSERT INTO item_preproc (item_preprocid,itemid,step,type,params,error_handler,error_handler_params) values ('68827','35889','1','12','$.[?(@.pxname == ''{#PXNAME}'' && @.svname == ''{#SVNAME}'')].qcur.first()','0','');
INSERT INTO item_preproc (item_preprocid,itemid,step,type,params,error_handler,error_handler_params) values ('68828','35890','1','12','$.[?(@.pxname == ''{#PXNAME}'' && @.svname == ''{#SVNAME}'')].lbtot.first()','0','');
INSERT INTO item_preproc (item_preprocid,itemid,step,type,params,error_handler,error_handler_params) values ('68829','35890','2','10','','0','');
INSERT INTO item_preproc (item_preprocid,itemid,step,type,params,error_handler,error_handler_params) values ('68830','35891','1','12','$.[?(@.pxname == ''{#PXNAME}'' && @.svname == ''{#SVNAME}'')].hrsp_4xx.first()','0','');
INSERT INTO item_preproc (item_preprocid,itemid,step,type,params,error_handler,error_handler_params) values ('68831','35891','2','10','','0','');
INSERT INTO item_preproc (item_preprocid,itemid,step,type,params,error_handler,error_handler_params) values ('68832','35892','1','12','$.[?(@.pxname == ''{#PXNAME}'' && @.svname == ''{#SVNAME}'')].bck.first()','0','');
INSERT INTO item_preproc (item_preprocid,itemid,step,type,params,error_handler,error_handler_params) values ('68833','35892','2','20','1h','0','');
INSERT INTO item_preproc (item_preprocid,itemid,step,type,params,error_handler,error_handler_params) values ('68834','35893','1','12','$.[?(@.pxname == ''{#PXNAME}'' && @.svname == ''{#SVNAME}'')].hrsp_3xx.first()','0','');
INSERT INTO item_preproc (item_preprocid,itemid,step,type,params,error_handler,error_handler_params) values ('68835','35893','2','10','','0','');
INSERT INTO item_preproc (item_preprocid,itemid,step,type,params,error_handler,error_handler_params) values ('68836','35894','1','12','$.[?(@.pxname == ''{#PXNAME}'' && @.svname == ''{#SVNAME}'')].hrsp_2xx.first()','0','');
INSERT INTO item_preproc (item_preprocid,itemid,step,type,params,error_handler,error_handler_params) values ('68837','35894','2','10','','0','');
INSERT INTO item_preproc (item_preprocid,itemid,step,type,params,error_handler,error_handler_params) values ('68838','35895','1','12','$.[?(@.pxname == ''{#PXNAME}'' && @.svname == ''{#SVNAME}'')].hrsp_1xx.first()','0','');
INSERT INTO item_preproc (item_preprocid,itemid,step,type,params,error_handler,error_handler_params) values ('68839','35895','2','10','','0','');
INSERT INTO item_preproc (item_preprocid,itemid,step,type,params,error_handler,error_handler_params) values ('68840','35896','1','12','$.[?(@.pxname == ''{#PXNAME}'' && @.svname == ''{#SVNAME}'')].eresp.first()','0','');
INSERT INTO item_preproc (item_preprocid,itemid,step,type,params,error_handler,error_handler_params) values ('68841','35896','2','10','','0','');
INSERT INTO item_preproc (item_preprocid,itemid,step,type,params,error_handler,error_handler_params) values ('68842','35897','1','12','$.[?(@.pxname == ''{#PXNAME}'' && @.svname == ''{#SVNAME}'')].econ.first()','0','');
INSERT INTO item_preproc (item_preprocid,itemid,step,type,params,error_handler,error_handler_params) values ('68843','35897','2','10','','0','');
INSERT INTO item_preproc (item_preprocid,itemid,step,type,params,error_handler,error_handler_params) values ('68844','35898','1','12','$.[?(@.pxname == ''{#PXNAME}'' && @.svname == ''{#SVNAME}'')].dresp.first()','0','');
INSERT INTO item_preproc (item_preprocid,itemid,step,type,params,error_handler,error_handler_params) values ('68845','35898','2','10','','0','');
INSERT INTO item_preproc (item_preprocid,itemid,step,type,params,error_handler,error_handler_params) values ('68846','35899','1','12','$.[?(@.pxname == ''{#PXNAME}'' && @.svname == ''{#SVNAME}'')].check_status.first()','0','');
INSERT INTO item_preproc (item_preprocid,itemid,step,type,params,error_handler,error_handler_params) values ('68847','35899','2','20','10m','0','');
INSERT INTO item_preproc (item_preprocid,itemid,step,type,params,error_handler,error_handler_params) values ('68848','35900','1','12','$.[?(@.pxname == ''{#PXNAME}'' && @.svname == ''{#SVNAME}'')].bout.first()','0','');
INSERT INTO item_preproc (item_preprocid,itemid,step,type,params,error_handler,error_handler_params) values ('68849','35900','2','1','8','0','');
INSERT INTO item_preproc (item_preprocid,itemid,step,type,params,error_handler,error_handler_params) values ('68850','35900','3','10','','0','');
INSERT INTO item_preproc (item_preprocid,itemid,step,type,params,error_handler,error_handler_params) values ('68851','35901','1','12','$.[?(@.pxname == ''{#PXNAME}'' && @.svname == ''{#SVNAME}'')].bin.first()','0','');
INSERT INTO item_preproc (item_preprocid,itemid,step,type,params,error_handler,error_handler_params) values ('68852','35901','2','1','8','0','');
INSERT INTO item_preproc (item_preprocid,itemid,step,type,params,error_handler,error_handler_params) values ('68853','35901','3','10','','0','');
INSERT INTO item_preproc (item_preprocid,itemid,step,type,params,error_handler,error_handler_params) values ('68854','35902','1','12','$.[?(@.pxname == ''{#PXNAME}'' && @.svname == ''{#SVNAME}'')].wretr.first()','0','');
INSERT INTO item_preproc (item_preprocid,itemid,step,type,params,error_handler,error_handler_params) values ('68855','35902','2','10','','0','');
INSERT INTO item_preproc (item_preprocid,itemid,step,type,params,error_handler,error_handler_params) values ('68856','35903','1','20','6h','0','');
INSERT INTO item_preproc (item_preprocid,itemid,step,type,params,error_handler,error_handler_params) values ('68857','35904','1','20','6h','0','');
INSERT INTO item_preproc (item_preprocid,itemid,step,type,params,error_handler,error_handler_params) values ('68858','35905','1','20','6h','0','');
INSERT INTO item_preproc (item_preprocid,itemid,step,type,params,error_handler,error_handler_params) values ('68859','35906','1','20','6h','0','');
INSERT INTO item_preproc (item_preprocid,itemid,step,type,params,error_handler,error_handler_params) values ('68860','35907','1','1','0.01','0','');
INSERT INTO item_preproc (item_preprocid,itemid,step,type,params,error_handler,error_handler_params) values ('68861','35908','1','20','1h','0','');
INSERT INTO item_preproc (item_preprocid,itemid,step,type,params,error_handler,error_handler_params) values ('68862','35918','1','20','6h','0','');
INSERT INTO item_preproc (item_preprocid,itemid,step,type,params,error_handler,error_handler_params) values ('68863','35919','1','20','6h','0','');
INSERT INTO item_preproc (item_preprocid,itemid,step,type,params,error_handler,error_handler_params) values ('68864','35920','1','1','1000000','0','');
INSERT INTO item_preproc (item_preprocid,itemid,step,type,params,error_handler,error_handler_params) values ('68865','35920','2','20','6h','0','');
INSERT INTO item_preproc (item_preprocid,itemid,step,type,params,error_handler,error_handler_params) values ('68866','35921','1','10','','0','');
INSERT INTO item_preproc (item_preprocid,itemid,step,type,params,error_handler,error_handler_params) values ('68867','35922','1','10','','0','');
INSERT INTO item_preproc (item_preprocid,itemid,step,type,params,error_handler,error_handler_params) values ('68868','35923','1','1','8','0','');
INSERT INTO item_preproc (item_preprocid,itemid,step,type,params,error_handler,error_handler_params) values ('68869','35923','2','10','','0','');
INSERT INTO item_preproc (item_preprocid,itemid,step,type,params,error_handler,error_handler_params) values ('68870','35924','1','10','','0','');
INSERT INTO item_preproc (item_preprocid,itemid,step,type,params,error_handler,error_handler_params) values ('68871','35925','1','13','0
100','1','');
INSERT INTO item_preproc (item_preprocid,itemid,step,type,params,error_handler,error_handler_params) values ('68872','35925','2','21','return +parseFloat(value).toFixed(0);
','0','');
INSERT INTO item_preproc (item_preprocid,itemid,step,type,params,error_handler,error_handler_params) values ('68873','35926','1','20','6h','0','');
INSERT INTO item_preproc (item_preprocid,itemid,step,type,params,error_handler,error_handler_params) values ('68874','35927','1','20','6h','0','');
INSERT INTO item_preproc (item_preprocid,itemid,step,type,params,error_handler,error_handler_params) values ('68875','35928','1','10','','0','');
INSERT INTO item_preproc (item_preprocid,itemid,step,type,params,error_handler,error_handler_params) values ('68876','35929','1','10','','0','');
INSERT INTO item_preproc (item_preprocid,itemid,step,type,params,error_handler,error_handler_params) values ('68877','35930','1','1','8','0','');
INSERT INTO item_preproc (item_preprocid,itemid,step,type,params,error_handler,error_handler_params) values ('68878','35930','2','10','','0','');
INSERT INTO item_preproc (item_preprocid,itemid,step,type,params,error_handler,error_handler_params) values ('68879','35931','1','10','','0','');
INSERT INTO item_preproc (item_preprocid,itemid,step,type,params,error_handler,error_handler_params) values ('68880','35932','1','13','0
100','1','');
INSERT INTO item_preproc (item_preprocid,itemid,step,type,params,error_handler,error_handler_params) values ('68881','35932','2','21','return +parseFloat(value).toFixed(0);
','0','');
INSERT INTO item_preproc (item_preprocid,itemid,step,type,params,error_handler,error_handler_params) values ('68882','35933','1','20','6h','0','');
INSERT INTO item_preproc (item_preprocid,itemid,step,type,params,error_handler,error_handler_params) values ('68883','35934','1','20','6h','0','');
INSERT INTO item_preproc (item_preprocid,itemid,step,type,params,error_handler,error_handler_params) values ('68884','35935','1','20','6h','0','');
INSERT INTO item_preproc (item_preprocid,itemid,step,type,params,error_handler,error_handler_params) values ('68885','35936','1','20','6h','0','');
INSERT INTO item_preproc (item_preprocid,itemid,step,type,params,error_handler,error_handler_params) values ('68886','35937','1','20','6h','0','');
INSERT INTO item_preproc (item_preprocid,itemid,step,type,params,error_handler,error_handler_params) values ('68887','35938','1','20','6h','0','');
INSERT INTO item_preproc (item_preprocid,itemid,step,type,params,error_handler,error_handler_params) values ('68888','35939','1','20','6h','0','');
INSERT INTO item_preproc (item_preprocid,itemid,step,type,params,error_handler,error_handler_params) values ('68889','35940','1','20','6h','0','');
INSERT INTO item_preproc (item_preprocid,itemid,step,type,params,error_handler,error_handler_params) values ('68890','35941','1','20','6h','0','');
INSERT INTO item_preproc (item_preprocid,itemid,step,type,params,error_handler,error_handler_params) values ('68891','35942','1','20','6h','0','');
INSERT INTO item_preproc (item_preprocid,itemid,step,type,params,error_handler,error_handler_params) values ('68892','35943','1','20','6h','0','');
INSERT INTO item_preproc (item_preprocid,itemid,step,type,params,error_handler,error_handler_params) values ('68893','35944','1','20','6h','0','');
INSERT INTO item_preproc (item_preprocid,itemid,step,type,params,error_handler,error_handler_params) values ('68894','35945','1','20','6h','0','');
INSERT INTO item_preproc (item_preprocid,itemid,step,type,params,error_handler,error_handler_params) values ('68895','35946','1','20','1h','0','');
INSERT INTO item_preproc (item_preprocid,itemid,step,type,params,error_handler,error_handler_params) values ('68896','35947','1','20','6h','0','');
INSERT INTO item_preproc (item_preprocid,itemid,step,type,params,error_handler,error_handler_params) values ('68897','35948','1','1','8','0','');
INSERT INTO item_preproc (item_preprocid,itemid,step,type,params,error_handler,error_handler_params) values ('68898','35948','2','10','','0','');
INSERT INTO item_preproc (item_preprocid,itemid,step,type,params,error_handler,error_handler_params) values ('68899','35949','1','1','8','0','');
INSERT INTO item_preproc (item_preprocid,itemid,step,type,params,error_handler,error_handler_params) values ('68900','35949','2','10','','0','');
INSERT INTO item_preproc (item_preprocid,itemid,step,type,params,error_handler,error_handler_params) values ('68901','35950','1','20','6h','0','');
INSERT INTO item_preproc (item_preprocid,itemid,step,type,params,error_handler,error_handler_params) values ('68902','35951','1','20','1h','0','');
INSERT INTO item_preproc (item_preprocid,itemid,step,type,params,error_handler,error_handler_params) values ('68903','35952','1','20','6h','0','');
INSERT INTO item_preproc (item_preprocid,itemid,step,type,params,error_handler,error_handler_params) values ('68904','35953','1','20','6h','0','');
INSERT INTO item_preproc (item_preprocid,itemid,step,type,params,error_handler,error_handler_params) values ('68905','35954','1','20','6h','0','');
INSERT INTO item_preproc (item_preprocid,itemid,step,type,params,error_handler,error_handler_params) values ('68906','35955','1','20','6h','0','');
INSERT INTO item_preproc (item_preprocid,itemid,step,type,params,error_handler,error_handler_params) values ('68907','35956','1','20','6h','0','');
INSERT INTO item_preproc (item_preprocid,itemid,step,type,params,error_handler,error_handler_params) values ('68908','35957','1','20','6h','0','');
INSERT INTO item_preproc (item_preprocid,itemid,step,type,params,error_handler,error_handler_params) values ('68909','35958','1','20','6h','0','');
INSERT INTO item_preproc (item_preprocid,itemid,step,type,params,error_handler,error_handler_params) values ('68910','35959','1','21','var valueArray = [
    ''moduleNoDefect'',
    ''moduleOverHeat'',
    ''moduleFanRpmLow'',
    ''moduleVoltageLow'',
    ''moduleThermalSensorFailure'',
    ''modulePullOut'',
    ''powerDC48VAFailure'',
    ''powerDC48VBFailure'',
    ''extAlarmInputTrigger'',
    ''moduleDown'',
    ''mscSwitchOverOK'',
    ''networkTopologyChange'',
    ''macSpoof'',
    ''cpuHigh'',
    ''memoryUsageHigh'',
    ''packetBufferUsageHigh'',
    ''loopguardOccurence''
];
var base2 = parseInt(value).toString(2);
var outArray = [];
for (var i = 0; i < base2.length; ++i) {
    if (base2[base2.length - 1 - i] === ''1'') outArray.push(valueArray[i]);
}
return outArray.join();
','0','');
INSERT INTO item_preproc (item_preprocid,itemid,step,type,params,error_handler,error_handler_params) values ('68911','35960','1','1','0.01','0','');
INSERT INTO item_preproc (item_preprocid,itemid,step,type,params,error_handler,error_handler_params) values ('68912','35964','1','21','var inArray = JSON.parse(value);
var outArr = []
inArray.forEach(function (item, i, arr) {
    item[''{#ZYXEL.SLOT.ID}''] = item[''{#SNMPINDEX}''].split(''.'')[1];
    item[''{#ZYXEL.SENSOR.ID}''] = item[''{#SNMPINDEX}''].split(''.'')[2];
    item["{#ZYXEL.VOLT.NOMINAL}"] = "+" + item["{#ZYXEL.VOLT.NOMINAL}"] / 1000 + "V";
    item["{#ZYXEL.VOLT.THRESH.LOW}"] /= 1000;
    item["{#ZYXEL.VOLT.THRESH.HIGH}"] /= 1000;
    outArr.push(item)
});
return JSON.stringify(outArr);
','0','');
INSERT INTO item_preproc (item_preprocid,itemid,step,type,params,error_handler,error_handler_params) values ('68913','35965','1','20','6h','0','');
INSERT INTO item_preproc (item_preprocid,itemid,step,type,params,error_handler,error_handler_params) values ('68914','35966','1','1','0.1','0','');
INSERT INTO item_preproc (item_preprocid,itemid,step,type,params,error_handler,error_handler_params) values ('68915','35966','2','20','1h','0','');
INSERT INTO item_preproc (item_preprocid,itemid,step,type,params,error_handler,error_handler_params) values ('68916','35967','1','1','0.1','0','');
INSERT INTO item_preproc (item_preprocid,itemid,step,type,params,error_handler,error_handler_params) values ('68917','35967','2','20','1h','0','');
INSERT INTO item_preproc (item_preprocid,itemid,step,type,params,error_handler,error_handler_params) values ('68918','35968','1','1','0.1','0','');
INSERT INTO item_preproc (item_preprocid,itemid,step,type,params,error_handler,error_handler_params) values ('68919','35968','2','20','1h','0','');
INSERT INTO item_preproc (item_preprocid,itemid,step,type,params,error_handler,error_handler_params) values ('68920','35969','1','1','0.1','0','');
INSERT INTO item_preproc (item_preprocid,itemid,step,type,params,error_handler,error_handler_params) values ('68921','35969','2','20','1h','0','');
INSERT INTO item_preproc (item_preprocid,itemid,step,type,params,error_handler,error_handler_params) values ('68922','35970','1','1','0.1','0','');
INSERT INTO item_preproc (item_preprocid,itemid,step,type,params,error_handler,error_handler_params) values ('68923','35970','2','20','1h','0','');
INSERT INTO item_preproc (item_preprocid,itemid,step,type,params,error_handler,error_handler_params) values ('68924','35971','1','1','0.1','0','');
INSERT INTO item_preproc (item_preprocid,itemid,step,type,params,error_handler,error_handler_params) values ('68925','35971','2','20','1h','0','');
INSERT INTO item_preproc (item_preprocid,itemid,step,type,params,error_handler,error_handler_params) values ('68926','35972','1','1','8','0','');
INSERT INTO item_preproc (item_preprocid,itemid,step,type,params,error_handler,error_handler_params) values ('68927','35972','2','10','','0','');
INSERT INTO item_preproc (item_preprocid,itemid,step,type,params,error_handler,error_handler_params) values ('68928','35973','1','20','6h','0','');
INSERT INTO item_preproc (item_preprocid,itemid,step,type,params,error_handler,error_handler_params) values ('68929','35974','1','20','6h','0','');
INSERT INTO item_preproc (item_preprocid,itemid,step,type,params,error_handler,error_handler_params) values ('68930','35975','1','1','8','0','');
INSERT INTO item_preproc (item_preprocid,itemid,step,type,params,error_handler,error_handler_params) values ('68931','35975','2','10','','0','');
INSERT INTO item_preproc (item_preprocid,itemid,step,type,params,error_handler,error_handler_params) values ('68932','35976','1','20','6h','0','');
INSERT INTO item_preproc (item_preprocid,itemid,step,type,params,error_handler,error_handler_params) values ('68933','35977','1','1','8','0','');
INSERT INTO item_preproc (item_preprocid,itemid,step,type,params,error_handler,error_handler_params) values ('68934','35977','2','10','','0','');
INSERT INTO item_preproc (item_preprocid,itemid,step,type,params,error_handler,error_handler_params) values ('68935','35978','1','20','6h','0','');
INSERT INTO item_preproc (item_preprocid,itemid,step,type,params,error_handler,error_handler_params) values ('68936','35979','1','20','6h','0','');
INSERT INTO item_preproc (item_preprocid,itemid,step,type,params,error_handler,error_handler_params) values ('68937','35980','1','1','8','0','');
INSERT INTO item_preproc (item_preprocid,itemid,step,type,params,error_handler,error_handler_params) values ('68938','35980','2','10','','0','');
INSERT INTO item_preproc (item_preprocid,itemid,step,type,params,error_handler,error_handler_params) values ('68939','35981','1','20','1h','0','');
INSERT INTO item_preproc (item_preprocid,itemid,step,type,params,error_handler,error_handler_params) values ('68940','35982','1','1','0.001','0','');
INSERT INTO item_preproc (item_preprocid,itemid,step,type,params,error_handler,error_handler_params) values ('68941','35982','2','20','1h','0','');
INSERT INTO item_preproc (item_preprocid,itemid,step,type,params,error_handler,error_handler_params) values ('68942','35983','1','20','1h','0','');
INSERT INTO item_preproc (item_preprocid,itemid,step,type,params,error_handler,error_handler_params) values ('68943','35984','1','20','6h','0','');
INSERT INTO item_preproc (item_preprocid,itemid,step,type,params,error_handler,error_handler_params) values ('68944','35986','1','21','var inArray = JSON.parse(value);
var tmpObj = {};
inArray.forEach(function(item, i, arr) {
  tmpObj[item["{#SNMPINDEX}"]] = item["{#SNMP.ARRAY}"]
});
var strOut = ''V'' + tmpObj["1.0"] + ''.'' + tmpObj["2.0"]
  + ''('' + tmpObj["3.0"] + ''.'' + tmpObj["4.0"] + '')_'' 
  + tmpObj["7.0"] + ''.'' + tmpObj["6.0"] + ''.'' + tmpObj["5.0"];
return strOut;
','0','');
INSERT INTO item_preproc (item_preprocid,itemid,step,type,params,error_handler,error_handler_params) values ('68945','35986','2','20','1d','0','');
INSERT INTO item_preproc (item_preprocid,itemid,step,type,params,error_handler,error_handler_params) values ('68946','35987','1','20','6h','0','');
INSERT INTO item_preproc (item_preprocid,itemid,step,type,params,error_handler,error_handler_params) values ('68947','35988','1','20','6h','0','');
INSERT INTO item_preproc (item_preprocid,itemid,step,type,params,error_handler,error_handler_params) values ('68948','35989','1','20','6h','0','');
INSERT INTO item_preproc (item_preprocid,itemid,step,type,params,error_handler,error_handler_params) values ('68949','35990','1','20','6h','0','');
INSERT INTO item_preproc (item_preprocid,itemid,step,type,params,error_handler,error_handler_params) values ('68950','35991','1','20','6h','0','');
INSERT INTO item_preproc (item_preprocid,itemid,step,type,params,error_handler,error_handler_params) values ('68951','35992','1','1','0.01','0','');
INSERT INTO item_preproc (item_preprocid,itemid,step,type,params,error_handler,error_handler_params) values ('68952','35995','1','21','var inArray = JSON.parse(value);
var nameMap = {
    ''Temperature'': ''°C'',
    ''Voltage'': ''V'',
    ''TxBias'': ''mA'',
    ''TxPower'': ''dbm'',
    ''RxPower'': ''dbm''
};
var outArr = [];
inArray.forEach(function (item, i, arr) {
    item[''{#ZYXEL.SFP.PORT}''] = item[''{#SNMPINDEX}''].split(''.'')[0];
    item[''{#ZYXEL.SFP.UNIT}''] = nameMap[item[''{#ZYXEL.SFP.DESCRIPTION}'']] === undefined ? "" : nameMap[item[''{#ZYXEL.SFP.DESCRIPTION}'']];
    item[''{#ZYXEL.SFP.WARN.MAX}''] /= 100;
    item[''{#ZYXEL.SFP.WARN.MIN}''] /= 100;
    outArr.push(item)
});
return JSON.stringify(outArr);
','0','');
INSERT INTO item_preproc (item_preprocid,itemid,step,type,params,error_handler,error_handler_params) values ('68953','35997','1','21','var inArray = JSON.parse(value);
var nameMap = {"1":"MAC", "2":"CPU", "3":"PHY"};
var outArr = [];
inArray.forEach(function(item, i, arr) {
item["{#ZYXEL.TEMP.ID}"] = nameMap[item["{#SNMPINDEX}"]] 
outArr.push(item)
});
return JSON.stringify(outArr);
','0','');
INSERT INTO item_preproc (item_preprocid,itemid,step,type,params,error_handler,error_handler_params) values ('68954','35998','1','21','var inArray = JSON.parse(value);
var outArr = []
inArray.forEach(function(item, i, arr) {
item["{#ZYXEL.VOLT.NOMINAL}"] = "+" + item["{#ZYXEL.VOLT.NOMINAL}"] / 1000 + "V";
item["{#ZYXEL.VOLT.THRESH.LOW}"] = item["{#ZYXEL.VOLT.THRESH.LOW}"] / 1000; 
outArr.push(item)
});
return JSON.stringify(outArr);
','0','');
INSERT INTO item_preproc (item_preprocid,itemid,step,type,params,error_handler,error_handler_params) values ('68955','35999','1','20','1h','0','');
INSERT INTO item_preproc (item_preprocid,itemid,step,type,params,error_handler,error_handler_params) values ('68956','36000','1','20','6h','0','');
INSERT INTO item_preproc (item_preprocid,itemid,step,type,params,error_handler,error_handler_params) values ('68957','36001','1','20','6h','0','');
INSERT INTO item_preproc (item_preprocid,itemid,step,type,params,error_handler,error_handler_params) values ('68958','36002','1','13','0
100','1','');
INSERT INTO item_preproc (item_preprocid,itemid,step,type,params,error_handler,error_handler_params) values ('68959','36002','2','21','return +parseFloat(value).toFixed(0);
','0','');
INSERT INTO item_preproc (item_preprocid,itemid,step,type,params,error_handler,error_handler_params) values ('68960','36003','1','10','','0','');
INSERT INTO item_preproc (item_preprocid,itemid,step,type,params,error_handler,error_handler_params) values ('68961','36004','1','1','8','0','');
INSERT INTO item_preproc (item_preprocid,itemid,step,type,params,error_handler,error_handler_params) values ('68962','36004','2','10','','0','');
INSERT INTO item_preproc (item_preprocid,itemid,step,type,params,error_handler,error_handler_params) values ('68963','36005','1','10','','0','');
INSERT INTO item_preproc (item_preprocid,itemid,step,type,params,error_handler,error_handler_params) values ('68964','36006','1','10','','0','');
INSERT INTO item_preproc (item_preprocid,itemid,step,type,params,error_handler,error_handler_params) values ('68965','36007','1','20','6h','0','');
INSERT INTO item_preproc (item_preprocid,itemid,step,type,params,error_handler,error_handler_params) values ('68966','36008','1','20','6h','0','');
INSERT INTO item_preproc (item_preprocid,itemid,step,type,params,error_handler,error_handler_params) values ('68967','36009','1','20','6h','0','');
INSERT INTO item_preproc (item_preprocid,itemid,step,type,params,error_handler,error_handler_params) values ('68968','36010','1','13','0
100','1','');
INSERT INTO item_preproc (item_preprocid,itemid,step,type,params,error_handler,error_handler_params) values ('68969','36010','2','21','return +parseFloat(value).toFixed(0);
','0','');
INSERT INTO item_preproc (item_preprocid,itemid,step,type,params,error_handler,error_handler_params) values ('68970','36011','1','10','','0','');
INSERT INTO item_preproc (item_preprocid,itemid,step,type,params,error_handler,error_handler_params) values ('68971','36012','1','1','8','0','');
INSERT INTO item_preproc (item_preprocid,itemid,step,type,params,error_handler,error_handler_params) values ('68972','36012','2','10','','0','');
INSERT INTO item_preproc (item_preprocid,itemid,step,type,params,error_handler,error_handler_params) values ('68973','36013','1','10','','0','');
INSERT INTO item_preproc (item_preprocid,itemid,step,type,params,error_handler,error_handler_params) values ('68974','36014','1','10','','0','');
INSERT INTO item_preproc (item_preprocid,itemid,step,type,params,error_handler,error_handler_params) values ('68975','36015','1','1','1000000','0','');
INSERT INTO item_preproc (item_preprocid,itemid,step,type,params,error_handler,error_handler_params) values ('68976','36015','2','20','6h','0','');
INSERT INTO item_preproc (item_preprocid,itemid,step,type,params,error_handler,error_handler_params) values ('68977','36016','1','20','6h','0','');
INSERT INTO item_preproc (item_preprocid,itemid,step,type,params,error_handler,error_handler_params) values ('68978','36017','1','1','0.01','0','');
INSERT INTO item_preproc (item_preprocid,itemid,step,type,params,error_handler,error_handler_params) values ('68979','36017','2','20','6h','0','');
INSERT INTO item_preproc (item_preprocid,itemid,step,type,params,error_handler,error_handler_params) values ('68980','36018','1','20','1h','0','');
INSERT INTO item_preproc (item_preprocid,itemid,step,type,params,error_handler,error_handler_params) values ('68981','36019','1','20','1h','0','');
INSERT INTO item_preproc (item_preprocid,itemid,step,type,params,error_handler,error_handler_params) values ('68982','36020','1','20','1h','0','');
INSERT INTO item_preproc (item_preprocid,itemid,step,type,params,error_handler,error_handler_params) values ('68983','36021','1','20','1h','0','');
INSERT INTO item_preproc (item_preprocid,itemid,step,type,params,error_handler,error_handler_params) values ('68984','36022','1','20','1h','0','');
INSERT INTO item_preproc (item_preprocid,itemid,step,type,params,error_handler,error_handler_params) values ('68985','36023','1','20','1h','0','');
INSERT INTO item_preproc (item_preprocid,itemid,step,type,params,error_handler,error_handler_params) values ('68986','36024','1','20','1h','0','');
INSERT INTO item_preproc (item_preprocid,itemid,step,type,params,error_handler,error_handler_params) values ('68987','36025','1','20','1h','0','');
INSERT INTO item_preproc (item_preprocid,itemid,step,type,params,error_handler,error_handler_params) values ('68988','36026','1','1','0.001','0','');
INSERT INTO item_preproc (item_preprocid,itemid,step,type,params,error_handler,error_handler_params) values ('68989','36026','2','20','1h','0','');
INSERT INTO item_preproc (item_preprocid,itemid,step,type,params,error_handler,error_handler_params) values ('68990','36027','1','20','1h','0','');
INSERT INTO item_preproc (item_preprocid,itemid,step,type,params,error_handler,error_handler_params) values ('68991','36028','1','20','6h','0','');
INSERT INTO item_preproc (item_preprocid,itemid,step,type,params,error_handler,error_handler_params) values ('68992','36030','1','21','var inArray = JSON.parse(value);
var tmpObj = {};
inArray.forEach(function(item, i, arr) {
  tmpObj[item["{#SNMPINDEX}"]] = item["{#SNMP.ARRAY}"]
});
var strOut = ''V'' + tmpObj["1.0"] + ''.'' + tmpObj["2.0"]
  + ''('' + tmpObj["3.0"] + ''.'' + tmpObj["4.0"] + '')_'' 
  + tmpObj["7.0"] + ''.'' + tmpObj["6.0"] + ''.'' + tmpObj["5.0"];
return strOut;
','0','');
INSERT INTO item_preproc (item_preprocid,itemid,step,type,params,error_handler,error_handler_params) values ('68993','36030','2','20','1d','0','');
INSERT INTO item_preproc (item_preprocid,itemid,step,type,params,error_handler,error_handler_params) values ('68994','36031','1','20','6h','0','');
INSERT INTO item_preproc (item_preprocid,itemid,step,type,params,error_handler,error_handler_params) values ('68995','36032','1','20','6h','0','');
INSERT INTO item_preproc (item_preprocid,itemid,step,type,params,error_handler,error_handler_params) values ('68996','36033','1','20','6h','0','');
INSERT INTO item_preproc (item_preprocid,itemid,step,type,params,error_handler,error_handler_params) values ('68997','36034','1','20','6h','0','');
INSERT INTO item_preproc (item_preprocid,itemid,step,type,params,error_handler,error_handler_params) values ('68998','36035','1','20','6h','0','');
INSERT INTO item_preproc (item_preprocid,itemid,step,type,params,error_handler,error_handler_params) values ('68999','36036','1','1','0.01','0','');
INSERT INTO item_preproc (item_preprocid,itemid,step,type,params,error_handler,error_handler_params) values ('69000','36039','1','21','var inArray = JSON.parse(value);
var nameMap = {"1":"MAC", "2":"CPU", "3":"PHY"};
var outArr = [];
inArray.forEach(function(item, i, arr) {
item["{#ZYXEL.TEMP.ID}"] = nameMap[item["{#SNMPINDEX}"]] 
outArr.push(item)
});
return JSON.stringify(outArr);
','0','');
INSERT INTO item_preproc (item_preprocid,itemid,step,type,params,error_handler,error_handler_params) values ('69001','36040','1','21','var inArray = JSON.parse(value);
var outArr = []
inArray.forEach(function(item, i, arr) {
item["{#ZYXEL.VOLT.NOMINAL}"] = "+" + item["{#ZYXEL.VOLT.NOMINAL}"] / 1000 + "V";
item["{#ZYXEL.VOLT.THRESH.LOW}"] = item["{#ZYXEL.VOLT.THRESH.LOW}"] / 1000; 
outArr.push(item)
});
return JSON.stringify(outArr);
','0','');
INSERT INTO item_preproc (item_preprocid,itemid,step,type,params,error_handler,error_handler_params) values ('69002','36041','1','20','1h','0','');
INSERT INTO item_preproc (item_preprocid,itemid,step,type,params,error_handler,error_handler_params) values ('69003','36042','1','20','6h','0','');
INSERT INTO item_preproc (item_preprocid,itemid,step,type,params,error_handler,error_handler_params) values ('69004','36043','1','20','6h','0','');
INSERT INTO item_preproc (item_preprocid,itemid,step,type,params,error_handler,error_handler_params) values ('69005','36044','1','13','0
100','1','');
INSERT INTO item_preproc (item_preprocid,itemid,step,type,params,error_handler,error_handler_params) values ('69006','36044','2','21','return +parseFloat(value).toFixed(0);
','0','');
INSERT INTO item_preproc (item_preprocid,itemid,step,type,params,error_handler,error_handler_params) values ('69007','36045','1','10','','0','');
INSERT INTO item_preproc (item_preprocid,itemid,step,type,params,error_handler,error_handler_params) values ('69008','36046','1','1','8','0','');
INSERT INTO item_preproc (item_preprocid,itemid,step,type,params,error_handler,error_handler_params) values ('69009','36046','2','10','','0','');
INSERT INTO item_preproc (item_preprocid,itemid,step,type,params,error_handler,error_handler_params) values ('69010','36047','1','10','','0','');
INSERT INTO item_preproc (item_preprocid,itemid,step,type,params,error_handler,error_handler_params) values ('69011','36048','1','10','','0','');
INSERT INTO item_preproc (item_preprocid,itemid,step,type,params,error_handler,error_handler_params) values ('69012','36049','1','20','6h','0','');
INSERT INTO item_preproc (item_preprocid,itemid,step,type,params,error_handler,error_handler_params) values ('69013','36050','1','20','6h','0','');
INSERT INTO item_preproc (item_preprocid,itemid,step,type,params,error_handler,error_handler_params) values ('69014','36051','1','20','6h','0','');
INSERT INTO item_preproc (item_preprocid,itemid,step,type,params,error_handler,error_handler_params) values ('69015','36052','1','13','0
100','1','');
INSERT INTO item_preproc (item_preprocid,itemid,step,type,params,error_handler,error_handler_params) values ('69016','36052','2','21','return +parseFloat(value).toFixed(0);
','0','');
INSERT INTO item_preproc (item_preprocid,itemid,step,type,params,error_handler,error_handler_params) values ('69017','36053','1','10','','0','');
INSERT INTO item_preproc (item_preprocid,itemid,step,type,params,error_handler,error_handler_params) values ('69018','36054','1','1','8','0','');
INSERT INTO item_preproc (item_preprocid,itemid,step,type,params,error_handler,error_handler_params) values ('69019','36054','2','10','','0','');
INSERT INTO item_preproc (item_preprocid,itemid,step,type,params,error_handler,error_handler_params) values ('69020','36055','1','10','','0','');
INSERT INTO item_preproc (item_preprocid,itemid,step,type,params,error_handler,error_handler_params) values ('69021','36056','1','10','','0','');
INSERT INTO item_preproc (item_preprocid,itemid,step,type,params,error_handler,error_handler_params) values ('69022','36057','1','1','1000000','0','');
INSERT INTO item_preproc (item_preprocid,itemid,step,type,params,error_handler,error_handler_params) values ('69023','36057','2','20','6h','0','');
INSERT INTO item_preproc (item_preprocid,itemid,step,type,params,error_handler,error_handler_params) values ('69024','36058','1','20','6h','0','');
INSERT INTO item_preproc (item_preprocid,itemid,step,type,params,error_handler,error_handler_params) values ('69025','36059','1','20','1h','0','');
INSERT INTO item_preproc (item_preprocid,itemid,step,type,params,error_handler,error_handler_params) values ('69026','36060','1','1','0.001','0','');
INSERT INTO item_preproc (item_preprocid,itemid,step,type,params,error_handler,error_handler_params) values ('69027','36060','2','20','1h','0','');
INSERT INTO item_preproc (item_preprocid,itemid,step,type,params,error_handler,error_handler_params) values ('69028','36061','1','20','1h','0','');
INSERT INTO item_preproc (item_preprocid,itemid,step,type,params,error_handler,error_handler_params) values ('69029','36062','1','20','6h','0','');
INSERT INTO item_preproc (item_preprocid,itemid,step,type,params,error_handler,error_handler_params) values ('69030','36063','1','20','6h','0','');
INSERT INTO item_preproc (item_preprocid,itemid,step,type,params,error_handler,error_handler_params) values ('69031','36064','1','20','6h','0','');
INSERT INTO item_preproc (item_preprocid,itemid,step,type,params,error_handler,error_handler_params) values ('69032','36065','1','20','6h','0','');
INSERT INTO item_preproc (item_preprocid,itemid,step,type,params,error_handler,error_handler_params) values ('69033','36066','1','20','6h','0','');
INSERT INTO item_preproc (item_preprocid,itemid,step,type,params,error_handler,error_handler_params) values ('69034','36067','1','1','0.01','0','');
INSERT INTO item_preproc (item_preprocid,itemid,step,type,params,error_handler,error_handler_params) values ('69035','36068','1','21','var inArray = JSON.parse(value);
var outArr = []
inArray.forEach(function (item, i, arr) {
    item[''{#ZYXEL.SLOT.ID}''] = item[''{#SNMPINDEX}''].split(''.'')[1];
    item[''{#ZYXEL.SENSOR.ID}''] = item[''{#SNMPINDEX}''].split(''.'')[2];
    outArr.push(item)
});
return JSON.stringify(outArr);
','0','');
INSERT INTO item_preproc (item_preprocid,itemid,step,type,params,error_handler,error_handler_params) values ('69036','36069','1','21','var inArray = JSON.parse(value);
var outArr = []
inArray.forEach(function (item, i, arr) {
    item[''{#ZYXEL.SLOT.ID}''] = item[''{#SNMPINDEX}''].split(''.'')[1];
    item[''{#ZYXEL.SENSOR.ID}''] = item[''{#SNMPINDEX}''].split(''.'')[2];
    outArr.push(item)
});
return JSON.stringify(outArr);
','0','');
INSERT INTO item_preproc (item_preprocid,itemid,step,type,params,error_handler,error_handler_params) values ('69037','36071','1','21','var inArray = JSON.parse(value);
var outArr = []
inArray.forEach(function (item, i, arr) {
    item[''{#ZYXEL.SLOT.ID}''] = item[''{#SNMPINDEX}''].split(''.'')[1];
    item[''{#ZYXEL.SENSOR.ID}''] = item[''{#SNMPINDEX}''].split(''.'')[2];
    outArr.push(item)
});
return JSON.stringify(outArr);
','0','');
INSERT INTO item_preproc (item_preprocid,itemid,step,type,params,error_handler,error_handler_params) values ('69038','36072','1','21','var inArray = JSON.parse(value);
var outArr = []
inArray.forEach(function (item, i, arr) {
    item[''{#ZYXEL.SLOT.ID}''] = Math.floor(item[''{#SNMPINDEX}''] / 100);
    item[''{#ZYXEL.PORTID}''] = item[''{#SNMPINDEX}''] % 100;
    outArr.push(item)
});
return JSON.stringify(outArr);
','0','');
INSERT INTO item_preproc (item_preprocid,itemid,step,type,params,error_handler,error_handler_params) values ('69039','36075','1','21','var inArray = JSON.parse(value);
var outArr = [];
inArray.forEach(function (item, i, arr) {
    item[''{#ZYXEL.SLOT.ID}''] = item[''{#SNMPINDEX}''].split(''.'')[1];
    item[''{#ZYXEL.TEMP.ID}''] = item[''{#SNMPINDEX}''].split(''.'')[2];
    outArr.push(item);
});
return JSON.stringify(outArr);
','0','');
INSERT INTO item_preproc (item_preprocid,itemid,step,type,params,error_handler,error_handler_params) values ('69040','36076','1','21','var inArray = JSON.parse(value);
var outArr = []
inArray.forEach(function (item, i, arr) {
    item[''{#ZYXEL.SLOT.ID}''] = item[''{#SNMPINDEX}''].split(''.'')[1];
    item[''{#ZYXEL.SENSOR.ID}''] = item[''{#SNMPINDEX}''].split(''.'')[2];
    item["{#ZYXEL.VOLT.NOMINAL}"] = "+" + item["{#ZYXEL.VOLT.NOMINAL}"] / 1000 + "V";
    item["{#ZYXEL.VOLT.THRESH.LOW}"] /= 1000;
    item["{#ZYXEL.VOLT.THRESH.HIGH}"] /= 1000;
    outArr.push(item)
});
return JSON.stringify(outArr);
','0','');
INSERT INTO item_preproc (item_preprocid,itemid,step,type,params,error_handler,error_handler_params) values ('69041','36077','1','20','1h','0','');
INSERT INTO item_preproc (item_preprocid,itemid,step,type,params,error_handler,error_handler_params) values ('69042','36078','1','20','1h','0','');
INSERT INTO item_preproc (item_preprocid,itemid,step,type,params,error_handler,error_handler_params) values ('69043','36079','1','20','1h','0','');
INSERT INTO item_preproc (item_preprocid,itemid,step,type,params,error_handler,error_handler_params) values ('69044','36080','1','20','1h','0','');
INSERT INTO item_preproc (item_preprocid,itemid,step,type,params,error_handler,error_handler_params) values ('69045','36081','1','20','6h','0','');
INSERT INTO item_preproc (item_preprocid,itemid,step,type,params,error_handler,error_handler_params) values ('69046','36082','1','1','8','0','');
INSERT INTO item_preproc (item_preprocid,itemid,step,type,params,error_handler,error_handler_params) values ('69047','36082','2','10','','0','');
INSERT INTO item_preproc (item_preprocid,itemid,step,type,params,error_handler,error_handler_params) values ('69048','36083','1','1','8','0','');
INSERT INTO item_preproc (item_preprocid,itemid,step,type,params,error_handler,error_handler_params) values ('69049','36083','2','10','','0','');
INSERT INTO item_preproc (item_preprocid,itemid,step,type,params,error_handler,error_handler_params) values ('69050','36084','1','10','','0','');
INSERT INTO item_preproc (item_preprocid,itemid,step,type,params,error_handler,error_handler_params) values ('69051','36085','1','10','','0','');
INSERT INTO item_preproc (item_preprocid,itemid,step,type,params,error_handler,error_handler_params) values ('69052','36086','1','20','6h','0','');
INSERT INTO item_preproc (item_preprocid,itemid,step,type,params,error_handler,error_handler_params) values ('69053','36087','1','20','6h','0','');
INSERT INTO item_preproc (item_preprocid,itemid,step,type,params,error_handler,error_handler_params) values ('69054','36088','1','10','','0','');
INSERT INTO item_preproc (item_preprocid,itemid,step,type,params,error_handler,error_handler_params) values ('69055','36089','1','10','','0','');
INSERT INTO item_preproc (item_preprocid,itemid,step,type,params,error_handler,error_handler_params) values ('69056','36090','1','1','0.1','0','');
INSERT INTO item_preproc (item_preprocid,itemid,step,type,params,error_handler,error_handler_params) values ('69057','36090','2','20','1h','0','');
INSERT INTO item_preproc (item_preprocid,itemid,step,type,params,error_handler,error_handler_params) values ('69058','36091','1','10','','0','');
INSERT INTO item_preproc (item_preprocid,itemid,step,type,params,error_handler,error_handler_params) values ('69059','36092','1','20','6h','0','');
INSERT INTO item_preproc (item_preprocid,itemid,step,type,params,error_handler,error_handler_params) values ('69060','36093','1','1','0.1','0','');
INSERT INTO item_preproc (item_preprocid,itemid,step,type,params,error_handler,error_handler_params) values ('69061','36093','2','20','1h','0','');
INSERT INTO item_preproc (item_preprocid,itemid,step,type,params,error_handler,error_handler_params) values ('69062','36094','1','1','0.1','0','');
INSERT INTO item_preproc (item_preprocid,itemid,step,type,params,error_handler,error_handler_params) values ('69063','36094','2','20','1h','0','');
INSERT INTO item_preproc (item_preprocid,itemid,step,type,params,error_handler,error_handler_params) values ('69064','36095','1','1','0.1','0','');
INSERT INTO item_preproc (item_preprocid,itemid,step,type,params,error_handler,error_handler_params) values ('69065','36095','2','20','1h','0','');
INSERT INTO item_preproc (item_preprocid,itemid,step,type,params,error_handler,error_handler_params) values ('69066','36096','1','1','0.1','0','');
INSERT INTO item_preproc (item_preprocid,itemid,step,type,params,error_handler,error_handler_params) values ('69067','36096','2','20','1h','0','');
INSERT INTO item_preproc (item_preprocid,itemid,step,type,params,error_handler,error_handler_params) values ('69068','36097','1','1','0.1','0','');
INSERT INTO item_preproc (item_preprocid,itemid,step,type,params,error_handler,error_handler_params) values ('69069','36097','2','20','1h','0','');
INSERT INTO item_preproc (item_preprocid,itemid,step,type,params,error_handler,error_handler_params) values ('69070','36098','1','10','','0','');
INSERT INTO item_preproc (item_preprocid,itemid,step,type,params,error_handler,error_handler_params) values ('69071','36099','1','20','6h','0','');
INSERT INTO item_preproc (item_preprocid,itemid,step,type,params,error_handler,error_handler_params) values ('69072','36100','1','20','6h','0','');
INSERT INTO item_preproc (item_preprocid,itemid,step,type,params,error_handler,error_handler_params) values ('69073','36101','1','1','1000000','0','');
INSERT INTO item_preproc (item_preprocid,itemid,step,type,params,error_handler,error_handler_params) values ('69074','36101','2','20','6h','0','');
INSERT INTO item_preproc (item_preprocid,itemid,step,type,params,error_handler,error_handler_params) values ('69075','36102','1','10','','0','');
INSERT INTO item_preproc (item_preprocid,itemid,step,type,params,error_handler,error_handler_params) values ('69076','36103','1','10','','0','');
INSERT INTO item_preproc (item_preprocid,itemid,step,type,params,error_handler,error_handler_params) values ('69077','36104','1','1','8','0','');
INSERT INTO item_preproc (item_preprocid,itemid,step,type,params,error_handler,error_handler_params) values ('69078','36104','2','10','','0','');
INSERT INTO item_preproc (item_preprocid,itemid,step,type,params,error_handler,error_handler_params) values ('69079','36105','1','10','','0','');
INSERT INTO item_preproc (item_preprocid,itemid,step,type,params,error_handler,error_handler_params) values ('69080','36106','1','13','0
100','1','');
INSERT INTO item_preproc (item_preprocid,itemid,step,type,params,error_handler,error_handler_params) values ('69081','36106','2','21','return +parseFloat(value).toFixed(0);
','0','');
INSERT INTO item_preproc (item_preprocid,itemid,step,type,params,error_handler,error_handler_params) values ('69082','36107','1','20','6h','0','');
INSERT INTO item_preproc (item_preprocid,itemid,step,type,params,error_handler,error_handler_params) values ('69083','36108','1','20','6h','0','');
INSERT INTO item_preproc (item_preprocid,itemid,step,type,params,error_handler,error_handler_params) values ('69084','36109','1','10','','0','');
INSERT INTO item_preproc (item_preprocid,itemid,step,type,params,error_handler,error_handler_params) values ('69085','36110','1','10','','0','');
INSERT INTO item_preproc (item_preprocid,itemid,step,type,params,error_handler,error_handler_params) values ('69086','36111','1','1','8','0','');
INSERT INTO item_preproc (item_preprocid,itemid,step,type,params,error_handler,error_handler_params) values ('69087','36111','2','10','','0','');
INSERT INTO item_preproc (item_preprocid,itemid,step,type,params,error_handler,error_handler_params) values ('69088','36112','1','10','','0','');
INSERT INTO item_preproc (item_preprocid,itemid,step,type,params,error_handler,error_handler_params) values ('69089','36113','1','13','0
100','1','');
INSERT INTO item_preproc (item_preprocid,itemid,step,type,params,error_handler,error_handler_params) values ('69090','36113','2','21','return +parseFloat(value).toFixed(0);
','0','');
INSERT INTO item_preproc (item_preprocid,itemid,step,type,params,error_handler,error_handler_params) values ('69091','36114','1','21','var valueArray = [
    ''moduleNoDefect'',
    ''moduleOverHeat'',
    ''moduleFanRpmLow'',
    ''moduleVoltageLow'',
    ''moduleThermalSensorFailure'',
    ''modulePullOut'',
    ''powerDC48VAFailure'',
    ''powerDC48VBFailure'',
    ''extAlarmInputTrigger'',
    ''moduleDown'',
    ''mscSwitchOverOK'',
    ''networkTopologyChange'',
    ''macSpoof'',
    ''cpuHigh'',
    ''memoryUsageHigh'',
    ''packetBufferUsageHigh'',
    ''loopguardOccurence''
];
var base2 = parseInt(value).toString(2);
var outArray = [];
for (var i = 0; i < base2.length; ++i) {
    if (base2[base2.length - 1 - i] === ''1'') outArray.push(valueArray[i]);
}
return outArray.join();
','0','');
INSERT INTO item_preproc (item_preprocid,itemid,step,type,params,error_handler,error_handler_params) values ('69092','36115','1','20','6h','0','');
INSERT INTO item_preproc (item_preprocid,itemid,step,type,params,error_handler,error_handler_params) values ('69093','36116','1','20','6h','0','');
INSERT INTO item_preproc (item_preprocid,itemid,step,type,params,error_handler,error_handler_params) values ('69094','36117','1','20','6h','0','');
INSERT INTO item_preproc (item_preprocid,itemid,step,type,params,error_handler,error_handler_params) values ('69095','36118','1','20','6h','0','');
INSERT INTO item_preproc (item_preprocid,itemid,step,type,params,error_handler,error_handler_params) values ('69096','36119','1','20','6h','0','');
INSERT INTO item_preproc (item_preprocid,itemid,step,type,params,error_handler,error_handler_params) values ('69097','36120','1','20','6h','0','');
INSERT INTO item_preproc (item_preprocid,itemid,step,type,params,error_handler,error_handler_params) values ('69098','36121','1','20','6h','0','');
INSERT INTO item_preproc (item_preprocid,itemid,step,type,params,error_handler,error_handler_params) values ('69099','36122','1','20','6h','0','');
INSERT INTO item_preproc (item_preprocid,itemid,step,type,params,error_handler,error_handler_params) values ('69100','36123','1','20','6h','0','');
INSERT INTO item_preproc (item_preprocid,itemid,step,type,params,error_handler,error_handler_params) values ('69101','36124','1','20','6h','0','');
INSERT INTO item_preproc (item_preprocid,itemid,step,type,params,error_handler,error_handler_params) values ('69102','36126','1','20','1h','0','');
INSERT INTO item_preproc (item_preprocid,itemid,step,type,params,error_handler,error_handler_params) values ('69103','36127','1','1','0.001','0','');
INSERT INTO item_preproc (item_preprocid,itemid,step,type,params,error_handler,error_handler_params) values ('69104','36127','2','20','1h','0','');
INSERT INTO item_preproc (item_preprocid,itemid,step,type,params,error_handler,error_handler_params) values ('69105','36128','1','20','1h','0','');
INSERT INTO item_preproc (item_preprocid,itemid,step,type,params,error_handler,error_handler_params) values ('69106','36129','1','20','6h','0','');
INSERT INTO item_preproc (item_preprocid,itemid,step,type,params,error_handler,error_handler_params) values ('69107','36130','1','20','6h','0','');
INSERT INTO item_preproc (item_preprocid,itemid,step,type,params,error_handler,error_handler_params) values ('69108','36131','1','20','6h','0','');
INSERT INTO item_preproc (item_preprocid,itemid,step,type,params,error_handler,error_handler_params) values ('69109','36132','1','20','6h','0','');
INSERT INTO item_preproc (item_preprocid,itemid,step,type,params,error_handler,error_handler_params) values ('69110','36133','1','20','6h','0','');
INSERT INTO item_preproc (item_preprocid,itemid,step,type,params,error_handler,error_handler_params) values ('69111','36134','1','1','0.01','0','');
INSERT INTO item_preproc (item_preprocid,itemid,step,type,params,error_handler,error_handler_params) values ('69112','36135','1','21','var inArray = JSON.parse(value);
var outArr = []
inArray.forEach(function (item, i, arr) {
    item[''{#ZYXEL.SLOT.ID}''] = item[''{#SNMPINDEX}''].split(''.'')[1];
    item[''{#ZYXEL.SENSOR.ID}''] = item[''{#SNMPINDEX}''].split(''.'')[2];
    outArr.push(item)
});
return JSON.stringify(outArr);
','0','');
INSERT INTO item_preproc (item_preprocid,itemid,step,type,params,error_handler,error_handler_params) values ('69113','36136','1','21','var inArray = JSON.parse(value);
var outArr = []
inArray.forEach(function (item, i, arr) {
    item[''{#ZYXEL.SLOT.ID}''] = item[''{#SNMPINDEX}''].split(''.'')[1];
    item[''{#ZYXEL.SENSOR.ID}''] = item[''{#SNMPINDEX}''].split(''.'')[2];
    outArr.push(item)
});
return JSON.stringify(outArr);
','0','');
INSERT INTO item_preproc (item_preprocid,itemid,step,type,params,error_handler,error_handler_params) values ('69114','36138','1','21','var inArray = JSON.parse(value);
var outArr = []
inArray.forEach(function (item, i, arr) {
    item[''{#ZYXEL.SLOT.ID}''] = item[''{#SNMPINDEX}''].split(''.'')[1];
    item[''{#ZYXEL.SENSOR.ID}''] = item[''{#SNMPINDEX}''].split(''.'')[2];
    outArr.push(item)
});
return JSON.stringify(outArr);
','0','');
INSERT INTO item_preproc (item_preprocid,itemid,step,type,params,error_handler,error_handler_params) values ('69115','36139','1','21','var inArray = JSON.parse(value);
var outArr = []
inArray.forEach(function (item, i, arr) {
    item[''{#ZYXEL.SLOT.ID}''] = Math.floor(item[''{#SNMPINDEX}''] / 100);
    item[''{#ZYXEL.PORTID}''] = item[''{#SNMPINDEX}''] % 100;
    outArr.push(item)
});
return JSON.stringify(outArr);
','0','');
INSERT INTO item_preproc (item_preprocid,itemid,step,type,params,error_handler,error_handler_params) values ('69116','36142','1','21','var inArray = JSON.parse(value);
var outArr = [];
inArray.forEach(function (item, i, arr) {
    item[''{#ZYXEL.SLOT.ID}''] = item[''{#SNMPINDEX}''].split(''.'')[1];
    item[''{#ZYXEL.TEMP.ID}''] = item[''{#SNMPINDEX}''].split(''.'')[2];
    outArr.push(item);
});
return JSON.stringify(outArr);
','0','');
INSERT INTO item_preproc (item_preprocid,itemid,step,type,params,error_handler,error_handler_params) values ('69117','36143','1','21','var inArray = JSON.parse(value);
var outArr = []
inArray.forEach(function (item, i, arr) {
    item[''{#ZYXEL.SLOT.ID}''] = item[''{#SNMPINDEX}''].split(''.'')[1];
    item[''{#ZYXEL.SENSOR.ID}''] = item[''{#SNMPINDEX}''].split(''.'')[2];
    item["{#ZYXEL.VOLT.NOMINAL}"] = "+" + item["{#ZYXEL.VOLT.NOMINAL}"] / 1000 + "V";
    item["{#ZYXEL.VOLT.THRESH.LOW}"] /= 1000;
    item["{#ZYXEL.VOLT.THRESH.HIGH}"] /= 1000;
    outArr.push(item)
});
return JSON.stringify(outArr);
','0','');
INSERT INTO item_preproc (item_preprocid,itemid,step,type,params,error_handler,error_handler_params) values ('69118','36144','1','20','1h','0','');
INSERT INTO item_preproc (item_preprocid,itemid,step,type,params,error_handler,error_handler_params) values ('69119','36145','1','20','1h','0','');
INSERT INTO item_preproc (item_preprocid,itemid,step,type,params,error_handler,error_handler_params) values ('69120','36146','1','20','1h','0','');
INSERT INTO item_preproc (item_preprocid,itemid,step,type,params,error_handler,error_handler_params) values ('69121','36147','1','20','1h','0','');
INSERT INTO item_preproc (item_preprocid,itemid,step,type,params,error_handler,error_handler_params) values ('69122','36148','1','20','6h','0','');
INSERT INTO item_preproc (item_preprocid,itemid,step,type,params,error_handler,error_handler_params) values ('69123','36149','1','1','8','0','');
INSERT INTO item_preproc (item_preprocid,itemid,step,type,params,error_handler,error_handler_params) values ('69124','36149','2','10','','0','');
INSERT INTO item_preproc (item_preprocid,itemid,step,type,params,error_handler,error_handler_params) values ('69125','36150','1','1','8','0','');
INSERT INTO item_preproc (item_preprocid,itemid,step,type,params,error_handler,error_handler_params) values ('69126','36150','2','10','','0','');
INSERT INTO item_preproc (item_preprocid,itemid,step,type,params,error_handler,error_handler_params) values ('69127','36151','1','10','','0','');
INSERT INTO item_preproc (item_preprocid,itemid,step,type,params,error_handler,error_handler_params) values ('69128','36152','1','10','','0','');
INSERT INTO item_preproc (item_preprocid,itemid,step,type,params,error_handler,error_handler_params) values ('69129','36153','1','20','6h','0','');
INSERT INTO item_preproc (item_preprocid,itemid,step,type,params,error_handler,error_handler_params) values ('69130','36154','1','20','6h','0','');
INSERT INTO item_preproc (item_preprocid,itemid,step,type,params,error_handler,error_handler_params) values ('69131','36155','1','10','','0','');
INSERT INTO item_preproc (item_preprocid,itemid,step,type,params,error_handler,error_handler_params) values ('69132','36156','1','10','','0','');
INSERT INTO item_preproc (item_preprocid,itemid,step,type,params,error_handler,error_handler_params) values ('69133','36157','1','1','0.1','0','');
INSERT INTO item_preproc (item_preprocid,itemid,step,type,params,error_handler,error_handler_params) values ('69134','36157','2','20','1h','0','');
INSERT INTO item_preproc (item_preprocid,itemid,step,type,params,error_handler,error_handler_params) values ('69135','36158','1','10','','0','');
INSERT INTO item_preproc (item_preprocid,itemid,step,type,params,error_handler,error_handler_params) values ('69136','36159','1','20','6h','0','');
INSERT INTO item_preproc (item_preprocid,itemid,step,type,params,error_handler,error_handler_params) values ('69137','36160','1','1','0.1','0','');
INSERT INTO item_preproc (item_preprocid,itemid,step,type,params,error_handler,error_handler_params) values ('69138','36160','2','20','1h','0','');
INSERT INTO item_preproc (item_preprocid,itemid,step,type,params,error_handler,error_handler_params) values ('69139','36161','1','1','0.1','0','');
INSERT INTO item_preproc (item_preprocid,itemid,step,type,params,error_handler,error_handler_params) values ('69140','36161','2','20','1h','0','');
INSERT INTO item_preproc (item_preprocid,itemid,step,type,params,error_handler,error_handler_params) values ('69141','36162','1','1','0.1','0','');
INSERT INTO item_preproc (item_preprocid,itemid,step,type,params,error_handler,error_handler_params) values ('69142','36162','2','20','1h','0','');
INSERT INTO item_preproc (item_preprocid,itemid,step,type,params,error_handler,error_handler_params) values ('69143','36163','1','1','0.1','0','');
INSERT INTO item_preproc (item_preprocid,itemid,step,type,params,error_handler,error_handler_params) values ('69144','36163','2','20','1h','0','');
INSERT INTO item_preproc (item_preprocid,itemid,step,type,params,error_handler,error_handler_params) values ('69145','36164','1','1','0.1','0','');
INSERT INTO item_preproc (item_preprocid,itemid,step,type,params,error_handler,error_handler_params) values ('69146','36164','2','20','1h','0','');
INSERT INTO item_preproc (item_preprocid,itemid,step,type,params,error_handler,error_handler_params) values ('69147','36165','1','10','','0','');
INSERT INTO item_preproc (item_preprocid,itemid,step,type,params,error_handler,error_handler_params) values ('69148','36166','1','20','6h','0','');
INSERT INTO item_preproc (item_preprocid,itemid,step,type,params,error_handler,error_handler_params) values ('69149','36167','1','20','6h','0','');
INSERT INTO item_preproc (item_preprocid,itemid,step,type,params,error_handler,error_handler_params) values ('69150','36168','1','1','1000000','0','');
INSERT INTO item_preproc (item_preprocid,itemid,step,type,params,error_handler,error_handler_params) values ('69151','36168','2','20','6h','0','');
INSERT INTO item_preproc (item_preprocid,itemid,step,type,params,error_handler,error_handler_params) values ('69152','36169','1','10','','0','');
INSERT INTO item_preproc (item_preprocid,itemid,step,type,params,error_handler,error_handler_params) values ('69153','36170','1','10','','0','');
INSERT INTO item_preproc (item_preprocid,itemid,step,type,params,error_handler,error_handler_params) values ('69154','36171','1','1','8','0','');
INSERT INTO item_preproc (item_preprocid,itemid,step,type,params,error_handler,error_handler_params) values ('69155','36171','2','10','','0','');
INSERT INTO item_preproc (item_preprocid,itemid,step,type,params,error_handler,error_handler_params) values ('69156','36172','1','10','','0','');
INSERT INTO item_preproc (item_preprocid,itemid,step,type,params,error_handler,error_handler_params) values ('69157','36173','1','13','0
100','1','');
INSERT INTO item_preproc (item_preprocid,itemid,step,type,params,error_handler,error_handler_params) values ('69158','36173','2','21','return +parseFloat(value).toFixed(0);
','0','');
INSERT INTO item_preproc (item_preprocid,itemid,step,type,params,error_handler,error_handler_params) values ('69159','36174','1','20','6h','0','');
INSERT INTO item_preproc (item_preprocid,itemid,step,type,params,error_handler,error_handler_params) values ('69160','36175','1','20','6h','0','');
INSERT INTO item_preproc (item_preprocid,itemid,step,type,params,error_handler,error_handler_params) values ('69161','36176','1','10','','0','');
INSERT INTO item_preproc (item_preprocid,itemid,step,type,params,error_handler,error_handler_params) values ('69162','36177','1','10','','0','');
INSERT INTO item_preproc (item_preprocid,itemid,step,type,params,error_handler,error_handler_params) values ('69163','36178','1','1','8','0','');
INSERT INTO item_preproc (item_preprocid,itemid,step,type,params,error_handler,error_handler_params) values ('69164','36178','2','10','','0','');
INSERT INTO item_preproc (item_preprocid,itemid,step,type,params,error_handler,error_handler_params) values ('69165','36179','1','10','','0','');
INSERT INTO item_preproc (item_preprocid,itemid,step,type,params,error_handler,error_handler_params) values ('69166','36180','1','13','0
100','1','');
INSERT INTO item_preproc (item_preprocid,itemid,step,type,params,error_handler,error_handler_params) values ('69167','36180','2','21','return +parseFloat(value).toFixed(0);
','0','');
INSERT INTO item_preproc (item_preprocid,itemid,step,type,params,error_handler,error_handler_params) values ('69168','36181','1','21','var valueArray = [
    ''moduleNoDefect'',
    ''moduleOverHeat'',
    ''moduleFanRpmLow'',
    ''moduleVoltageLow'',
    ''moduleThermalSensorFailure'',
    ''modulePullOut'',
    ''powerDC48VAFailure'',
    ''powerDC48VBFailure'',
    ''extAlarmInputTrigger'',
    ''moduleDown'',
    ''mscSwitchOverOK'',
    ''networkTopologyChange'',
    ''macSpoof'',
    ''cpuHigh'',
    ''memoryUsageHigh'',
    ''packetBufferUsageHigh'',
    ''loopguardOccurence''
];
var base2 = parseInt(value).toString(2);
var outArray = [];
for (var i = 0; i < base2.length; ++i) {
    if (base2[base2.length - 1 - i] === ''1'') outArray.push(valueArray[i]);
}
return outArray.join();
','0','');
INSERT INTO item_preproc (item_preprocid,itemid,step,type,params,error_handler,error_handler_params) values ('69169','36182','1','20','6h','0','');
INSERT INTO item_preproc (item_preprocid,itemid,step,type,params,error_handler,error_handler_params) values ('69170','36183','1','20','6h','0','');
INSERT INTO item_preproc (item_preprocid,itemid,step,type,params,error_handler,error_handler_params) values ('69171','36184','1','20','6h','0','');
INSERT INTO item_preproc (item_preprocid,itemid,step,type,params,error_handler,error_handler_params) values ('69172','36185','1','20','6h','0','');
INSERT INTO item_preproc (item_preprocid,itemid,step,type,params,error_handler,error_handler_params) values ('69173','36186','1','20','6h','0','');
INSERT INTO item_preproc (item_preprocid,itemid,step,type,params,error_handler,error_handler_params) values ('69174','36187','1','20','6h','0','');
INSERT INTO item_preproc (item_preprocid,itemid,step,type,params,error_handler,error_handler_params) values ('69175','36188','1','20','6h','0','');
INSERT INTO item_preproc (item_preprocid,itemid,step,type,params,error_handler,error_handler_params) values ('69176','36189','1','20','6h','0','');
INSERT INTO item_preproc (item_preprocid,itemid,step,type,params,error_handler,error_handler_params) values ('69177','36190','1','20','6h','0','');
INSERT INTO item_preproc (item_preprocid,itemid,step,type,params,error_handler,error_handler_params) values ('69178','36191','1','20','6h','0','');
INSERT INTO item_preproc (item_preprocid,itemid,step,type,params,error_handler,error_handler_params) values ('69179','36193','1','20','1h','0','');
INSERT INTO item_preproc (item_preprocid,itemid,step,type,params,error_handler,error_handler_params) values ('69180','36194','1','1','0.001','0','');
INSERT INTO item_preproc (item_preprocid,itemid,step,type,params,error_handler,error_handler_params) values ('69181','36194','2','20','1h','0','');
INSERT INTO item_preproc (item_preprocid,itemid,step,type,params,error_handler,error_handler_params) values ('69182','36195','1','20','1h','0','');
INSERT INTO item_preproc (item_preprocid,itemid,step,type,params,error_handler,error_handler_params) values ('69183','36196','1','20','6h','0','');
INSERT INTO item_preproc (item_preprocid,itemid,step,type,params,error_handler,error_handler_params) values ('69184','36197','1','20','6h','0','');
INSERT INTO item_preproc (item_preprocid,itemid,step,type,params,error_handler,error_handler_params) values ('69185','36198','1','20','6h','0','');
INSERT INTO item_preproc (item_preprocid,itemid,step,type,params,error_handler,error_handler_params) values ('69186','36199','1','20','6h','0','');
INSERT INTO item_preproc (item_preprocid,itemid,step,type,params,error_handler,error_handler_params) values ('69187','36200','1','20','6h','0','');
INSERT INTO item_preproc (item_preprocid,itemid,step,type,params,error_handler,error_handler_params) values ('69188','36201','1','20','6h','0','');
INSERT INTO item_preproc (item_preprocid,itemid,step,type,params,error_handler,error_handler_params) values ('69189','36202','1','20','6h','0','');
INSERT INTO item_preproc (item_preprocid,itemid,step,type,params,error_handler,error_handler_params) values ('69190','36203','1','21','var valueArray = [
    ''moduleNoDefect'',
    ''moduleOverHeat'',
    ''moduleFanRpmLow'',
    ''moduleVoltageLow'',
    ''moduleThermalSensorFailure'',
    ''modulePullOut'',
    ''powerDC48VAFailure'',
    ''powerDC48VBFailure'',
    ''extAlarmInputTrigger'',
    ''moduleDown'',
    ''mscSwitchOverOK'',
    ''networkTopologyChange'',
    ''macSpoof'',
    ''cpuHigh'',
    ''memoryUsageHigh'',
    ''packetBufferUsageHigh'',
    ''loopguardOccurence''
];
var base2 = parseInt(value).toString(2);
var outArray = [];
for (var i = 0; i < base2.length; ++i) {
    if (base2[base2.length - 1 - i] === ''1'') outArray.push(valueArray[i]);
}
return outArray.join();
','0','');
INSERT INTO item_preproc (item_preprocid,itemid,step,type,params,error_handler,error_handler_params) values ('69191','36204','1','1','0.01','0','');
INSERT INTO item_preproc (item_preprocid,itemid,step,type,params,error_handler,error_handler_params) values ('69192','36209','1','21','var inArray = JSON.parse(value);
var outArr = []
inArray.forEach(function (item, i, arr) {
    item[''{#ZYXEL.SLOT.ID}''] = item[''{#SNMPINDEX}''].split(''.'')[1];
    item[''{#ZYXEL.SENSOR.ID}''] = item[''{#SNMPINDEX}''].split(''.'')[2];
    item["{#ZYXEL.VOLT.NOMINAL}"] = "+" + item["{#ZYXEL.VOLT.NOMINAL}"] / 1000 + "V";
    item["{#ZYXEL.VOLT.THRESH.LOW}"] /= 1000;
    item["{#ZYXEL.VOLT.THRESH.HIGH}"] /= 1000;
    outArr.push(item)
});
return JSON.stringify(outArr);
','0','');
INSERT INTO item_preproc (item_preprocid,itemid,step,type,params,error_handler,error_handler_params) values ('69193','36210','1','20','1h','0','');
INSERT INTO item_preproc (item_preprocid,itemid,step,type,params,error_handler,error_handler_params) values ('69194','36211','1','20','6h','0','');
INSERT INTO item_preproc (item_preprocid,itemid,step,type,params,error_handler,error_handler_params) values ('69195','36212','1','1','0.1','0','');
INSERT INTO item_preproc (item_preprocid,itemid,step,type,params,error_handler,error_handler_params) values ('69196','36212','2','20','1h','0','');
INSERT INTO item_preproc (item_preprocid,itemid,step,type,params,error_handler,error_handler_params) values ('69197','36213','1','1','0.1','0','');
INSERT INTO item_preproc (item_preprocid,itemid,step,type,params,error_handler,error_handler_params) values ('69198','36213','2','20','1h','0','');
INSERT INTO item_preproc (item_preprocid,itemid,step,type,params,error_handler,error_handler_params) values ('69199','36214','1','1','0.1','0','');
INSERT INTO item_preproc (item_preprocid,itemid,step,type,params,error_handler,error_handler_params) values ('69200','36214','2','20','1h','0','');
INSERT INTO item_preproc (item_preprocid,itemid,step,type,params,error_handler,error_handler_params) values ('69201','36215','1','1','0.1','0','');
INSERT INTO item_preproc (item_preprocid,itemid,step,type,params,error_handler,error_handler_params) values ('69202','36215','2','20','1h','0','');
INSERT INTO item_preproc (item_preprocid,itemid,step,type,params,error_handler,error_handler_params) values ('69203','36216','1','1','0.1','0','');
INSERT INTO item_preproc (item_preprocid,itemid,step,type,params,error_handler,error_handler_params) values ('69204','36216','2','20','1h','0','');
INSERT INTO item_preproc (item_preprocid,itemid,step,type,params,error_handler,error_handler_params) values ('69205','36217','1','1','0.1','0','');
INSERT INTO item_preproc (item_preprocid,itemid,step,type,params,error_handler,error_handler_params) values ('69206','36217','2','20','1h','0','');
INSERT INTO item_preproc (item_preprocid,itemid,step,type,params,error_handler,error_handler_params) values ('69207','36218','1','1','8','0','');
INSERT INTO item_preproc (item_preprocid,itemid,step,type,params,error_handler,error_handler_params) values ('69208','36218','2','10','','0','');
INSERT INTO item_preproc (item_preprocid,itemid,step,type,params,error_handler,error_handler_params) values ('69209','36219','1','20','6h','0','');
INSERT INTO item_preproc (item_preprocid,itemid,step,type,params,error_handler,error_handler_params) values ('69210','36220','1','20','6h','0','');
INSERT INTO item_preproc (item_preprocid,itemid,step,type,params,error_handler,error_handler_params) values ('69211','36221','1','1','8','0','');
INSERT INTO item_preproc (item_preprocid,itemid,step,type,params,error_handler,error_handler_params) values ('69212','36221','2','10','','0','');
INSERT INTO item_preproc (item_preprocid,itemid,step,type,params,error_handler,error_handler_params) values ('69213','36222','1','20','6h','0','');
INSERT INTO item_preproc (item_preprocid,itemid,step,type,params,error_handler,error_handler_params) values ('69214','36223','1','1','8','0','');
INSERT INTO item_preproc (item_preprocid,itemid,step,type,params,error_handler,error_handler_params) values ('69215','36223','2','10','','0','');
INSERT INTO item_preproc (item_preprocid,itemid,step,type,params,error_handler,error_handler_params) values ('69216','36224','1','20','6h','0','');
INSERT INTO item_preproc (item_preprocid,itemid,step,type,params,error_handler,error_handler_params) values ('69217','36225','1','20','6h','0','');
INSERT INTO item_preproc (item_preprocid,itemid,step,type,params,error_handler,error_handler_params) values ('69218','36226','1','1','8','0','');
INSERT INTO item_preproc (item_preprocid,itemid,step,type,params,error_handler,error_handler_params) values ('69219','36226','2','10','','0','');
INSERT INTO item_preproc (item_preprocid,itemid,step,type,params,error_handler,error_handler_params) values ('69220','36227','1','20','1h','0','');
INSERT INTO item_preproc (item_preprocid,itemid,step,type,params,error_handler,error_handler_params) values ('69221','36228','1','1','0.001','0','');
INSERT INTO item_preproc (item_preprocid,itemid,step,type,params,error_handler,error_handler_params) values ('69222','36228','2','20','1h','0','');
INSERT INTO item_preproc (item_preprocid,itemid,step,type,params,error_handler,error_handler_params) values ('69223','36229','1','20','1h','0','');
INSERT INTO item_preproc (item_preprocid,itemid,step,type,params,error_handler,error_handler_params) values ('69224','36230','1','20','6h','0','');
INSERT INTO item_preproc (item_preprocid,itemid,step,type,params,error_handler,error_handler_params) values ('69225','36232','1','21','var inArray = JSON.parse(value);
var tmpObj = {};
inArray.forEach(function(item, i, arr) {
  tmpObj[item["{#SNMPINDEX}"]] = item["{#SNMP.ARRAY}"]
});
var strOut = ''V'' + tmpObj["1.0"] + ''.'' + tmpObj["2.0"]
  + ''('' + tmpObj["3.0"] + ''.'' + tmpObj["4.0"] + '')_'' 
  + tmpObj["7.0"] + ''.'' + tmpObj["6.0"] + ''.'' + tmpObj["5.0"];
return strOut;
','0','');
INSERT INTO item_preproc (item_preprocid,itemid,step,type,params,error_handler,error_handler_params) values ('69226','36232','2','20','1d','0','');
INSERT INTO item_preproc (item_preprocid,itemid,step,type,params,error_handler,error_handler_params) values ('69227','36233','1','20','6h','0','');
INSERT INTO item_preproc (item_preprocid,itemid,step,type,params,error_handler,error_handler_params) values ('69228','36234','1','20','6h','0','');
INSERT INTO item_preproc (item_preprocid,itemid,step,type,params,error_handler,error_handler_params) values ('69229','36235','1','20','6h','0','');
INSERT INTO item_preproc (item_preprocid,itemid,step,type,params,error_handler,error_handler_params) values ('69230','36236','1','20','6h','0','');
INSERT INTO item_preproc (item_preprocid,itemid,step,type,params,error_handler,error_handler_params) values ('69231','36237','1','20','6h','0','');
INSERT INTO item_preproc (item_preprocid,itemid,step,type,params,error_handler,error_handler_params) values ('69232','36238','1','1','0.01','0','');
INSERT INTO item_preproc (item_preprocid,itemid,step,type,params,error_handler,error_handler_params) values ('69233','36240','1','21','var inArray = JSON.parse(value);
var nameMap = {
    ''Temperature'': ''°C'',
    ''Voltage'': ''V'',
    ''TxBias'': ''mA'',
    ''TxPower'': ''dbm'',
    ''RxPower'': ''dbm''
};
var outArr = [];
inArray.forEach(function (item, i, arr) {
    item[''{#ZYXEL.SFP.PORT}''] = item[''{#SNMPINDEX}''].split(''.'')[0];
    item[''{#ZYXEL.SFP.UNIT}''] = nameMap[item[''{#ZYXEL.SFP.DESCRIPTION}'']] === undefined ? "" : nameMap[item[''{#ZYXEL.SFP.DESCRIPTION}'']];
    item[''{#ZYXEL.SFP.WARN.MAX}''] /= 100;
    item[''{#ZYXEL.SFP.WARN.MIN}''] /= 100;
    outArr.push(item)
});
return JSON.stringify(outArr);
','0','');
INSERT INTO item_preproc (item_preprocid,itemid,step,type,params,error_handler,error_handler_params) values ('69234','36242','1','20','6h','0','');
INSERT INTO item_preproc (item_preprocid,itemid,step,type,params,error_handler,error_handler_params) values ('69235','36243','1','20','6h','0','');
INSERT INTO item_preproc (item_preprocid,itemid,step,type,params,error_handler,error_handler_params) values ('69236','36244','1','13','0
100','1','');
INSERT INTO item_preproc (item_preprocid,itemid,step,type,params,error_handler,error_handler_params) values ('69237','36244','2','21','return +parseFloat(value).toFixed(0);
','0','');
INSERT INTO item_preproc (item_preprocid,itemid,step,type,params,error_handler,error_handler_params) values ('69238','36245','1','10','','0','');
INSERT INTO item_preproc (item_preprocid,itemid,step,type,params,error_handler,error_handler_params) values ('69239','36246','1','1','8','0','');
INSERT INTO item_preproc (item_preprocid,itemid,step,type,params,error_handler,error_handler_params) values ('69240','36246','2','10','','0','');
INSERT INTO item_preproc (item_preprocid,itemid,step,type,params,error_handler,error_handler_params) values ('69241','36247','1','10','','0','');
INSERT INTO item_preproc (item_preprocid,itemid,step,type,params,error_handler,error_handler_params) values ('69242','36248','1','10','','0','');
INSERT INTO item_preproc (item_preprocid,itemid,step,type,params,error_handler,error_handler_params) values ('69243','36249','1','20','6h','0','');
INSERT INTO item_preproc (item_preprocid,itemid,step,type,params,error_handler,error_handler_params) values ('69244','36250','1','20','6h','0','');
INSERT INTO item_preproc (item_preprocid,itemid,step,type,params,error_handler,error_handler_params) values ('69245','36251','1','20','6h','0','');
INSERT INTO item_preproc (item_preprocid,itemid,step,type,params,error_handler,error_handler_params) values ('69246','36252','1','13','0
100','1','');
INSERT INTO item_preproc (item_preprocid,itemid,step,type,params,error_handler,error_handler_params) values ('69247','36252','2','21','return +parseFloat(value).toFixed(0);
','0','');
INSERT INTO item_preproc (item_preprocid,itemid,step,type,params,error_handler,error_handler_params) values ('69248','36253','1','10','','0','');
INSERT INTO item_preproc (item_preprocid,itemid,step,type,params,error_handler,error_handler_params) values ('69249','36254','1','1','8','0','');
INSERT INTO item_preproc (item_preprocid,itemid,step,type,params,error_handler,error_handler_params) values ('69250','36254','2','10','','0','');
INSERT INTO item_preproc (item_preprocid,itemid,step,type,params,error_handler,error_handler_params) values ('69251','36255','1','10','','0','');
INSERT INTO item_preproc (item_preprocid,itemid,step,type,params,error_handler,error_handler_params) values ('69252','36256','1','10','','0','');
INSERT INTO item_preproc (item_preprocid,itemid,step,type,params,error_handler,error_handler_params) values ('69253','36257','1','1','1000000','0','');
INSERT INTO item_preproc (item_preprocid,itemid,step,type,params,error_handler,error_handler_params) values ('69254','36257','2','20','6h','0','');
INSERT INTO item_preproc (item_preprocid,itemid,step,type,params,error_handler,error_handler_params) values ('69255','36258','1','20','6h','0','');
INSERT INTO item_preproc (item_preprocid,itemid,step,type,params,error_handler,error_handler_params) values ('69256','36259','1','1','0.01','0','');
INSERT INTO item_preproc (item_preprocid,itemid,step,type,params,error_handler,error_handler_params) values ('69257','36259','2','20','6h','0','');
INSERT INTO item_preproc (item_preprocid,itemid,step,type,params,error_handler,error_handler_params) values ('69258','36260','1','20','1h','0','');
INSERT INTO item_preproc (item_preprocid,itemid,step,type,params,error_handler,error_handler_params) values ('69259','36261','1','20','1h','0','');
INSERT INTO item_preproc (item_preprocid,itemid,step,type,params,error_handler,error_handler_params) values ('69260','36262','1','20','1h','0','');
INSERT INTO item_preproc (item_preprocid,itemid,step,type,params,error_handler,error_handler_params) values ('69261','36263','1','20','1h','0','');
INSERT INTO item_preproc (item_preprocid,itemid,step,type,params,error_handler,error_handler_params) values ('69262','36264','1','20','1h','0','');
INSERT INTO item_preproc (item_preprocid,itemid,step,type,params,error_handler,error_handler_params) values ('69263','36265','1','20','1h','0','');
INSERT INTO item_preproc (item_preprocid,itemid,step,type,params,error_handler,error_handler_params) values ('69264','36266','1','20','1h','0','');
INSERT INTO item_preproc (item_preprocid,itemid,step,type,params,error_handler,error_handler_params) values ('69265','36267','1','20','1h','0','');
INSERT INTO item_preproc (item_preprocid,itemid,step,type,params,error_handler,error_handler_params) values ('69266','36268','1','20','6h','0','');
INSERT INTO item_preproc (item_preprocid,itemid,step,type,params,error_handler,error_handler_params) values ('69267','36270','1','21','var inArray = JSON.parse(value);
var tmpObj = {};
inArray.forEach(function(item, i, arr) {
  tmpObj[item["{#SNMPINDEX}"]] = item["{#SNMP.ARRAY}"]
});
var strOut = ''V'' + tmpObj["1.0"] + ''.'' + tmpObj["2.0"]
  + ''('' + tmpObj["3.0"] + ''.'' + tmpObj["4.0"] + '')_'' 
  + tmpObj["7.0"] + ''.'' + tmpObj["6.0"] + ''.'' + tmpObj["5.0"];
return strOut;
','0','');
INSERT INTO item_preproc (item_preprocid,itemid,step,type,params,error_handler,error_handler_params) values ('69268','36270','2','20','1d','0','');
INSERT INTO item_preproc (item_preprocid,itemid,step,type,params,error_handler,error_handler_params) values ('69269','36271','1','20','6h','0','');
INSERT INTO item_preproc (item_preprocid,itemid,step,type,params,error_handler,error_handler_params) values ('69270','36272','1','20','6h','0','');
INSERT INTO item_preproc (item_preprocid,itemid,step,type,params,error_handler,error_handler_params) values ('69271','36273','1','20','6h','0','');
INSERT INTO item_preproc (item_preprocid,itemid,step,type,params,error_handler,error_handler_params) values ('69272','36274','1','20','6h','0','');
INSERT INTO item_preproc (item_preprocid,itemid,step,type,params,error_handler,error_handler_params) values ('69273','36275','1','20','6h','0','');
INSERT INTO item_preproc (item_preprocid,itemid,step,type,params,error_handler,error_handler_params) values ('69274','36276','1','1','0.01','0','');
INSERT INTO item_preproc (item_preprocid,itemid,step,type,params,error_handler,error_handler_params) values ('69275','36279','1','21','var inArray = JSON.parse(value);
var nameMap = {
    ''Temperature'': ''°C'',
    ''Voltage'': ''V'',
    ''TxBias'': ''mA'',
    ''TxPower'': ''dbm'',
    ''RxPower'': ''dbm''
};
var outArr = [];
inArray.forEach(function (item, i, arr) {
    item[''{#ZYXEL.SFP.PORT}''] = item[''{#SNMPINDEX}''].split(''.'')[0];
    item[''{#ZYXEL.SFP.UNIT}''] = nameMap[item[''{#ZYXEL.SFP.DESCRIPTION}'']] === undefined ? "" : nameMap[item[''{#ZYXEL.SFP.DESCRIPTION}'']];
    item[''{#ZYXEL.SFP.WARN.MAX}''] /= 100;
    item[''{#ZYXEL.SFP.WARN.MIN}''] /= 100;
    outArr.push(item)
});
return JSON.stringify(outArr);
','0','');
INSERT INTO item_preproc (item_preprocid,itemid,step,type,params,error_handler,error_handler_params) values ('69276','36281','1','21','var inArray = JSON.parse(value);
var nameMap = {"1":"MAC", "2":"CPU", "3":"PHY"};
var outArr = [];
inArray.forEach(function(item, i, arr) {
item["{#ZYXEL.TEMP.ID}"] = nameMap[item["{#SNMPINDEX}"]] 
outArr.push(item)
});
return JSON.stringify(outArr);
','0','');
INSERT INTO item_preproc (item_preprocid,itemid,step,type,params,error_handler,error_handler_params) values ('69277','36282','1','21','var inArray = JSON.parse(value);
var outArr = []
inArray.forEach(function(item, i, arr) {
item["{#ZYXEL.VOLT.NOMINAL}"] = "+" + item["{#ZYXEL.VOLT.NOMINAL}"] / 1000 + "V";
item["{#ZYXEL.VOLT.THRESH.LOW}"] = item["{#ZYXEL.VOLT.THRESH.LOW}"] / 1000; 
outArr.push(item)
});
return JSON.stringify(outArr);
','0','');
INSERT INTO item_preproc (item_preprocid,itemid,step,type,params,error_handler,error_handler_params) values ('69278','36283','1','20','1h','0','');
INSERT INTO item_preproc (item_preprocid,itemid,step,type,params,error_handler,error_handler_params) values ('69279','36284','1','20','6h','0','');
INSERT INTO item_preproc (item_preprocid,itemid,step,type,params,error_handler,error_handler_params) values ('69280','36285','1','20','6h','0','');
INSERT INTO item_preproc (item_preprocid,itemid,step,type,params,error_handler,error_handler_params) values ('69281','36286','1','13','0
100','1','');
INSERT INTO item_preproc (item_preprocid,itemid,step,type,params,error_handler,error_handler_params) values ('69282','36286','2','21','return +parseFloat(value).toFixed(0);
','0','');
INSERT INTO item_preproc (item_preprocid,itemid,step,type,params,error_handler,error_handler_params) values ('69283','36287','1','10','','0','');
INSERT INTO item_preproc (item_preprocid,itemid,step,type,params,error_handler,error_handler_params) values ('69284','36288','1','1','8','0','');
INSERT INTO item_preproc (item_preprocid,itemid,step,type,params,error_handler,error_handler_params) values ('69285','36288','2','10','','0','');
INSERT INTO item_preproc (item_preprocid,itemid,step,type,params,error_handler,error_handler_params) values ('69286','36289','1','10','','0','');
INSERT INTO item_preproc (item_preprocid,itemid,step,type,params,error_handler,error_handler_params) values ('69287','36290','1','10','','0','');
INSERT INTO item_preproc (item_preprocid,itemid,step,type,params,error_handler,error_handler_params) values ('69288','36291','1','20','6h','0','');
INSERT INTO item_preproc (item_preprocid,itemid,step,type,params,error_handler,error_handler_params) values ('69289','36292','1','20','6h','0','');
INSERT INTO item_preproc (item_preprocid,itemid,step,type,params,error_handler,error_handler_params) values ('69290','36293','1','20','6h','0','');
INSERT INTO item_preproc (item_preprocid,itemid,step,type,params,error_handler,error_handler_params) values ('69291','36294','1','13','0
100','1','');
INSERT INTO item_preproc (item_preprocid,itemid,step,type,params,error_handler,error_handler_params) values ('69292','36294','2','21','return +parseFloat(value).toFixed(0);
','0','');
INSERT INTO item_preproc (item_preprocid,itemid,step,type,params,error_handler,error_handler_params) values ('69293','36295','1','10','','0','');
INSERT INTO item_preproc (item_preprocid,itemid,step,type,params,error_handler,error_handler_params) values ('69294','36296','1','1','8','0','');
INSERT INTO item_preproc (item_preprocid,itemid,step,type,params,error_handler,error_handler_params) values ('69295','36296','2','10','','0','');
INSERT INTO item_preproc (item_preprocid,itemid,step,type,params,error_handler,error_handler_params) values ('69296','36297','1','10','','0','');
INSERT INTO item_preproc (item_preprocid,itemid,step,type,params,error_handler,error_handler_params) values ('69297','36298','1','10','','0','');
INSERT INTO item_preproc (item_preprocid,itemid,step,type,params,error_handler,error_handler_params) values ('69298','36299','1','1','1000000','0','');
INSERT INTO item_preproc (item_preprocid,itemid,step,type,params,error_handler,error_handler_params) values ('69299','36299','2','20','6h','0','');
INSERT INTO item_preproc (item_preprocid,itemid,step,type,params,error_handler,error_handler_params) values ('69300','36300','1','20','6h','0','');
INSERT INTO item_preproc (item_preprocid,itemid,step,type,params,error_handler,error_handler_params) values ('69301','36301','1','1','0.01','0','');
INSERT INTO item_preproc (item_preprocid,itemid,step,type,params,error_handler,error_handler_params) values ('69302','36301','2','20','6h','0','');
INSERT INTO item_preproc (item_preprocid,itemid,step,type,params,error_handler,error_handler_params) values ('69303','36302','1','20','1h','0','');
INSERT INTO item_preproc (item_preprocid,itemid,step,type,params,error_handler,error_handler_params) values ('69304','36303','1','20','1h','0','');
INSERT INTO item_preproc (item_preprocid,itemid,step,type,params,error_handler,error_handler_params) values ('69305','36304','1','20','1h','0','');
INSERT INTO item_preproc (item_preprocid,itemid,step,type,params,error_handler,error_handler_params) values ('69306','36305','1','20','1h','0','');
INSERT INTO item_preproc (item_preprocid,itemid,step,type,params,error_handler,error_handler_params) values ('69307','36306','1','20','1h','0','');
INSERT INTO item_preproc (item_preprocid,itemid,step,type,params,error_handler,error_handler_params) values ('69308','36307','1','20','1h','0','');
INSERT INTO item_preproc (item_preprocid,itemid,step,type,params,error_handler,error_handler_params) values ('69309','36308','1','20','1h','0','');
INSERT INTO item_preproc (item_preprocid,itemid,step,type,params,error_handler,error_handler_params) values ('69310','36309','1','20','1h','0','');
INSERT INTO item_preproc (item_preprocid,itemid,step,type,params,error_handler,error_handler_params) values ('69311','36310','1','1','0.001','0','');
INSERT INTO item_preproc (item_preprocid,itemid,step,type,params,error_handler,error_handler_params) values ('69312','36310','2','20','1h','0','');
INSERT INTO item_preproc (item_preprocid,itemid,step,type,params,error_handler,error_handler_params) values ('69313','36311','1','20','1h','0','');
INSERT INTO item_preproc (item_preprocid,itemid,step,type,params,error_handler,error_handler_params) values ('69314','36312','1','20','6h','0','');
INSERT INTO item_preproc (item_preprocid,itemid,step,type,params,error_handler,error_handler_params) values ('69315','36314','1','21','var inArray = JSON.parse(value);
var tmpObj = {};
inArray.forEach(function(item, i, arr) {
  tmpObj[item["{#SNMPINDEX}"]] = item["{#SNMP.ARRAY}"]
});
var strOut = ''V'' + tmpObj["1.0"] + ''.'' + tmpObj["2.0"]
  + ''('' + tmpObj["3.0"] + ''.'' + tmpObj["4.0"] + '')_'' 
  + tmpObj["7.0"] + ''.'' + tmpObj["6.0"] + ''.'' + tmpObj["5.0"];
return strOut;
','0','');
INSERT INTO item_preproc (item_preprocid,itemid,step,type,params,error_handler,error_handler_params) values ('69316','36314','2','20','1d','0','');
INSERT INTO item_preproc (item_preprocid,itemid,step,type,params,error_handler,error_handler_params) values ('69317','36315','1','20','6h','0','');
INSERT INTO item_preproc (item_preprocid,itemid,step,type,params,error_handler,error_handler_params) values ('69318','36316','1','20','6h','0','');
INSERT INTO item_preproc (item_preprocid,itemid,step,type,params,error_handler,error_handler_params) values ('69319','36317','1','20','6h','0','');
INSERT INTO item_preproc (item_preprocid,itemid,step,type,params,error_handler,error_handler_params) values ('69320','36318','1','20','6h','0','');
INSERT INTO item_preproc (item_preprocid,itemid,step,type,params,error_handler,error_handler_params) values ('69321','36319','1','20','6h','0','');
INSERT INTO item_preproc (item_preprocid,itemid,step,type,params,error_handler,error_handler_params) values ('69322','36320','1','1','0.01','0','');
INSERT INTO item_preproc (item_preprocid,itemid,step,type,params,error_handler,error_handler_params) values ('69323','36323','1','21','var inArray = JSON.parse(value);
var nameMap = {
    ''Temperature'': ''°C'',
    ''Voltage'': ''V'',
    ''TxBias'': ''mA'',
    ''TxPower'': ''dbm'',
    ''RxPower'': ''dbm''
};
var outArr = [];
inArray.forEach(function (item, i, arr) {
    item[''{#ZYXEL.SFP.PORT}''] = item[''{#SNMPINDEX}''].split(''.'')[0];
    item[''{#ZYXEL.SFP.UNIT}''] = nameMap[item[''{#ZYXEL.SFP.DESCRIPTION}'']] === undefined ? "" : nameMap[item[''{#ZYXEL.SFP.DESCRIPTION}'']];
    item[''{#ZYXEL.SFP.WARN.MAX}''] /= 100;
    item[''{#ZYXEL.SFP.WARN.MIN}''] /= 100;
    outArr.push(item)
});
return JSON.stringify(outArr);
','0','');
INSERT INTO item_preproc (item_preprocid,itemid,step,type,params,error_handler,error_handler_params) values ('69324','36325','1','21','var inArray = JSON.parse(value);
var nameMap = {"1":"MAC", "2":"CPU", "3":"PHY"};
var outArr = [];
inArray.forEach(function(item, i, arr) {
item["{#ZYXEL.TEMP.ID}"] = nameMap[item["{#SNMPINDEX}"]] 
outArr.push(item)
});
return JSON.stringify(outArr);
','0','');
INSERT INTO item_preproc (item_preprocid,itemid,step,type,params,error_handler,error_handler_params) values ('69325','36326','1','21','var inArray = JSON.parse(value);
var outArr = []
inArray.forEach(function(item, i, arr) {
item["{#ZYXEL.VOLT.NOMINAL}"] = "+" + item["{#ZYXEL.VOLT.NOMINAL}"] / 1000 + "V";
item["{#ZYXEL.VOLT.THRESH.LOW}"] = item["{#ZYXEL.VOLT.THRESH.LOW}"] / 1000; 
outArr.push(item)
});
return JSON.stringify(outArr);
','0','');
INSERT INTO item_preproc (item_preprocid,itemid,step,type,params,error_handler,error_handler_params) values ('69326','36327','1','20','1h','0','');
INSERT INTO item_preproc (item_preprocid,itemid,step,type,params,error_handler,error_handler_params) values ('69327','36328','1','20','6h','0','');
INSERT INTO item_preproc (item_preprocid,itemid,step,type,params,error_handler,error_handler_params) values ('69328','36329','1','20','6h','0','');
INSERT INTO item_preproc (item_preprocid,itemid,step,type,params,error_handler,error_handler_params) values ('69329','36330','1','13','0
100','1','');
INSERT INTO item_preproc (item_preprocid,itemid,step,type,params,error_handler,error_handler_params) values ('69330','36330','2','21','return +parseFloat(value).toFixed(0);
','0','');
INSERT INTO item_preproc (item_preprocid,itemid,step,type,params,error_handler,error_handler_params) values ('69331','36331','1','10','','0','');
INSERT INTO item_preproc (item_preprocid,itemid,step,type,params,error_handler,error_handler_params) values ('69332','36332','1','1','8','0','');
INSERT INTO item_preproc (item_preprocid,itemid,step,type,params,error_handler,error_handler_params) values ('69333','36332','2','10','','0','');
INSERT INTO item_preproc (item_preprocid,itemid,step,type,params,error_handler,error_handler_params) values ('69334','36333','1','10','','0','');
INSERT INTO item_preproc (item_preprocid,itemid,step,type,params,error_handler,error_handler_params) values ('69335','36334','1','10','','0','');
INSERT INTO item_preproc (item_preprocid,itemid,step,type,params,error_handler,error_handler_params) values ('69336','36335','1','20','6h','0','');
INSERT INTO item_preproc (item_preprocid,itemid,step,type,params,error_handler,error_handler_params) values ('69337','36336','1','20','6h','0','');
INSERT INTO item_preproc (item_preprocid,itemid,step,type,params,error_handler,error_handler_params) values ('69338','36337','1','20','6h','0','');
INSERT INTO item_preproc (item_preprocid,itemid,step,type,params,error_handler,error_handler_params) values ('69339','36338','1','13','0
100','1','');
INSERT INTO item_preproc (item_preprocid,itemid,step,type,params,error_handler,error_handler_params) values ('69340','36338','2','21','return +parseFloat(value).toFixed(0);
','0','');
INSERT INTO item_preproc (item_preprocid,itemid,step,type,params,error_handler,error_handler_params) values ('69341','36339','1','10','','0','');
INSERT INTO item_preproc (item_preprocid,itemid,step,type,params,error_handler,error_handler_params) values ('69342','36340','1','1','8','0','');
INSERT INTO item_preproc (item_preprocid,itemid,step,type,params,error_handler,error_handler_params) values ('69343','36340','2','10','','0','');
INSERT INTO item_preproc (item_preprocid,itemid,step,type,params,error_handler,error_handler_params) values ('69344','36341','1','10','','0','');
INSERT INTO item_preproc (item_preprocid,itemid,step,type,params,error_handler,error_handler_params) values ('69345','36342','1','10','','0','');
INSERT INTO item_preproc (item_preprocid,itemid,step,type,params,error_handler,error_handler_params) values ('69346','36343','1','1','1000000','0','');
INSERT INTO item_preproc (item_preprocid,itemid,step,type,params,error_handler,error_handler_params) values ('69347','36343','2','20','6h','0','');
INSERT INTO item_preproc (item_preprocid,itemid,step,type,params,error_handler,error_handler_params) values ('69348','36344','1','20','6h','0','');
INSERT INTO item_preproc (item_preprocid,itemid,step,type,params,error_handler,error_handler_params) values ('69349','36345','1','1','0.01','0','');
INSERT INTO item_preproc (item_preprocid,itemid,step,type,params,error_handler,error_handler_params) values ('69350','36345','2','20','6h','0','');
INSERT INTO item_preproc (item_preprocid,itemid,step,type,params,error_handler,error_handler_params) values ('69351','36346','1','20','1h','0','');
INSERT INTO item_preproc (item_preprocid,itemid,step,type,params,error_handler,error_handler_params) values ('69352','36347','1','20','1h','0','');
INSERT INTO item_preproc (item_preprocid,itemid,step,type,params,error_handler,error_handler_params) values ('69353','36348','1','20','1h','0','');
INSERT INTO item_preproc (item_preprocid,itemid,step,type,params,error_handler,error_handler_params) values ('69354','36349','1','20','1h','0','');
INSERT INTO item_preproc (item_preprocid,itemid,step,type,params,error_handler,error_handler_params) values ('69355','36350','1','20','1h','0','');
INSERT INTO item_preproc (item_preprocid,itemid,step,type,params,error_handler,error_handler_params) values ('69356','36351','1','20','1h','0','');
INSERT INTO item_preproc (item_preprocid,itemid,step,type,params,error_handler,error_handler_params) values ('69357','36352','1','20','1h','0','');
INSERT INTO item_preproc (item_preprocid,itemid,step,type,params,error_handler,error_handler_params) values ('69358','36353','1','20','1h','0','');
INSERT INTO item_preproc (item_preprocid,itemid,step,type,params,error_handler,error_handler_params) values ('69359','36354','1','1','0.001','0','');
INSERT INTO item_preproc (item_preprocid,itemid,step,type,params,error_handler,error_handler_params) values ('69360','36354','2','20','1h','0','');
INSERT INTO item_preproc (item_preprocid,itemid,step,type,params,error_handler,error_handler_params) values ('69361','36355','1','20','1h','0','');
INSERT INTO item_preproc (item_preprocid,itemid,step,type,params,error_handler,error_handler_params) values ('69362','36356','1','20','6h','0','');
INSERT INTO item_preproc (item_preprocid,itemid,step,type,params,error_handler,error_handler_params) values ('69363','36358','1','21','var inArray = JSON.parse(value);
var tmpObj = {};
inArray.forEach(function(item, i, arr) {
  tmpObj[item["{#SNMPINDEX}"]] = item["{#SNMP.ARRAY}"]
});
var strOut = ''V'' + tmpObj["1.0"] + ''.'' + tmpObj["2.0"]
  + ''('' + tmpObj["3.0"] + ''.'' + tmpObj["4.0"] + '')_'' 
  + tmpObj["7.0"] + ''.'' + tmpObj["6.0"] + ''.'' + tmpObj["5.0"];
return strOut;
','0','');
INSERT INTO item_preproc (item_preprocid,itemid,step,type,params,error_handler,error_handler_params) values ('69364','36358','2','20','1d','0','');
INSERT INTO item_preproc (item_preprocid,itemid,step,type,params,error_handler,error_handler_params) values ('69365','36359','1','20','6h','0','');
INSERT INTO item_preproc (item_preprocid,itemid,step,type,params,error_handler,error_handler_params) values ('69366','36360','1','20','6h','0','');
INSERT INTO item_preproc (item_preprocid,itemid,step,type,params,error_handler,error_handler_params) values ('69367','36361','1','20','6h','0','');
INSERT INTO item_preproc (item_preprocid,itemid,step,type,params,error_handler,error_handler_params) values ('69368','36362','1','20','6h','0','');
INSERT INTO item_preproc (item_preprocid,itemid,step,type,params,error_handler,error_handler_params) values ('69369','36363','1','20','6h','0','');
INSERT INTO item_preproc (item_preprocid,itemid,step,type,params,error_handler,error_handler_params) values ('69370','36364','1','1','0.01','0','');
INSERT INTO item_preproc (item_preprocid,itemid,step,type,params,error_handler,error_handler_params) values ('69371','36367','1','21','var inArray = JSON.parse(value);
var nameMap = {
    ''Temperature'': ''°C'',
    ''Voltage'': ''V'',
    ''TxBias'': ''mA'',
    ''TxPower'': ''dbm'',
    ''RxPower'': ''dbm''
};
var outArr = [];
inArray.forEach(function (item, i, arr) {
    item[''{#ZYXEL.SFP.PORT}''] = item[''{#SNMPINDEX}''].split(''.'')[0];
    item[''{#ZYXEL.SFP.UNIT}''] = nameMap[item[''{#ZYXEL.SFP.DESCRIPTION}'']] === undefined ? "" : nameMap[item[''{#ZYXEL.SFP.DESCRIPTION}'']];
    item[''{#ZYXEL.SFP.WARN.MAX}''] /= 100;
    item[''{#ZYXEL.SFP.WARN.MIN}''] /= 100;
    outArr.push(item)
});
return JSON.stringify(outArr);
','0','');
INSERT INTO item_preproc (item_preprocid,itemid,step,type,params,error_handler,error_handler_params) values ('69372','36369','1','21','var inArray = JSON.parse(value);
var nameMap = {"1":"MAC", "2":"CPU", "3":"PHY"};
var outArr = [];
inArray.forEach(function(item, i, arr) {
item["{#ZYXEL.TEMP.ID}"] = nameMap[item["{#SNMPINDEX}"]] 
outArr.push(item)
});
return JSON.stringify(outArr);
','0','');
INSERT INTO item_preproc (item_preprocid,itemid,step,type,params,error_handler,error_handler_params) values ('69373','36370','1','21','var inArray = JSON.parse(value);
var outArr = []
inArray.forEach(function(item, i, arr) {
item["{#ZYXEL.VOLT.NOMINAL}"] = "+" + item["{#ZYXEL.VOLT.NOMINAL}"] / 1000 + "V";
item["{#ZYXEL.VOLT.THRESH.LOW}"] = item["{#ZYXEL.VOLT.THRESH.LOW}"] / 1000; 
outArr.push(item)
});
return JSON.stringify(outArr);
','0','');
INSERT INTO item_preproc (item_preprocid,itemid,step,type,params,error_handler,error_handler_params) values ('69374','36371','1','20','1h','0','');
INSERT INTO item_preproc (item_preprocid,itemid,step,type,params,error_handler,error_handler_params) values ('69375','36372','1','20','6h','0','');
INSERT INTO item_preproc (item_preprocid,itemid,step,type,params,error_handler,error_handler_params) values ('69376','36373','1','20','6h','0','');
INSERT INTO item_preproc (item_preprocid,itemid,step,type,params,error_handler,error_handler_params) values ('69377','36374','1','13','0
100','1','');
INSERT INTO item_preproc (item_preprocid,itemid,step,type,params,error_handler,error_handler_params) values ('69378','36374','2','21','return +parseFloat(value).toFixed(0);
','0','');
INSERT INTO item_preproc (item_preprocid,itemid,step,type,params,error_handler,error_handler_params) values ('69379','36375','1','10','','0','');
INSERT INTO item_preproc (item_preprocid,itemid,step,type,params,error_handler,error_handler_params) values ('69380','36376','1','1','8','0','');
INSERT INTO item_preproc (item_preprocid,itemid,step,type,params,error_handler,error_handler_params) values ('69381','36376','2','10','','0','');
INSERT INTO item_preproc (item_preprocid,itemid,step,type,params,error_handler,error_handler_params) values ('69382','36377','1','10','','0','');
INSERT INTO item_preproc (item_preprocid,itemid,step,type,params,error_handler,error_handler_params) values ('69383','36378','1','10','','0','');
INSERT INTO item_preproc (item_preprocid,itemid,step,type,params,error_handler,error_handler_params) values ('69384','36379','1','20','6h','0','');
INSERT INTO item_preproc (item_preprocid,itemid,step,type,params,error_handler,error_handler_params) values ('69385','36380','1','20','6h','0','');
INSERT INTO item_preproc (item_preprocid,itemid,step,type,params,error_handler,error_handler_params) values ('69386','36381','1','20','6h','0','');
INSERT INTO item_preproc (item_preprocid,itemid,step,type,params,error_handler,error_handler_params) values ('69387','36382','1','13','0
100','1','');
INSERT INTO item_preproc (item_preprocid,itemid,step,type,params,error_handler,error_handler_params) values ('69388','36382','2','21','return +parseFloat(value).toFixed(0);
','0','');
INSERT INTO item_preproc (item_preprocid,itemid,step,type,params,error_handler,error_handler_params) values ('69389','36383','1','10','','0','');
INSERT INTO item_preproc (item_preprocid,itemid,step,type,params,error_handler,error_handler_params) values ('69390','36384','1','1','8','0','');
INSERT INTO item_preproc (item_preprocid,itemid,step,type,params,error_handler,error_handler_params) values ('69391','36384','2','10','','0','');
INSERT INTO item_preproc (item_preprocid,itemid,step,type,params,error_handler,error_handler_params) values ('69392','36385','1','10','','0','');
INSERT INTO item_preproc (item_preprocid,itemid,step,type,params,error_handler,error_handler_params) values ('69393','36386','1','10','','0','');
INSERT INTO item_preproc (item_preprocid,itemid,step,type,params,error_handler,error_handler_params) values ('69394','36387','1','1','1000000','0','');
INSERT INTO item_preproc (item_preprocid,itemid,step,type,params,error_handler,error_handler_params) values ('69395','36387','2','20','6h','0','');
INSERT INTO item_preproc (item_preprocid,itemid,step,type,params,error_handler,error_handler_params) values ('69396','36388','1','20','6h','0','');
INSERT INTO item_preproc (item_preprocid,itemid,step,type,params,error_handler,error_handler_params) values ('69397','36389','1','1','0.01','0','');
INSERT INTO item_preproc (item_preprocid,itemid,step,type,params,error_handler,error_handler_params) values ('69398','36389','2','20','6h','0','');
INSERT INTO item_preproc (item_preprocid,itemid,step,type,params,error_handler,error_handler_params) values ('69399','36390','1','20','1h','0','');
INSERT INTO item_preproc (item_preprocid,itemid,step,type,params,error_handler,error_handler_params) values ('69400','36391','1','20','1h','0','');
INSERT INTO item_preproc (item_preprocid,itemid,step,type,params,error_handler,error_handler_params) values ('69401','36392','1','20','1h','0','');
INSERT INTO item_preproc (item_preprocid,itemid,step,type,params,error_handler,error_handler_params) values ('69402','36393','1','20','1h','0','');
INSERT INTO item_preproc (item_preprocid,itemid,step,type,params,error_handler,error_handler_params) values ('69403','36394','1','20','1h','0','');
INSERT INTO item_preproc (item_preprocid,itemid,step,type,params,error_handler,error_handler_params) values ('69404','36395','1','20','1h','0','');
INSERT INTO item_preproc (item_preprocid,itemid,step,type,params,error_handler,error_handler_params) values ('69405','36396','1','20','1h','0','');
INSERT INTO item_preproc (item_preprocid,itemid,step,type,params,error_handler,error_handler_params) values ('69406','36397','1','20','1h','0','');
INSERT INTO item_preproc (item_preprocid,itemid,step,type,params,error_handler,error_handler_params) values ('69407','36398','1','1','0.001','0','');
INSERT INTO item_preproc (item_preprocid,itemid,step,type,params,error_handler,error_handler_params) values ('69408','36398','2','20','1h','0','');
INSERT INTO item_preproc (item_preprocid,itemid,step,type,params,error_handler,error_handler_params) values ('69409','36399','1','20','1h','0','');
INSERT INTO item_preproc (item_preprocid,itemid,step,type,params,error_handler,error_handler_params) values ('69410','36400','1','20','6h','0','');
INSERT INTO item_preproc (item_preprocid,itemid,step,type,params,error_handler,error_handler_params) values ('69411','36402','1','21','var inArray = JSON.parse(value);
var tmpObj = {};
inArray.forEach(function(item, i, arr) {
  tmpObj[item["{#SNMPINDEX}"]] = item["{#SNMP.ARRAY}"]
});
var strOut = ''V'' + tmpObj["1.0"] + ''.'' + tmpObj["2.0"]
  + ''('' + tmpObj["3.0"] + ''.'' + tmpObj["4.0"] + '')_'' 
  + tmpObj["7.0"] + ''.'' + tmpObj["6.0"] + ''.'' + tmpObj["5.0"];
return strOut;
','0','');
INSERT INTO item_preproc (item_preprocid,itemid,step,type,params,error_handler,error_handler_params) values ('69412','36402','2','20','1d','0','');
INSERT INTO item_preproc (item_preprocid,itemid,step,type,params,error_handler,error_handler_params) values ('69413','36403','1','20','6h','0','');
INSERT INTO item_preproc (item_preprocid,itemid,step,type,params,error_handler,error_handler_params) values ('69414','36404','1','20','6h','0','');
INSERT INTO item_preproc (item_preprocid,itemid,step,type,params,error_handler,error_handler_params) values ('69415','36405','1','20','6h','0','');
INSERT INTO item_preproc (item_preprocid,itemid,step,type,params,error_handler,error_handler_params) values ('69416','36406','1','20','6h','0','');
INSERT INTO item_preproc (item_preprocid,itemid,step,type,params,error_handler,error_handler_params) values ('69417','36407','1','20','6h','0','');
INSERT INTO item_preproc (item_preprocid,itemid,step,type,params,error_handler,error_handler_params) values ('69418','36408','1','1','0.01','0','');
INSERT INTO item_preproc (item_preprocid,itemid,step,type,params,error_handler,error_handler_params) values ('69419','36411','1','21','var inArray = JSON.parse(value);
var nameMap = {
    ''Temperature'': ''°C'',
    ''Voltage'': ''V'',
    ''TxBias'': ''mA'',
    ''TxPower'': ''dbm'',
    ''RxPower'': ''dbm''
};
var outArr = [];
inArray.forEach(function (item, i, arr) {
    item[''{#ZYXEL.SFP.PORT}''] = item[''{#SNMPINDEX}''].split(''.'')[0];
    item[''{#ZYXEL.SFP.UNIT}''] = nameMap[item[''{#ZYXEL.SFP.DESCRIPTION}'']] === undefined ? "" : nameMap[item[''{#ZYXEL.SFP.DESCRIPTION}'']];
    item[''{#ZYXEL.SFP.WARN.MAX}''] /= 100;
    item[''{#ZYXEL.SFP.WARN.MIN}''] /= 100;
    outArr.push(item)
});
return JSON.stringify(outArr);
','0','');
INSERT INTO item_preproc (item_preprocid,itemid,step,type,params,error_handler,error_handler_params) values ('69420','36413','1','21','var inArray = JSON.parse(value);
var nameMap = {"1":"MAC", "2":"CPU", "3":"PHY"};
var outArr = [];
inArray.forEach(function(item, i, arr) {
item["{#ZYXEL.TEMP.ID}"] = nameMap[item["{#SNMPINDEX}"]] 
outArr.push(item)
});
return JSON.stringify(outArr);
','0','');
INSERT INTO item_preproc (item_preprocid,itemid,step,type,params,error_handler,error_handler_params) values ('69421','36414','1','21','var inArray = JSON.parse(value);
var outArr = []
inArray.forEach(function(item, i, arr) {
item["{#ZYXEL.VOLT.NOMINAL}"] = "+" + item["{#ZYXEL.VOLT.NOMINAL}"] / 1000 + "V";
item["{#ZYXEL.VOLT.THRESH.LOW}"] = item["{#ZYXEL.VOLT.THRESH.LOW}"] / 1000; 
outArr.push(item)
});
return JSON.stringify(outArr);
','0','');
INSERT INTO item_preproc (item_preprocid,itemid,step,type,params,error_handler,error_handler_params) values ('69422','36415','1','20','1h','0','');
INSERT INTO item_preproc (item_preprocid,itemid,step,type,params,error_handler,error_handler_params) values ('69423','36416','1','20','6h','0','');
INSERT INTO item_preproc (item_preprocid,itemid,step,type,params,error_handler,error_handler_params) values ('69424','36417','1','20','6h','0','');
INSERT INTO item_preproc (item_preprocid,itemid,step,type,params,error_handler,error_handler_params) values ('69425','36418','1','13','0
100','1','');
INSERT INTO item_preproc (item_preprocid,itemid,step,type,params,error_handler,error_handler_params) values ('69426','36418','2','21','return +parseFloat(value).toFixed(0);
','0','');
INSERT INTO item_preproc (item_preprocid,itemid,step,type,params,error_handler,error_handler_params) values ('69427','36419','1','10','','0','');
INSERT INTO item_preproc (item_preprocid,itemid,step,type,params,error_handler,error_handler_params) values ('69428','36420','1','1','8','0','');
INSERT INTO item_preproc (item_preprocid,itemid,step,type,params,error_handler,error_handler_params) values ('69429','36420','2','10','','0','');
INSERT INTO item_preproc (item_preprocid,itemid,step,type,params,error_handler,error_handler_params) values ('69430','36421','1','10','','0','');
INSERT INTO item_preproc (item_preprocid,itemid,step,type,params,error_handler,error_handler_params) values ('69431','36422','1','10','','0','');
INSERT INTO item_preproc (item_preprocid,itemid,step,type,params,error_handler,error_handler_params) values ('69432','36423','1','20','6h','0','');
INSERT INTO item_preproc (item_preprocid,itemid,step,type,params,error_handler,error_handler_params) values ('69433','36424','1','20','6h','0','');
INSERT INTO item_preproc (item_preprocid,itemid,step,type,params,error_handler,error_handler_params) values ('69434','36425','1','20','6h','0','');
INSERT INTO item_preproc (item_preprocid,itemid,step,type,params,error_handler,error_handler_params) values ('69435','36426','1','13','0
100','1','');
INSERT INTO item_preproc (item_preprocid,itemid,step,type,params,error_handler,error_handler_params) values ('69436','36426','2','21','return +parseFloat(value).toFixed(0);
','0','');
INSERT INTO item_preproc (item_preprocid,itemid,step,type,params,error_handler,error_handler_params) values ('69437','36427','1','10','','0','');
INSERT INTO item_preproc (item_preprocid,itemid,step,type,params,error_handler,error_handler_params) values ('69438','36428','1','1','8','0','');
INSERT INTO item_preproc (item_preprocid,itemid,step,type,params,error_handler,error_handler_params) values ('69439','36428','2','10','','0','');
INSERT INTO item_preproc (item_preprocid,itemid,step,type,params,error_handler,error_handler_params) values ('69440','36429','1','10','','0','');
INSERT INTO item_preproc (item_preprocid,itemid,step,type,params,error_handler,error_handler_params) values ('69441','36430','1','10','','0','');
INSERT INTO item_preproc (item_preprocid,itemid,step,type,params,error_handler,error_handler_params) values ('69442','36431','1','1','1000000','0','');
INSERT INTO item_preproc (item_preprocid,itemid,step,type,params,error_handler,error_handler_params) values ('69443','36431','2','20','6h','0','');
INSERT INTO item_preproc (item_preprocid,itemid,step,type,params,error_handler,error_handler_params) values ('69444','36432','1','20','6h','0','');
INSERT INTO item_preproc (item_preprocid,itemid,step,type,params,error_handler,error_handler_params) values ('69445','36433','1','1','0.01','0','');
INSERT INTO item_preproc (item_preprocid,itemid,step,type,params,error_handler,error_handler_params) values ('69446','36433','2','20','6h','0','');
INSERT INTO item_preproc (item_preprocid,itemid,step,type,params,error_handler,error_handler_params) values ('69447','36434','1','20','1h','0','');
INSERT INTO item_preproc (item_preprocid,itemid,step,type,params,error_handler,error_handler_params) values ('69448','36435','1','20','1h','0','');
INSERT INTO item_preproc (item_preprocid,itemid,step,type,params,error_handler,error_handler_params) values ('69449','36436','1','20','1h','0','');
INSERT INTO item_preproc (item_preprocid,itemid,step,type,params,error_handler,error_handler_params) values ('69450','36437','1','20','1h','0','');
INSERT INTO item_preproc (item_preprocid,itemid,step,type,params,error_handler,error_handler_params) values ('69451','36438','1','20','1h','0','');
INSERT INTO item_preproc (item_preprocid,itemid,step,type,params,error_handler,error_handler_params) values ('69452','36439','1','20','1h','0','');
INSERT INTO item_preproc (item_preprocid,itemid,step,type,params,error_handler,error_handler_params) values ('69453','36440','1','20','1h','0','');
INSERT INTO item_preproc (item_preprocid,itemid,step,type,params,error_handler,error_handler_params) values ('69454','36441','1','20','1h','0','');
INSERT INTO item_preproc (item_preprocid,itemid,step,type,params,error_handler,error_handler_params) values ('69455','36442','1','1','0.001','0','');
INSERT INTO item_preproc (item_preprocid,itemid,step,type,params,error_handler,error_handler_params) values ('69456','36442','2','20','1h','0','');
INSERT INTO item_preproc (item_preprocid,itemid,step,type,params,error_handler,error_handler_params) values ('69457','36443','1','20','1h','0','');
INSERT INTO item_preproc (item_preprocid,itemid,step,type,params,error_handler,error_handler_params) values ('69458','36444','1','20','6h','0','');
INSERT INTO item_preproc (item_preprocid,itemid,step,type,params,error_handler,error_handler_params) values ('69459','36446','1','20','6h','0','');
INSERT INTO item_preproc (item_preprocid,itemid,step,type,params,error_handler,error_handler_params) values ('69460','36447','1','20','6h','0','');
INSERT INTO item_preproc (item_preprocid,itemid,step,type,params,error_handler,error_handler_params) values ('69461','36448','1','20','6h','0','');
INSERT INTO item_preproc (item_preprocid,itemid,step,type,params,error_handler,error_handler_params) values ('69462','36450','1','20','6h','0','');
INSERT INTO item_preproc (item_preprocid,itemid,step,type,params,error_handler,error_handler_params) values ('69463','36451','1','20','6h','0','');
INSERT INTO item_preproc (item_preprocid,itemid,step,type,params,error_handler,error_handler_params) values ('69464','36452','1','20','6h','0','');
INSERT INTO item_preproc (item_preprocid,itemid,step,type,params,error_handler,error_handler_params) values ('69465','36453','1','1','0.01','0','');
INSERT INTO item_preproc (item_preprocid,itemid,step,type,params,error_handler,error_handler_params) values ('69466','36456','1','21','var inArray = JSON.parse(value);
var nameMap = {
    ''Temperature'': ''°C'',
    ''Voltage'': ''V'',
    ''TxBias'': ''mA'',
    ''TxPower'': ''dbm'',
    ''RxPower'': ''dbm''
};
var outArr = [];
inArray.forEach(function (item, i, arr) {
    item[''{#ZYXEL.SFP.PORT}''] = item[''{#SNMPINDEX}''].split(''.'')[0];
    item[''{#ZYXEL.SFP.UNIT}''] = nameMap[item[''{#ZYXEL.SFP.DESCRIPTION}'']] === undefined ? "" : nameMap[item[''{#ZYXEL.SFP.DESCRIPTION}'']];
    item[''{#ZYXEL.SFP.WARN.MAX}''] /= 100;
    item[''{#ZYXEL.SFP.WARN.MIN}''] /= 100;
    outArr.push(item)
});
return JSON.stringify(outArr);
','0','');
INSERT INTO item_preproc (item_preprocid,itemid,step,type,params,error_handler,error_handler_params) values ('69467','36459','1','21','var inArray = JSON.parse(value);
var outArr = []
inArray.forEach(function(item, i, arr) {
item["{#ZYXEL.VOLT.THRESH.LOW}"] /= 1000; 
outArr.push(item)
});
return JSON.stringify(outArr);
','0','');
INSERT INTO item_preproc (item_preprocid,itemid,step,type,params,error_handler,error_handler_params) values ('69468','36460','1','20','1h','0','');
INSERT INTO item_preproc (item_preprocid,itemid,step,type,params,error_handler,error_handler_params) values ('69469','36461','1','20','6h','0','');
INSERT INTO item_preproc (item_preprocid,itemid,step,type,params,error_handler,error_handler_params) values ('69470','36462','1','20','6h','0','');
INSERT INTO item_preproc (item_preprocid,itemid,step,type,params,error_handler,error_handler_params) values ('69471','36463','1','13','0
100','1','');
INSERT INTO item_preproc (item_preprocid,itemid,step,type,params,error_handler,error_handler_params) values ('69472','36463','2','21','return +parseFloat(value).toFixed(0);
','0','');
INSERT INTO item_preproc (item_preprocid,itemid,step,type,params,error_handler,error_handler_params) values ('69473','36464','1','10','','0','');
INSERT INTO item_preproc (item_preprocid,itemid,step,type,params,error_handler,error_handler_params) values ('69474','36465','1','1','8','0','');
INSERT INTO item_preproc (item_preprocid,itemid,step,type,params,error_handler,error_handler_params) values ('69475','36465','2','10','','0','');
INSERT INTO item_preproc (item_preprocid,itemid,step,type,params,error_handler,error_handler_params) values ('69476','36466','1','10','','0','');
INSERT INTO item_preproc (item_preprocid,itemid,step,type,params,error_handler,error_handler_params) values ('69477','36467','1','10','','0','');
INSERT INTO item_preproc (item_preprocid,itemid,step,type,params,error_handler,error_handler_params) values ('69478','36468','1','20','6h','0','');
INSERT INTO item_preproc (item_preprocid,itemid,step,type,params,error_handler,error_handler_params) values ('69479','36469','1','20','6h','0','');
INSERT INTO item_preproc (item_preprocid,itemid,step,type,params,error_handler,error_handler_params) values ('69480','36470','1','20','6h','0','');
INSERT INTO item_preproc (item_preprocid,itemid,step,type,params,error_handler,error_handler_params) values ('69481','36471','1','13','0
100','1','');
INSERT INTO item_preproc (item_preprocid,itemid,step,type,params,error_handler,error_handler_params) values ('69482','36471','2','21','return +parseFloat(value).toFixed(0);
','0','');
INSERT INTO item_preproc (item_preprocid,itemid,step,type,params,error_handler,error_handler_params) values ('69483','36472','1','10','','0','');
INSERT INTO item_preproc (item_preprocid,itemid,step,type,params,error_handler,error_handler_params) values ('69484','36473','1','1','8','0','');
INSERT INTO item_preproc (item_preprocid,itemid,step,type,params,error_handler,error_handler_params) values ('69485','36473','2','10','','0','');
INSERT INTO item_preproc (item_preprocid,itemid,step,type,params,error_handler,error_handler_params) values ('69486','36474','1','10','','0','');
INSERT INTO item_preproc (item_preprocid,itemid,step,type,params,error_handler,error_handler_params) values ('69487','36475','1','10','','0','');
INSERT INTO item_preproc (item_preprocid,itemid,step,type,params,error_handler,error_handler_params) values ('69488','36476','1','1','1000000','0','');
INSERT INTO item_preproc (item_preprocid,itemid,step,type,params,error_handler,error_handler_params) values ('69489','36476','2','20','6h','0','');
INSERT INTO item_preproc (item_preprocid,itemid,step,type,params,error_handler,error_handler_params) values ('69490','36477','1','20','6h','0','');
INSERT INTO item_preproc (item_preprocid,itemid,step,type,params,error_handler,error_handler_params) values ('69491','36478','1','1','0.01','0','');
INSERT INTO item_preproc (item_preprocid,itemid,step,type,params,error_handler,error_handler_params) values ('69492','36478','2','20','6h','0','');
INSERT INTO item_preproc (item_preprocid,itemid,step,type,params,error_handler,error_handler_params) values ('69493','36479','1','20','1h','0','');
INSERT INTO item_preproc (item_preprocid,itemid,step,type,params,error_handler,error_handler_params) values ('69494','36480','1','20','1h','0','');
INSERT INTO item_preproc (item_preprocid,itemid,step,type,params,error_handler,error_handler_params) values ('69495','36481','1','20','1h','0','');
INSERT INTO item_preproc (item_preprocid,itemid,step,type,params,error_handler,error_handler_params) values ('69496','36482','1','20','1h','0','');
INSERT INTO item_preproc (item_preprocid,itemid,step,type,params,error_handler,error_handler_params) values ('69497','36483','1','20','1h','0','');
INSERT INTO item_preproc (item_preprocid,itemid,step,type,params,error_handler,error_handler_params) values ('69498','36484','1','20','1h','0','');
INSERT INTO item_preproc (item_preprocid,itemid,step,type,params,error_handler,error_handler_params) values ('69499','36485','1','20','1h','0','');
INSERT INTO item_preproc (item_preprocid,itemid,step,type,params,error_handler,error_handler_params) values ('69500','36486','1','20','1h','0','');
INSERT INTO item_preproc (item_preprocid,itemid,step,type,params,error_handler,error_handler_params) values ('69501','36487','1','1','0.001','0','');
INSERT INTO item_preproc (item_preprocid,itemid,step,type,params,error_handler,error_handler_params) values ('69502','36487','2','20','1h','0','');
INSERT INTO item_preproc (item_preprocid,itemid,step,type,params,error_handler,error_handler_params) values ('69503','36488','1','20','1h','0','');
INSERT INTO item_preproc (item_preprocid,itemid,step,type,params,error_handler,error_handler_params) values ('69504','36489','1','20','6h','0','');
INSERT INTO item_preproc (item_preprocid,itemid,step,type,params,error_handler,error_handler_params) values ('69505','36491','1','20','6h','0','');
INSERT INTO item_preproc (item_preprocid,itemid,step,type,params,error_handler,error_handler_params) values ('69506','36492','1','20','6h','0','');
INSERT INTO item_preproc (item_preprocid,itemid,step,type,params,error_handler,error_handler_params) values ('69507','36493','1','20','6h','0','');
INSERT INTO item_preproc (item_preprocid,itemid,step,type,params,error_handler,error_handler_params) values ('69508','36495','1','20','6h','0','');
INSERT INTO item_preproc (item_preprocid,itemid,step,type,params,error_handler,error_handler_params) values ('69509','36496','1','20','6h','0','');
INSERT INTO item_preproc (item_preprocid,itemid,step,type,params,error_handler,error_handler_params) values ('69510','36497','1','20','6h','0','');
INSERT INTO item_preproc (item_preprocid,itemid,step,type,params,error_handler,error_handler_params) values ('69511','36498','1','1','0.01','0','');
INSERT INTO item_preproc (item_preprocid,itemid,step,type,params,error_handler,error_handler_params) values ('69512','36501','1','21','var inArray = JSON.parse(value);
var nameMap = {
    ''Temperature'': ''°C'',
    ''Voltage'': ''V'',
    ''TxBias'': ''mA'',
    ''TxPower'': ''dbm'',
    ''RxPower'': ''dbm''
};
var outArr = [];
inArray.forEach(function (item, i, arr) {
    item[''{#ZYXEL.SFP.PORT}''] = item[''{#SNMPINDEX}''].split(''.'')[0];
    item[''{#ZYXEL.SFP.UNIT}''] = nameMap[item[''{#ZYXEL.SFP.DESCRIPTION}'']] === undefined ? "" : nameMap[item[''{#ZYXEL.SFP.DESCRIPTION}'']];
    item[''{#ZYXEL.SFP.WARN.MAX}''] /= 100;
    item[''{#ZYXEL.SFP.WARN.MIN}''] /= 100;
    outArr.push(item)
});
return JSON.stringify(outArr);
','0','');
INSERT INTO item_preproc (item_preprocid,itemid,step,type,params,error_handler,error_handler_params) values ('69513','36504','1','21','var inArray = JSON.parse(value);
var outArr = []
inArray.forEach(function(item, i, arr) {
item["{#ZYXEL.VOLT.THRESH.LOW}"] /= 1000; 
outArr.push(item)
});
return JSON.stringify(outArr);
','0','');
INSERT INTO item_preproc (item_preprocid,itemid,step,type,params,error_handler,error_handler_params) values ('69514','36505','1','20','1h','0','');
INSERT INTO item_preproc (item_preprocid,itemid,step,type,params,error_handler,error_handler_params) values ('69515','36506','1','20','6h','0','');
INSERT INTO item_preproc (item_preprocid,itemid,step,type,params,error_handler,error_handler_params) values ('69516','36507','1','20','6h','0','');
INSERT INTO item_preproc (item_preprocid,itemid,step,type,params,error_handler,error_handler_params) values ('69517','36508','1','13','0
100','1','');
INSERT INTO item_preproc (item_preprocid,itemid,step,type,params,error_handler,error_handler_params) values ('69518','36508','2','21','return +parseFloat(value).toFixed(0);
','0','');
INSERT INTO item_preproc (item_preprocid,itemid,step,type,params,error_handler,error_handler_params) values ('69519','36509','1','10','','0','');
INSERT INTO item_preproc (item_preprocid,itemid,step,type,params,error_handler,error_handler_params) values ('69520','36510','1','1','8','0','');
INSERT INTO item_preproc (item_preprocid,itemid,step,type,params,error_handler,error_handler_params) values ('69521','36510','2','10','','0','');
INSERT INTO item_preproc (item_preprocid,itemid,step,type,params,error_handler,error_handler_params) values ('69522','36511','1','10','','0','');
INSERT INTO item_preproc (item_preprocid,itemid,step,type,params,error_handler,error_handler_params) values ('69523','36512','1','10','','0','');
INSERT INTO item_preproc (item_preprocid,itemid,step,type,params,error_handler,error_handler_params) values ('69524','36513','1','20','6h','0','');
INSERT INTO item_preproc (item_preprocid,itemid,step,type,params,error_handler,error_handler_params) values ('69525','36514','1','20','6h','0','');
INSERT INTO item_preproc (item_preprocid,itemid,step,type,params,error_handler,error_handler_params) values ('69526','36515','1','20','6h','0','');
INSERT INTO item_preproc (item_preprocid,itemid,step,type,params,error_handler,error_handler_params) values ('69527','36516','1','13','0
100','1','');
INSERT INTO item_preproc (item_preprocid,itemid,step,type,params,error_handler,error_handler_params) values ('69528','36516','2','21','return +parseFloat(value).toFixed(0);
','0','');
INSERT INTO item_preproc (item_preprocid,itemid,step,type,params,error_handler,error_handler_params) values ('69529','36517','1','10','','0','');
INSERT INTO item_preproc (item_preprocid,itemid,step,type,params,error_handler,error_handler_params) values ('69530','36518','1','1','8','0','');
INSERT INTO item_preproc (item_preprocid,itemid,step,type,params,error_handler,error_handler_params) values ('69531','36518','2','10','','0','');
INSERT INTO item_preproc (item_preprocid,itemid,step,type,params,error_handler,error_handler_params) values ('69532','36519','1','10','','0','');
INSERT INTO item_preproc (item_preprocid,itemid,step,type,params,error_handler,error_handler_params) values ('69533','36520','1','10','','0','');
INSERT INTO item_preproc (item_preprocid,itemid,step,type,params,error_handler,error_handler_params) values ('69534','36521','1','1','1000000','0','');
INSERT INTO item_preproc (item_preprocid,itemid,step,type,params,error_handler,error_handler_params) values ('69535','36521','2','20','6h','0','');
INSERT INTO item_preproc (item_preprocid,itemid,step,type,params,error_handler,error_handler_params) values ('69536','36522','1','20','6h','0','');
INSERT INTO item_preproc (item_preprocid,itemid,step,type,params,error_handler,error_handler_params) values ('69537','36523','1','1','0.01','0','');
INSERT INTO item_preproc (item_preprocid,itemid,step,type,params,error_handler,error_handler_params) values ('69538','36523','2','20','6h','0','');
INSERT INTO item_preproc (item_preprocid,itemid,step,type,params,error_handler,error_handler_params) values ('69539','36524','1','20','1h','0','');
INSERT INTO item_preproc (item_preprocid,itemid,step,type,params,error_handler,error_handler_params) values ('69540','36525','1','20','1h','0','');
INSERT INTO item_preproc (item_preprocid,itemid,step,type,params,error_handler,error_handler_params) values ('69541','36526','1','20','1h','0','');
INSERT INTO item_preproc (item_preprocid,itemid,step,type,params,error_handler,error_handler_params) values ('69542','36527','1','20','1h','0','');
INSERT INTO item_preproc (item_preprocid,itemid,step,type,params,error_handler,error_handler_params) values ('69543','36528','1','20','1h','0','');
INSERT INTO item_preproc (item_preprocid,itemid,step,type,params,error_handler,error_handler_params) values ('69544','36529','1','20','1h','0','');
INSERT INTO item_preproc (item_preprocid,itemid,step,type,params,error_handler,error_handler_params) values ('69545','36530','1','20','1h','0','');
INSERT INTO item_preproc (item_preprocid,itemid,step,type,params,error_handler,error_handler_params) values ('69546','36531','1','20','1h','0','');
INSERT INTO item_preproc (item_preprocid,itemid,step,type,params,error_handler,error_handler_params) values ('69547','36532','1','1','0.001','0','');
INSERT INTO item_preproc (item_preprocid,itemid,step,type,params,error_handler,error_handler_params) values ('69548','36532','2','20','1h','0','');
INSERT INTO item_preproc (item_preprocid,itemid,step,type,params,error_handler,error_handler_params) values ('69549','36533','1','20','1h','0','');
INSERT INTO item_preproc (item_preprocid,itemid,step,type,params,error_handler,error_handler_params) values ('69550','36534','1','20','6h','0','');
INSERT INTO item_preproc (item_preprocid,itemid,step,type,params,error_handler,error_handler_params) values ('69551','36536','1','21','var inArray = JSON.parse(value);
var tmpObj = {};
inArray.forEach(function(item, i, arr) {
  tmpObj[item["{#SNMPINDEX}"]] = item["{#SNMP.ARRAY}"]
});
var strOut = ''V'' + tmpObj["1.0"] + ''.'' + tmpObj["2.0"]
  + ''('' + tmpObj["3.0"] + ''.'' + tmpObj["4.0"] + '')_'' 
  + tmpObj["7.0"] + ''.'' + tmpObj["6.0"] + ''.'' + tmpObj["5.0"];
return strOut;
','0','');
INSERT INTO item_preproc (item_preprocid,itemid,step,type,params,error_handler,error_handler_params) values ('69552','36536','2','20','1d','0','');
INSERT INTO item_preproc (item_preprocid,itemid,step,type,params,error_handler,error_handler_params) values ('69553','36537','1','20','6h','0','');
INSERT INTO item_preproc (item_preprocid,itemid,step,type,params,error_handler,error_handler_params) values ('69554','36538','1','20','6h','0','');
INSERT INTO item_preproc (item_preprocid,itemid,step,type,params,error_handler,error_handler_params) values ('69555','36539','1','20','6h','0','');
INSERT INTO item_preproc (item_preprocid,itemid,step,type,params,error_handler,error_handler_params) values ('69556','36540','1','20','6h','0','');
INSERT INTO item_preproc (item_preprocid,itemid,step,type,params,error_handler,error_handler_params) values ('69557','36541','1','20','6h','0','');
INSERT INTO item_preproc (item_preprocid,itemid,step,type,params,error_handler,error_handler_params) values ('69558','36542','1','1','0.01','0','');
INSERT INTO item_preproc (item_preprocid,itemid,step,type,params,error_handler,error_handler_params) values ('69559','36546','1','21','var inArray = JSON.parse(value);
var nameMap = {
    ''Temperature'': ''°C'',
    ''Voltage'': ''V'',
    ''TxBias'': ''mA'',
    ''TxPower'': ''dbm'',
    ''RxPower'': ''dbm''
};
var outArr = [];
inArray.forEach(function (item, i, arr) {
    item[''{#ZYXEL.SFP.PORT}''] = item[''{#SNMPINDEX}''].split(''.'')[0];
    item[''{#ZYXEL.SFP.UNIT}''] = nameMap[item[''{#ZYXEL.SFP.DESCRIPTION}'']] === undefined ? "" : nameMap[item[''{#ZYXEL.SFP.DESCRIPTION}'']];
    item[''{#ZYXEL.SFP.WARN.MAX}''] /= 100;
    item[''{#ZYXEL.SFP.WARN.MIN}''] /= 100;
    outArr.push(item)
});
return JSON.stringify(outArr);
','0','');
INSERT INTO item_preproc (item_preprocid,itemid,step,type,params,error_handler,error_handler_params) values ('69560','36548','1','21','var inArray = JSON.parse(value);
var nameMap = {"1":"MAC", "2":"CPU", "3":"PHY"};
var outArr = [];
inArray.forEach(function(item, i, arr) {
item["{#ZYXEL.TEMP.ID}"] = nameMap[item["{#SNMPINDEX}"]] 
outArr.push(item)
});
return JSON.stringify(outArr);
','0','');
INSERT INTO item_preproc (item_preprocid,itemid,step,type,params,error_handler,error_handler_params) values ('69561','36549','1','21','var inArray = JSON.parse(value);
var outArr = []
inArray.forEach(function(item, i, arr) {
item["{#ZYXEL.VOLT.NOMINAL}"] = "+" + item["{#ZYXEL.VOLT.NOMINAL}"] / 1000 + "V";
item["{#ZYXEL.VOLT.THRESH.LOW}"] = item["{#ZYXEL.VOLT.THRESH.LOW}"] / 1000; 
outArr.push(item)
});
return JSON.stringify(outArr);
','0','');
INSERT INTO item_preproc (item_preprocid,itemid,step,type,params,error_handler,error_handler_params) values ('69562','36550','1','20','1h','0','');
INSERT INTO item_preproc (item_preprocid,itemid,step,type,params,error_handler,error_handler_params) values ('69563','36551','1','20','1h','0','');
INSERT INTO item_preproc (item_preprocid,itemid,step,type,params,error_handler,error_handler_params) values ('69564','36552','1','20','6h','0','');
INSERT INTO item_preproc (item_preprocid,itemid,step,type,params,error_handler,error_handler_params) values ('69565','36553','1','20','6h','0','');
INSERT INTO item_preproc (item_preprocid,itemid,step,type,params,error_handler,error_handler_params) values ('69566','36554','1','13','0
100','1','');
INSERT INTO item_preproc (item_preprocid,itemid,step,type,params,error_handler,error_handler_params) values ('69567','36554','2','21','return +parseFloat(value).toFixed(0);
','0','');
INSERT INTO item_preproc (item_preprocid,itemid,step,type,params,error_handler,error_handler_params) values ('69568','36555','1','10','','0','');
INSERT INTO item_preproc (item_preprocid,itemid,step,type,params,error_handler,error_handler_params) values ('69569','36556','1','1','8','0','');
INSERT INTO item_preproc (item_preprocid,itemid,step,type,params,error_handler,error_handler_params) values ('69570','36556','2','10','','0','');
INSERT INTO item_preproc (item_preprocid,itemid,step,type,params,error_handler,error_handler_params) values ('69571','36557','1','10','','0','');
INSERT INTO item_preproc (item_preprocid,itemid,step,type,params,error_handler,error_handler_params) values ('69572','36558','1','10','','0','');
INSERT INTO item_preproc (item_preprocid,itemid,step,type,params,error_handler,error_handler_params) values ('69573','36559','1','20','6h','0','');
INSERT INTO item_preproc (item_preprocid,itemid,step,type,params,error_handler,error_handler_params) values ('69574','36560','1','20','6h','0','');
INSERT INTO item_preproc (item_preprocid,itemid,step,type,params,error_handler,error_handler_params) values ('69575','36561','1','20','6h','0','');
INSERT INTO item_preproc (item_preprocid,itemid,step,type,params,error_handler,error_handler_params) values ('69576','36562','1','13','0
100','1','');
INSERT INTO item_preproc (item_preprocid,itemid,step,type,params,error_handler,error_handler_params) values ('69577','36562','2','21','return +parseFloat(value).toFixed(0);
','0','');
INSERT INTO item_preproc (item_preprocid,itemid,step,type,params,error_handler,error_handler_params) values ('69578','36563','1','10','','0','');
INSERT INTO item_preproc (item_preprocid,itemid,step,type,params,error_handler,error_handler_params) values ('69579','36564','1','1','8','0','');
INSERT INTO item_preproc (item_preprocid,itemid,step,type,params,error_handler,error_handler_params) values ('69580','36564','2','10','','0','');
INSERT INTO item_preproc (item_preprocid,itemid,step,type,params,error_handler,error_handler_params) values ('69581','36565','1','10','','0','');
INSERT INTO item_preproc (item_preprocid,itemid,step,type,params,error_handler,error_handler_params) values ('69582','36566','1','10','','0','');
INSERT INTO item_preproc (item_preprocid,itemid,step,type,params,error_handler,error_handler_params) values ('69583','36567','1','1','1000000','0','');
INSERT INTO item_preproc (item_preprocid,itemid,step,type,params,error_handler,error_handler_params) values ('69584','36567','2','20','6h','0','');
INSERT INTO item_preproc (item_preprocid,itemid,step,type,params,error_handler,error_handler_params) values ('69585','36568','1','20','6h','0','');
INSERT INTO item_preproc (item_preprocid,itemid,step,type,params,error_handler,error_handler_params) values ('69586','36569','1','1','0.01','0','');
INSERT INTO item_preproc (item_preprocid,itemid,step,type,params,error_handler,error_handler_params) values ('69587','36569','2','20','6h','0','');
INSERT INTO item_preproc (item_preprocid,itemid,step,type,params,error_handler,error_handler_params) values ('69588','36570','1','20','1h','0','');
INSERT INTO item_preproc (item_preprocid,itemid,step,type,params,error_handler,error_handler_params) values ('69589','36571','1','20','1h','0','');
INSERT INTO item_preproc (item_preprocid,itemid,step,type,params,error_handler,error_handler_params) values ('69590','36572','1','20','1h','0','');
INSERT INTO item_preproc (item_preprocid,itemid,step,type,params,error_handler,error_handler_params) values ('69591','36573','1','20','1h','0','');
INSERT INTO item_preproc (item_preprocid,itemid,step,type,params,error_handler,error_handler_params) values ('69592','36574','1','20','1h','0','');
INSERT INTO item_preproc (item_preprocid,itemid,step,type,params,error_handler,error_handler_params) values ('69593','36575','1','20','1h','0','');
INSERT INTO item_preproc (item_preprocid,itemid,step,type,params,error_handler,error_handler_params) values ('69594','36576','1','20','1h','0','');
INSERT INTO item_preproc (item_preprocid,itemid,step,type,params,error_handler,error_handler_params) values ('69595','36577','1','20','1h','0','');
INSERT INTO item_preproc (item_preprocid,itemid,step,type,params,error_handler,error_handler_params) values ('69596','36578','1','1','0.001','0','');
INSERT INTO item_preproc (item_preprocid,itemid,step,type,params,error_handler,error_handler_params) values ('69597','36578','2','20','1h','0','');
INSERT INTO item_preproc (item_preprocid,itemid,step,type,params,error_handler,error_handler_params) values ('69598','36579','1','20','1h','0','');
INSERT INTO item_preproc (item_preprocid,itemid,step,type,params,error_handler,error_handler_params) values ('69599','36580','1','20','1h','0','');
INSERT INTO item_preproc (item_preprocid,itemid,step,type,params,error_handler,error_handler_params) values ('69600','36581','1','21','output = JSON.parse(value).map(function(net){
    return {
        "{#IFNAME}": net.Name,
        "{#IFDESCR}": net.Description,
        "{#IFALIAS}": net.NetConnectionID,
        "{#IFGUID}": net.GUID
    }})
return JSON.stringify({"data": output})','0','');
INSERT INTO item_preproc (item_preprocid,itemid,step,type,params,error_handler,error_handler_params) values ('69601','36581','2','20','1h','0','');
INSERT INTO item_preproc (item_preprocid,itemid,step,type,params,error_handler,error_handler_params) values ('69602','36582','1','21','output = JSON.parse(value).map(function(net){
    return {
        "{#IFNAME}": net.Name,
        "{#IFDESCR}": net.Description,
        "{#IFALIAS}": net.NetConnectionID,
        "{#IFGUID}": net.GUID
    }})
return JSON.stringify({"data": output})','0','');
INSERT INTO item_preproc (item_preprocid,itemid,step,type,params,error_handler,error_handler_params) values ('69603','36582','2','20','1h','0','');
INSERT INTO item_preproc (item_preprocid,itemid,step,type,params,error_handler,error_handler_params) values ('69604','36583','1','10','','0','');
INSERT INTO item_preproc (item_preprocid,itemid,step,type,params,error_handler,error_handler_params) values ('69605','36584','1','10','','0','');
INSERT INTO item_preproc (item_preprocid,itemid,step,type,params,error_handler,error_handler_params) values ('69606','36585','1','10','','0','');
INSERT INTO item_preproc (item_preprocid,itemid,step,type,params,error_handler,error_handler_params) values ('69607','36585','2','1','8','0','');
INSERT INTO item_preproc (item_preprocid,itemid,step,type,params,error_handler,error_handler_params) values ('69608','36586','1','10','','0','');
INSERT INTO item_preproc (item_preprocid,itemid,step,type,params,error_handler,error_handler_params) values ('69609','36587','1','10','','0','');
INSERT INTO item_preproc (item_preprocid,itemid,step,type,params,error_handler,error_handler_params) values ('69610','36588','1','10','','0','');
INSERT INTO item_preproc (item_preprocid,itemid,step,type,params,error_handler,error_handler_params) values ('69611','36588','2','1','8','0','');
INSERT INTO item_preproc (item_preprocid,itemid,step,type,params,error_handler,error_handler_params) values ('69612','36589','1','10','','0','');
INSERT INTO item_preproc (item_preprocid,itemid,step,type,params,error_handler,error_handler_params) values ('69613','36590','1','10','','0','');
INSERT INTO item_preproc (item_preprocid,itemid,step,type,params,error_handler,error_handler_params) values ('69614','36591','1','10','','0','');
INSERT INTO item_preproc (item_preprocid,itemid,step,type,params,error_handler,error_handler_params) values ('69615','36591','2','1','8','0','');
INSERT INTO item_preproc (item_preprocid,itemid,step,type,params,error_handler,error_handler_params) values ('69616','36592','1','10','','0','');
INSERT INTO item_preproc (item_preprocid,itemid,step,type,params,error_handler,error_handler_params) values ('69617','36593','1','10','','0','');
INSERT INTO item_preproc (item_preprocid,itemid,step,type,params,error_handler,error_handler_params) values ('69618','36594','1','10','','0','');
INSERT INTO item_preproc (item_preprocid,itemid,step,type,params,error_handler,error_handler_params) values ('69619','36594','2','1','8','0','');
INSERT INTO item_preproc (item_preprocid,itemid,step,type,params,error_handler,error_handler_params) values ('69620','36595','1','12','$[?(@.GUID == "{#IFGUID}")].Speed.first()','2','0');
INSERT INTO item_preproc (item_preprocid,itemid,step,type,params,error_handler,error_handler_params) values ('69621','36595','2','21','return (value==''9223372036854775807'' ? 0 : value)
','0','');
INSERT INTO item_preproc (item_preprocid,itemid,step,type,params,error_handler,error_handler_params) values ('69622','36595','3','20','1h','0','');
INSERT INTO item_preproc (item_preprocid,itemid,step,type,params,error_handler,error_handler_params) values ('69623','36596','1','12','$[?(@.GUID == "{#IFGUID}")].NetConnectionStatus.first()','0','');
INSERT INTO item_preproc (item_preprocid,itemid,step,type,params,error_handler,error_handler_params) values ('69624','36596','2','20','1d','0','');
INSERT INTO item_preproc (item_preprocid,itemid,step,type,params,error_handler,error_handler_params) values ('69625','36597','1','12','$[?(@.GUID == "{#IFGUID}")].AdapterTypeId.first()','0','');
INSERT INTO item_preproc (item_preprocid,itemid,step,type,params,error_handler,error_handler_params) values ('69626','36597','2','20','1d','0','');
INSERT INTO item_preproc (item_preprocid,itemid,step,type,params,error_handler,error_handler_params) values ('69627','36598','1','12','$[?(@.GUID == "{#IFGUID}")].Speed.first()','2','0');
INSERT INTO item_preproc (item_preprocid,itemid,step,type,params,error_handler,error_handler_params) values ('69628','36598','2','21','return (value==''9223372036854775807'' ? 0 : value)
','0','');
INSERT INTO item_preproc (item_preprocid,itemid,step,type,params,error_handler,error_handler_params) values ('69629','36598','3','20','1h','0','');
INSERT INTO item_preproc (item_preprocid,itemid,step,type,params,error_handler,error_handler_params) values ('69630','36599','1','12','$[?(@.GUID == "{#IFGUID}")].NetConnectionStatus.first()','0','');
INSERT INTO item_preproc (item_preprocid,itemid,step,type,params,error_handler,error_handler_params) values ('69631','36599','2','20','1d','0','');
INSERT INTO item_preproc (item_preprocid,itemid,step,type,params,error_handler,error_handler_params) values ('69632','36600','1','12','$[?(@.GUID == "{#IFGUID}")].AdapterTypeId.first()','0','');
INSERT INTO item_preproc (item_preprocid,itemid,step,type,params,error_handler,error_handler_params) values ('69633','36600','2','20','1d','0','');
INSERT INTO item_preproc (item_preprocid,itemid,step,type,params,error_handler,error_handler_params) values ('69634','36601','1','20','1h','0','');
INSERT INTO item_preproc (item_preprocid,itemid,step,type,params,error_handler,error_handler_params) values ('69635','36602','1','20','1h','0','');
INSERT INTO item_preproc (item_preprocid,itemid,step,type,params,error_handler,error_handler_params) values ('69636','36603','1','21','output = JSON.parse(value).map(function(net){
    return {
        "{#IFNAME}": net.Name,
        "{#IFDESCR}": net.Description,
        "{#IFALIAS}": net.NetConnectionID,
        "{#IFGUID}": net.GUID
    }})
return JSON.stringify({"data": output})','0','');
INSERT INTO item_preproc (item_preprocid,itemid,step,type,params,error_handler,error_handler_params) values ('69637','36603','2','20','1h','0','');
INSERT INTO item_preproc (item_preprocid,itemid,step,type,params,error_handler,error_handler_params) values ('69638','36604','1','21','output = JSON.parse(value).map(function(net){
    return {
        "{#IFNAME}": net.Name,
        "{#IFDESCR}": net.Description,
        "{#IFALIAS}": net.NetConnectionID,
        "{#IFGUID}": net.GUID
    }})
return JSON.stringify({"data": output})','0','');
INSERT INTO item_preproc (item_preprocid,itemid,step,type,params,error_handler,error_handler_params) values ('69639','36604','2','20','1h','0','');
INSERT INTO item_preproc (item_preprocid,itemid,step,type,params,error_handler,error_handler_params) values ('69640','36605','1','10','','0','');
INSERT INTO item_preproc (item_preprocid,itemid,step,type,params,error_handler,error_handler_params) values ('69641','36606','1','10','','0','');
INSERT INTO item_preproc (item_preprocid,itemid,step,type,params,error_handler,error_handler_params) values ('69642','36607','1','10','','0','');
INSERT INTO item_preproc (item_preprocid,itemid,step,type,params,error_handler,error_handler_params) values ('69643','36607','2','1','8','0','');
INSERT INTO item_preproc (item_preprocid,itemid,step,type,params,error_handler,error_handler_params) values ('69644','36608','1','10','','0','');
INSERT INTO item_preproc (item_preprocid,itemid,step,type,params,error_handler,error_handler_params) values ('69645','36609','1','10','','0','');
INSERT INTO item_preproc (item_preprocid,itemid,step,type,params,error_handler,error_handler_params) values ('69646','36610','1','10','','0','');
INSERT INTO item_preproc (item_preprocid,itemid,step,type,params,error_handler,error_handler_params) values ('69647','36610','2','1','8','0','');
INSERT INTO item_preproc (item_preprocid,itemid,step,type,params,error_handler,error_handler_params) values ('69648','36611','1','10','','0','');
INSERT INTO item_preproc (item_preprocid,itemid,step,type,params,error_handler,error_handler_params) values ('69649','36612','1','10','','0','');
INSERT INTO item_preproc (item_preprocid,itemid,step,type,params,error_handler,error_handler_params) values ('69650','36613','1','10','','0','');
INSERT INTO item_preproc (item_preprocid,itemid,step,type,params,error_handler,error_handler_params) values ('69651','36613','2','1','8','0','');
INSERT INTO item_preproc (item_preprocid,itemid,step,type,params,error_handler,error_handler_params) values ('69652','36614','1','10','','0','');
INSERT INTO item_preproc (item_preprocid,itemid,step,type,params,error_handler,error_handler_params) values ('69653','36615','1','10','','0','');
INSERT INTO item_preproc (item_preprocid,itemid,step,type,params,error_handler,error_handler_params) values ('69654','36616','1','10','','0','');
INSERT INTO item_preproc (item_preprocid,itemid,step,type,params,error_handler,error_handler_params) values ('69655','36616','2','1','8','0','');
INSERT INTO item_preproc (item_preprocid,itemid,step,type,params,error_handler,error_handler_params) values ('69656','36617','1','12','$[?(@.GUID == "{#IFGUID}")].Speed.first()','2','0');
INSERT INTO item_preproc (item_preprocid,itemid,step,type,params,error_handler,error_handler_params) values ('69657','36617','2','21','return (value==''9223372036854775807'' ? 0 : value)
','0','');
INSERT INTO item_preproc (item_preprocid,itemid,step,type,params,error_handler,error_handler_params) values ('69658','36617','3','20','1h','0','');
INSERT INTO item_preproc (item_preprocid,itemid,step,type,params,error_handler,error_handler_params) values ('69659','36618','1','12','$[?(@.GUID == "{#IFGUID}")].NetConnectionStatus.first()','0','');
INSERT INTO item_preproc (item_preprocid,itemid,step,type,params,error_handler,error_handler_params) values ('69660','36618','2','20','1d','0','');
INSERT INTO item_preproc (item_preprocid,itemid,step,type,params,error_handler,error_handler_params) values ('69661','36619','1','12','$[?(@.GUID == "{#IFGUID}")].AdapterTypeId.first()','0','');
INSERT INTO item_preproc (item_preprocid,itemid,step,type,params,error_handler,error_handler_params) values ('69662','36619','2','20','1d','0','');
INSERT INTO item_preproc (item_preprocid,itemid,step,type,params,error_handler,error_handler_params) values ('69663','36620','1','12','$[?(@.GUID == "{#IFGUID}")].Speed.first()','2','0');
INSERT INTO item_preproc (item_preprocid,itemid,step,type,params,error_handler,error_handler_params) values ('69664','36620','2','21','return (value==''9223372036854775807'' ? 0 : value)
','0','');
INSERT INTO item_preproc (item_preprocid,itemid,step,type,params,error_handler,error_handler_params) values ('69665','36620','3','20','1h','0','');
INSERT INTO item_preproc (item_preprocid,itemid,step,type,params,error_handler,error_handler_params) values ('69666','36621','1','12','$[?(@.GUID == "{#IFGUID}")].NetConnectionStatus.first()','0','');
INSERT INTO item_preproc (item_preprocid,itemid,step,type,params,error_handler,error_handler_params) values ('69667','36621','2','20','1d','0','');
INSERT INTO item_preproc (item_preprocid,itemid,step,type,params,error_handler,error_handler_params) values ('69668','36622','1','12','$[?(@.GUID == "{#IFGUID}")].AdapterTypeId.first()','0','');
INSERT INTO item_preproc (item_preprocid,itemid,step,type,params,error_handler,error_handler_params) values ('69669','36622','2','20','1d','0','');
INSERT INTO item_preproc (item_preprocid,itemid,step,type,params,error_handler,error_handler_params) values ('69670','36623','1','12','$[?(@.disk_name==''{#NAME}'')].ata_smart_attributes.table[?(@.id=={#ID})].raw.string.first()','0','');
INSERT INTO item_preproc (item_preprocid,itemid,step,type,params,error_handler,error_handler_params) values ('69671','36623','2','20','6h','0','');
INSERT INTO item_preproc (item_preprocid,itemid,step,type,params,error_handler,error_handler_params) values ('69672','32746','2','20','6h','0','');
INSERT INTO item_preproc (item_preprocid,itemid,step,type,params,error_handler,error_handler_params) values ('69673','36624','1','12','$[?(@.disk_name==''{#NAME}'')].ata_smart_attributes.table[?(@.id=={#ID})].raw.string.first()','0','');
INSERT INTO item_preproc (item_preprocid,itemid,step,type,params,error_handler,error_handler_params) values ('69674','36624','2','20','6h','0','');
INSERT INTO item_preproc (item_preprocid,itemid,step,type,params,error_handler,error_handler_params) values ('69675','32758','2','20','6h','0','');
INSERT INTO item_preproc (item_preprocid,itemid,step,type,params,error_handler,error_handler_params) values ('69676','36625','1','12','$.cpu_stats.cpu_usage.percent_usage','0','');
INSERT INTO item_preproc (item_preprocid,itemid,step,type,params,error_handler,error_handler_params) values ('69677','36628','1','20','1h','0','');
INSERT INTO item_preproc (item_preprocid,itemid,step,type,params,error_handler,error_handler_params) values ('69678','36629','1','20','1h','0','');
INSERT INTO item_preproc (item_preprocid,itemid,step,type,params,error_handler,error_handler_params) values ('69679','36630','1','21','return 100 - value','0','');
INSERT INTO item_preproc (item_preprocid,itemid,step,type,params,error_handler,error_handler_params) values ('69680','36631','1','21','return 100 - value','0','');
INSERT INTO item_preproc (item_preprocid,itemid,step,type,params,error_handler,error_handler_params) values ('69681','36632','1','21','return 100 - value','0','');
INSERT INTO item_preproc (item_preprocid,itemid,step,type,params,error_handler,error_handler_params) values ('69682','36633','1','21','return 100 - value','0','');
INSERT INTO item_preproc (item_preprocid,itemid,step,type,params,error_handler,error_handler_params) values ('69683','36636','1','5',E'Time:\\s+(\\d+\\.\\d+)\\s+ms
\\1','0','');
INSERT INTO item_preproc (item_preprocid,itemid,step,type,params,error_handler,error_handler_params) values ('69684','36636','2','1','0.001','0','');
INSERT INTO item_preproc (item_preprocid,itemid,step,type,params,error_handler,error_handler_params) values ('69685','36637','1','21','return value.search(/accepting connections/)>0 ? 1 : 0','0','');
INSERT INTO item_preproc (item_preprocid,itemid,step,type,params,error_handler,error_handler_params) values ('69686','36637','2','20','1h','0','');
INSERT INTO item_preproc (item_preprocid,itemid,step,type,params,error_handler,error_handler_params) values ('69687','36643','1','20','1h','0','');
INSERT INTO item_preproc (item_preprocid,itemid,step,type,params,error_handler,error_handler_params) values ('69688','36648','1','20','1d','0','');
INSERT INTO item_preproc (item_preprocid,itemid,step,type,params,error_handler,error_handler_params) values ('69689','36651','1','12','$.idle','0','');
INSERT INTO item_preproc (item_preprocid,itemid,step,type,params,error_handler,error_handler_params) values ('69690','36652','1','12','$.active','0','');
INSERT INTO item_preproc (item_preprocid,itemid,step,type,params,error_handler,error_handler_params) values ('69691','36653','1','12','$.prepared','0','');
INSERT INTO item_preproc (item_preprocid,itemid,step,type,params,error_handler,error_handler_params) values ('69692','36654','1','12','$.waiting','0','');
INSERT INTO item_preproc (item_preprocid,itemid,step,type,params,error_handler,error_handler_params) values ('69693','36655','1','12','$.count','0','');
INSERT INTO item_preproc (item_preprocid,itemid,step,type,params,error_handler,error_handler_params) values ('69694','36656','1','12','$.buffers_alloc','0','');
INSERT INTO item_preproc (item_preprocid,itemid,step,type,params,error_handler,error_handler_params) values ('69695','36656','2','10','','0','');
INSERT INTO item_preproc (item_preprocid,itemid,step,type,params,error_handler,error_handler_params) values ('69696','36657','1','12','$.buffers_backend_fsync','0','');
INSERT INTO item_preproc (item_preprocid,itemid,step,type,params,error_handler,error_handler_params) values ('69697','36657','2','10','','0','');
INSERT INTO item_preproc (item_preprocid,itemid,step,type,params,error_handler,error_handler_params) values ('69698','36658','1','12','$.checkpoints_timed','0','');
INSERT INTO item_preproc (item_preprocid,itemid,step,type,params,error_handler,error_handler_params) values ('69699','36658','2','10','','0','');
INSERT INTO item_preproc (item_preprocid,itemid,step,type,params,error_handler,error_handler_params) values ('69700','36659','1','12','$.buffers_backend','0','');
INSERT INTO item_preproc (item_preprocid,itemid,step,type,params,error_handler,error_handler_params) values ('69701','36659','2','10','','0','');
INSERT INTO item_preproc (item_preprocid,itemid,step,type,params,error_handler,error_handler_params) values ('69702','36660','1','12','$.buffers_checkpoint','0','');
INSERT INTO item_preproc (item_preprocid,itemid,step,type,params,error_handler,error_handler_params) values ('69703','36660','2','10','','0','');
INSERT INTO item_preproc (item_preprocid,itemid,step,type,params,error_handler,error_handler_params) values ('69704','36661','1','12','$.buffers_clean','0','');
INSERT INTO item_preproc (item_preprocid,itemid,step,type,params,error_handler,error_handler_params) values ('69705','36661','2','10','','0','');
INSERT INTO item_preproc (item_preprocid,itemid,step,type,params,error_handler,error_handler_params) values ('69706','36662','1','12','$.checkpoint_sync_time','0','');
INSERT INTO item_preproc (item_preprocid,itemid,step,type,params,error_handler,error_handler_params) values ('69707','36662','2','1','0.001','0','');
INSERT INTO item_preproc (item_preprocid,itemid,step,type,params,error_handler,error_handler_params) values ('69708','36662','3','10','','0','');
INSERT INTO item_preproc (item_preprocid,itemid,step,type,params,error_handler,error_handler_params) values ('69709','36663','1','12','$.checkpoint_write_time','0','');
INSERT INTO item_preproc (item_preprocid,itemid,step,type,params,error_handler,error_handler_params) values ('69710','36663','2','1','0.001','0','');
INSERT INTO item_preproc (item_preprocid,itemid,step,type,params,error_handler,error_handler_params) values ('69711','36663','3','10','','0','');
INSERT INTO item_preproc (item_preprocid,itemid,step,type,params,error_handler,error_handler_params) values ('69712','36664','1','12','$.checkpoints_req','0','');
INSERT INTO item_preproc (item_preprocid,itemid,step,type,params,error_handler,error_handler_params) values ('69713','36664','2','10','','0','');
INSERT INTO item_preproc (item_preprocid,itemid,step,type,params,error_handler,error_handler_params) values ('69714','36665','1','12','$.maxwritten_clean','0','');
INSERT INTO item_preproc (item_preprocid,itemid,step,type,params,error_handler,error_handler_params) values ('69715','36665','2','10','','0','');
INSERT INTO item_preproc (item_preprocid,itemid,step,type,params,error_handler,error_handler_params) values ('69716','36666','1','12','$.waiting','0','');
INSERT INTO item_preproc (item_preprocid,itemid,step,type,params,error_handler,error_handler_params) values ('69717','36667','1','12','$.active','0','');
INSERT INTO item_preproc (item_preprocid,itemid,step,type,params,error_handler,error_handler_params) values ('69718','36668','1','12','$.idle','0','');
INSERT INTO item_preproc (item_preprocid,itemid,step,type,params,error_handler,error_handler_params) values ('69719','36669','1','12','$.idle_in_transaction','0','');
INSERT INTO item_preproc (item_preprocid,itemid,step,type,params,error_handler,error_handler_params) values ('69720','36670','1','12','$.prepared','0','');
INSERT INTO item_preproc (item_preprocid,itemid,step,type,params,error_handler,error_handler_params) values ('69721','36671','1','12','$.total','0','');
INSERT INTO item_preproc (item_preprocid,itemid,step,type,params,error_handler,error_handler_params) values ('69722','36672','1','12','$.total_pct','0','');
INSERT INTO item_preproc (item_preprocid,itemid,step,type,params,error_handler,error_handler_params) values ('69723','36673','1','12','$.write','0','');
INSERT INTO item_preproc (item_preprocid,itemid,step,type,params,error_handler,error_handler_params) values ('69724','36673','2','10','','0','');
INSERT INTO item_preproc (item_preprocid,itemid,step,type,params,error_handler,error_handler_params) values ('69725','36678','1','12','$[''{#DBNAME}''].conflicts','0','');
INSERT INTO item_preproc (item_preprocid,itemid,step,type,params,error_handler,error_handler_params) values ('69726','36678','2','10','','0','');
INSERT INTO item_preproc (item_preprocid,itemid,step,type,params,error_handler,error_handler_params) values ('69727','36679','1','12','$[''{#DBNAME}''].total','0','');
INSERT INTO item_preproc (item_preprocid,itemid,step,type,params,error_handler,error_handler_params) values ('69728','36680','1','12','$.seq','0','');
INSERT INTO item_preproc (item_preprocid,itemid,step,type,params,error_handler,error_handler_params) values ('69729','36680','2','10','','0','');
INSERT INTO item_preproc (item_preprocid,itemid,step,type,params,error_handler,error_handler_params) values ('69730','36681','1','12','$.idx','0','');
INSERT INTO item_preproc (item_preprocid,itemid,step,type,params,error_handler,error_handler_params) values ('69731','36681','2','10','','0','');
INSERT INTO item_preproc (item_preprocid,itemid,step,type,params,error_handler,error_handler_params) values ('69732','36682','1','12','$[''{#DBNAME}''].tx_time_sum','0','');
INSERT INTO item_preproc (item_preprocid,itemid,step,type,params,error_handler,error_handler_params) values ('69733','36683','1','12','$[''{#DBNAME}''].tx_time_max','0','');
INSERT INTO item_preproc (item_preprocid,itemid,step,type,params,error_handler,error_handler_params) values ('69734','36684','1','12','$[''{#DBNAME}''].tx_slow_count','0','');
INSERT INTO item_preproc (item_preprocid,itemid,step,type,params,error_handler,error_handler_params) values ('69735','36685','1','12','$[''{#DBNAME}''].query_time_sum','0','');
INSERT INTO item_preproc (item_preprocid,itemid,step,type,params,error_handler,error_handler_params) values ('69736','36686','1','12','$[''{#DBNAME}''].query_time_max','0','');
INSERT INTO item_preproc (item_preprocid,itemid,step,type,params,error_handler,error_handler_params) values ('69737','36687','1','12','$[''{#DBNAME}''].query_slow_count','0','');
INSERT INTO item_preproc (item_preprocid,itemid,step,type,params,error_handler,error_handler_params) values ('69738','36688','1','12','$[''{#DBNAME}''].mro_time_sum','0','');
INSERT INTO item_preproc (item_preprocid,itemid,step,type,params,error_handler,error_handler_params) values ('69739','36689','1','12','$[''{#DBNAME}''].mro_time_max','0','');
INSERT INTO item_preproc (item_preprocid,itemid,step,type,params,error_handler,error_handler_params) values ('69740','36690','1','12','$[''{#DBNAME}''].mro_slow_count','0','');
INSERT INTO item_preproc (item_preprocid,itemid,step,type,params,error_handler,error_handler_params) values ('69741','36691','1','12','$[''{#DBNAME}''].blks_read','0','');
INSERT INTO item_preproc (item_preprocid,itemid,step,type,params,error_handler,error_handler_params) values ('69742','36691','2','10','','0','');
INSERT INTO item_preproc (item_preprocid,itemid,step,type,params,error_handler,error_handler_params) values ('69743','36692','1','12','$[''{#DBNAME}''].deadlocks','0','');
INSERT INTO item_preproc (item_preprocid,itemid,step,type,params,error_handler,error_handler_params) values ('69744','36692','2','10','','0','');
INSERT INTO item_preproc (item_preprocid,itemid,step,type,params,error_handler,error_handler_params) values ('69745','36693','1','12','$[''{#DBNAME}''].blks_hit','0','');
INSERT INTO item_preproc (item_preprocid,itemid,step,type,params,error_handler,error_handler_params) values ('69746','36693','2','10','','0','');
INSERT INTO item_preproc (item_preprocid,itemid,step,type,params,error_handler,error_handler_params) values ('69747','36694','1','12','$.prc_before_av','0','');
INSERT INTO item_preproc (item_preprocid,itemid,step,type,params,error_handler,error_handler_params) values ('69748','36695','1','12','$[''{#DBNAME}''].xact_rollback','0','');
INSERT INTO item_preproc (item_preprocid,itemid,step,type,params,error_handler,error_handler_params) values ('69749','36695','2','10','','0','');
INSERT INTO item_preproc (item_preprocid,itemid,step,type,params,error_handler,error_handler_params) values ('69750','36696','1','12','$[''{#DBNAME}''].xact_commit','0','');
INSERT INTO item_preproc (item_preprocid,itemid,step,type,params,error_handler,error_handler_params) values ('69751','36696','2','10','','0','');
INSERT INTO item_preproc (item_preprocid,itemid,step,type,params,error_handler,error_handler_params) values ('69752','36697','1','12','$[''{#DBNAME}''].tup_updated','0','');
INSERT INTO item_preproc (item_preprocid,itemid,step,type,params,error_handler,error_handler_params) values ('69753','36697','2','10','','0','');
INSERT INTO item_preproc (item_preprocid,itemid,step,type,params,error_handler,error_handler_params) values ('69754','36698','1','12','$[''{#DBNAME}''].tup_returned','0','');
INSERT INTO item_preproc (item_preprocid,itemid,step,type,params,error_handler,error_handler_params) values ('69755','36698','2','10','','0','');
INSERT INTO item_preproc (item_preprocid,itemid,step,type,params,error_handler,error_handler_params) values ('69756','36699','1','12','$[''{#DBNAME}''].tup_inserted','0','');
INSERT INTO item_preproc (item_preprocid,itemid,step,type,params,error_handler,error_handler_params) values ('69757','36699','2','10','','0','');
INSERT INTO item_preproc (item_preprocid,itemid,step,type,params,error_handler,error_handler_params) values ('69758','36700','1','12','$[''{#DBNAME}''].tup_fetched','0','');
INSERT INTO item_preproc (item_preprocid,itemid,step,type,params,error_handler,error_handler_params) values ('69759','36700','2','10','','0','');
INSERT INTO item_preproc (item_preprocid,itemid,step,type,params,error_handler,error_handler_params) values ('69760','36701','1','12','$[''{#DBNAME}''].tup_deleted','0','');
INSERT INTO item_preproc (item_preprocid,itemid,step,type,params,error_handler,error_handler_params) values ('69761','36701','2','10','','0','');
INSERT INTO item_preproc (item_preprocid,itemid,step,type,params,error_handler,error_handler_params) values ('69762','36702','1','12','$[''{#DBNAME}''].temp_files','0','');
INSERT INTO item_preproc (item_preprocid,itemid,step,type,params,error_handler,error_handler_params) values ('69763','36702','2','10','','0','');
INSERT INTO item_preproc (item_preprocid,itemid,step,type,params,error_handler,error_handler_params) values ('69764','36703','1','12','$[''{#DBNAME}''].temp_bytes','0','');
INSERT INTO item_preproc (item_preprocid,itemid,step,type,params,error_handler,error_handler_params) values ('69765','36703','2','10','','0','');
INSERT INTO item_preproc (item_preprocid,itemid,step,type,params,error_handler,error_handler_params) values ('69766','36704','1','12','$.prc_before_stop','0','');
INSERT INTO item_preproc (item_preprocid,itemid,step,type,params,error_handler,error_handler_params) values ('69767','36714','1','20','1h','0','');
INSERT INTO item_preproc (item_preprocid,itemid,step,type,params,error_handler,error_handler_params) values ('69768','36724','1','12','$.tup_fetched','0','');
INSERT INTO item_preproc (item_preprocid,itemid,step,type,params,error_handler,error_handler_params) values ('69769','36724','2','10','','0','');
INSERT INTO item_preproc (item_preprocid,itemid,step,type,params,error_handler,error_handler_params) values ('69770','36725','1','12','$.temp_files','0','');
INSERT INTO item_preproc (item_preprocid,itemid,step,type,params,error_handler,error_handler_params) values ('69771','36725','2','10','','0','');
INSERT INTO item_preproc (item_preprocid,itemid,step,type,params,error_handler,error_handler_params) values ('69772','36726','1','12','$.temp_bytes','0','');
INSERT INTO item_preproc (item_preprocid,itemid,step,type,params,error_handler,error_handler_params) values ('69773','36726','2','10','','0','');
INSERT INTO item_preproc (item_preprocid,itemid,step,type,params,error_handler,error_handler_params) values ('69774','36727','1','12','$.numbackends','0','');
INSERT INTO item_preproc (item_preprocid,itemid,step,type,params,error_handler,error_handler_params) values ('69775','36728','1','12','$.tup_deleted','0','');
INSERT INTO item_preproc (item_preprocid,itemid,step,type,params,error_handler,error_handler_params) values ('69776','36728','2','10','','0','');
INSERT INTO item_preproc (item_preprocid,itemid,step,type,params,error_handler,error_handler_params) values ('69777','36729','1','12','$.archived_count','0','');
INSERT INTO item_preproc (item_preprocid,itemid,step,type,params,error_handler,error_handler_params) values ('69778','36730','1','12','$.tup_inserted','0','');
INSERT INTO item_preproc (item_preprocid,itemid,step,type,params,error_handler,error_handler_params) values ('69779','36730','2','10','','0','');
INSERT INTO item_preproc (item_preprocid,itemid,step,type,params,error_handler,error_handler_params) values ('69780','36731','1','12','$.tup_returned','0','');
INSERT INTO item_preproc (item_preprocid,itemid,step,type,params,error_handler,error_handler_params) values ('69781','36731','2','10','','0','');
INSERT INTO item_preproc (item_preprocid,itemid,step,type,params,error_handler,error_handler_params) values ('69782','36732','1','12','$.tup_updated','0','');
INSERT INTO item_preproc (item_preprocid,itemid,step,type,params,error_handler,error_handler_params) values ('69783','36732','2','10','','0','');
INSERT INTO item_preproc (item_preprocid,itemid,step,type,params,error_handler,error_handler_params) values ('69784','36733','1','12','$.xact_commit','0','');
INSERT INTO item_preproc (item_preprocid,itemid,step,type,params,error_handler,error_handler_params) values ('69785','36733','2','10','','0','');
INSERT INTO item_preproc (item_preprocid,itemid,step,type,params,error_handler,error_handler_params) values ('69786','36734','1','12','$.xact_rollback','0','');
INSERT INTO item_preproc (item_preprocid,itemid,step,type,params,error_handler,error_handler_params) values ('69787','36734','2','10','','0','');
INSERT INTO item_preproc (item_preprocid,itemid,step,type,params,error_handler,error_handler_params) values ('69788','36735','1','12','$.conflicts','0','');
INSERT INTO item_preproc (item_preprocid,itemid,step,type,params,error_handler,error_handler_params) values ('69789','36735','2','10','','0','');
INSERT INTO item_preproc (item_preprocid,itemid,step,type,params,error_handler,error_handler_params) values ('69790','36736','1','12','$.count','0','');
INSERT INTO item_preproc (item_preprocid,itemid,step,type,params,error_handler,error_handler_params) values ('69791','36737','1','12','$.receive','0','');
INSERT INTO item_preproc (item_preprocid,itemid,step,type,params,error_handler,error_handler_params) values ('69792','36737','2','10','','0','');
INSERT INTO item_preproc (item_preprocid,itemid,step,type,params,error_handler,error_handler_params) values ('69793','36738','1','12','$.deadlocks','0','');
INSERT INTO item_preproc (item_preprocid,itemid,step,type,params,error_handler,error_handler_params) values ('69794','36738','2','10','','0','');
INSERT INTO item_preproc (item_preprocid,itemid,step,type,params,error_handler,error_handler_params) values ('69795','36739','1','12','$.blk_read_time','0','');
INSERT INTO item_preproc (item_preprocid,itemid,step,type,params,error_handler,error_handler_params) values ('69796','36739','2','1','0.001','0','');
INSERT INTO item_preproc (item_preprocid,itemid,step,type,params,error_handler,error_handler_params) values ('69797','36740','1','12','$.checksum_failures','0','');
INSERT INTO item_preproc (item_preprocid,itemid,step,type,params,error_handler,error_handler_params) values ('69798','36740','2','14',E'^\\d*$','0','');
INSERT INTO item_preproc (item_preprocid,itemid,step,type,params,error_handler,error_handler_params) values ('69799','36740','3','10','','2','-1');
INSERT INTO item_preproc (item_preprocid,itemid,step,type,params,error_handler,error_handler_params) values ('69800','36741','1','12','$.maxwritten_clean','0','');
INSERT INTO item_preproc (item_preprocid,itemid,step,type,params,error_handler,error_handler_params) values ('69801','36741','2','10','','0','');
INSERT INTO item_preproc (item_preprocid,itemid,step,type,params,error_handler,error_handler_params) values ('69802','36742','1','12','$.failed_count','0','');
INSERT INTO item_preproc (item_preprocid,itemid,step,type,params,error_handler,error_handler_params) values ('69803','36743','1','12','$.size_files','0','');
INSERT INTO item_preproc (item_preprocid,itemid,step,type,params,error_handler,error_handler_params) values ('69804','36744','1','12','$.buffers_alloc','0','');
INSERT INTO item_preproc (item_preprocid,itemid,step,type,params,error_handler,error_handler_params) values ('69805','36744','2','10','','0','');
INSERT INTO item_preproc (item_preprocid,itemid,step,type,params,error_handler,error_handler_params) values ('69806','36745','1','12','$.buffers_backend_fsync','0','');
INSERT INTO item_preproc (item_preprocid,itemid,step,type,params,error_handler,error_handler_params) values ('69807','36745','2','10','','0','');
INSERT INTO item_preproc (item_preprocid,itemid,step,type,params,error_handler,error_handler_params) values ('69808','36746','1','12','$.buffers_backend','0','');
INSERT INTO item_preproc (item_preprocid,itemid,step,type,params,error_handler,error_handler_params) values ('69809','36746','2','10','','0','');
INSERT INTO item_preproc (item_preprocid,itemid,step,type,params,error_handler,error_handler_params) values ('69810','36747','1','12','$.buffers_checkpoint','0','');
INSERT INTO item_preproc (item_preprocid,itemid,step,type,params,error_handler,error_handler_params) values ('69811','36747','2','10','','0','');
INSERT INTO item_preproc (item_preprocid,itemid,step,type,params,error_handler,error_handler_params) values ('69812','36748','1','12','$.buffers_clean','0','');
INSERT INTO item_preproc (item_preprocid,itemid,step,type,params,error_handler,error_handler_params) values ('69813','36748','2','10','','0','');
INSERT INTO item_preproc (item_preprocid,itemid,step,type,params,error_handler,error_handler_params) values ('69814','36749','1','12','$.checkpoint_sync_time','0','');
INSERT INTO item_preproc (item_preprocid,itemid,step,type,params,error_handler,error_handler_params) values ('69815','36749','2','1','0.001','0','');
INSERT INTO item_preproc (item_preprocid,itemid,step,type,params,error_handler,error_handler_params) values ('69816','36749','3','10','','0','');
INSERT INTO item_preproc (item_preprocid,itemid,step,type,params,error_handler,error_handler_params) values ('69817','36750','1','12','$.checkpoint_write_time','0','');
INSERT INTO item_preproc (item_preprocid,itemid,step,type,params,error_handler,error_handler_params) values ('69818','36750','2','1','0.001','0','');
INSERT INTO item_preproc (item_preprocid,itemid,step,type,params,error_handler,error_handler_params) values ('69819','36750','3','10','','0','');
INSERT INTO item_preproc (item_preprocid,itemid,step,type,params,error_handler,error_handler_params) values ('69820','36751','1','12','$.checkpoints_req','0','');
INSERT INTO item_preproc (item_preprocid,itemid,step,type,params,error_handler,error_handler_params) values ('69821','36751','2','10','','0','');
INSERT INTO item_preproc (item_preprocid,itemid,step,type,params,error_handler,error_handler_params) values ('69822','36752','1','12','$.checkpoints_timed','0','');
INSERT INTO item_preproc (item_preprocid,itemid,step,type,params,error_handler,error_handler_params) values ('69823','36752','2','10','','0','');
INSERT INTO item_preproc (item_preprocid,itemid,step,type,params,error_handler,error_handler_params) values ('69824','36753','1','12','$.active','0','');
INSERT INTO item_preproc (item_preprocid,itemid,step,type,params,error_handler,error_handler_params) values ('69825','36754','1','12','$.blks_read','0','');
INSERT INTO item_preproc (item_preprocid,itemid,step,type,params,error_handler,error_handler_params) values ('69826','36754','2','10','','0','');
INSERT INTO item_preproc (item_preprocid,itemid,step,type,params,error_handler,error_handler_params) values ('69827','36755','1','12','$.disabled','0','');
INSERT INTO item_preproc (item_preprocid,itemid,step,type,params,error_handler,error_handler_params) values ('69828','36756','1','12','$.idle_in_transaction','0','');
INSERT INTO item_preproc (item_preprocid,itemid,step,type,params,error_handler,error_handler_params) values ('69829','36757','1','12','$.idle','0','');
INSERT INTO item_preproc (item_preprocid,itemid,step,type,params,error_handler,error_handler_params) values ('69830','36758','1','12','$.idle_in_transaction','0','');
INSERT INTO item_preproc (item_preprocid,itemid,step,type,params,error_handler,error_handler_params) values ('69831','36759','1','12','$.idle_in_transaction_aborted','0','');
INSERT INTO item_preproc (item_preprocid,itemid,step,type,params,error_handler,error_handler_params) values ('69832','36760','1','12','$.prepared','0','');
INSERT INTO item_preproc (item_preprocid,itemid,step,type,params,error_handler,error_handler_params) values ('69833','36761','1','12','$.total','0','');
INSERT INTO item_preproc (item_preprocid,itemid,step,type,params,error_handler,error_handler_params) values ('69834','36762','1','12','$.total_pct','0','');
INSERT INTO item_preproc (item_preprocid,itemid,step,type,params,error_handler,error_handler_params) values ('69835','36763','1','12','$.waiting','0','');
INSERT INTO item_preproc (item_preprocid,itemid,step,type,params,error_handler,error_handler_params) values ('69836','36764','1','12','$.blk_read_time','0','');
INSERT INTO item_preproc (item_preprocid,itemid,step,type,params,error_handler,error_handler_params) values ('69837','36764','2','1','0.001','0','');
INSERT INTO item_preproc (item_preprocid,itemid,step,type,params,error_handler,error_handler_params) values ('69838','36765','1','12','$.count_files','0','');
INSERT INTO item_preproc (item_preprocid,itemid,step,type,params,error_handler,error_handler_params) values ('69839','36766','1','12','$.blks_hit','0','');
INSERT INTO item_preproc (item_preprocid,itemid,step,type,params,error_handler,error_handler_params) values ('69840','36766','2','10','','0','');
INSERT INTO item_preproc (item_preprocid,itemid,step,type,params,error_handler,error_handler_params) values ('69841','36767','1','12','$.write','0','');
INSERT INTO item_preproc (item_preprocid,itemid,step,type,params,error_handler,error_handler_params) values ('69842','36767','2','10','','0','');
INSERT INTO item_preproc (item_preprocid,itemid,step,type,params,error_handler,error_handler_params) values ('69843','36773','1','12','$[''{#DBNAME}''].tup_returned','0','');
INSERT INTO item_preproc (item_preprocid,itemid,step,type,params,error_handler,error_handler_params) values ('69844','36773','2','10','','0','');
INSERT INTO item_preproc (item_preprocid,itemid,step,type,params,error_handler,error_handler_params) values ('69845','36774','1','12','$[''{#DBNAME}''].shareupdateexclusive','0','');
INSERT INTO item_preproc (item_preprocid,itemid,step,type,params,error_handler,error_handler_params) values ('69846','36775','1','12','$[''{#DBNAME}''].sharerowexclusive','0','');
INSERT INTO item_preproc (item_preprocid,itemid,step,type,params,error_handler,error_handler_params) values ('69847','36776','1','12','$[''{#DBNAME}''].share','0','');
INSERT INTO item_preproc (item_preprocid,itemid,step,type,params,error_handler,error_handler_params) values ('69848','36777','1','12','$[''{#DBNAME}''].rowshare','0','');
INSERT INTO item_preproc (item_preprocid,itemid,step,type,params,error_handler,error_handler_params) values ('69849','36778','1','12','$[''{#DBNAME}''].rowexclusive','0','');
INSERT INTO item_preproc (item_preprocid,itemid,step,type,params,error_handler,error_handler_params) values ('69850','36779','1','12','$[''{#DBNAME}''].exclusive','0','');
INSERT INTO item_preproc (item_preprocid,itemid,step,type,params,error_handler,error_handler_params) values ('69851','36780','1','12','$[''{#DBNAME}''].accessshare','0','');
INSERT INTO item_preproc (item_preprocid,itemid,step,type,params,error_handler,error_handler_params) values ('69852','36781','1','12','$[''{#DBNAME}''].accessexclusive','0','');
INSERT INTO item_preproc (item_preprocid,itemid,step,type,params,error_handler,error_handler_params) values ('69853','36782','1','12','$[''{#DBNAME}''].xact_rollback','0','');
INSERT INTO item_preproc (item_preprocid,itemid,step,type,params,error_handler,error_handler_params) values ('69854','36782','2','10','','0','');
INSERT INTO item_preproc (item_preprocid,itemid,step,type,params,error_handler,error_handler_params) values ('69855','36783','1','12','$[''{#DBNAME}''].xact_commit','0','');
INSERT INTO item_preproc (item_preprocid,itemid,step,type,params,error_handler,error_handler_params) values ('69856','36783','2','10','','0','');
INSERT INTO item_preproc (item_preprocid,itemid,step,type,params,error_handler,error_handler_params) values ('69857','36784','1','12','$[''{#DBNAME}''].tup_updated','0','');
INSERT INTO item_preproc (item_preprocid,itemid,step,type,params,error_handler,error_handler_params) values ('69858','36784','2','10','','0','');
INSERT INTO item_preproc (item_preprocid,itemid,step,type,params,error_handler,error_handler_params) values ('69859','36785','1','12','$[''{#DBNAME}''].tup_fetched','0','');
INSERT INTO item_preproc (item_preprocid,itemid,step,type,params,error_handler,error_handler_params) values ('69860','36785','2','10','','0','');
INSERT INTO item_preproc (item_preprocid,itemid,step,type,params,error_handler,error_handler_params) values ('69861','36786','1','12','$[''{#DBNAME}''].tup_inserted','0','');
INSERT INTO item_preproc (item_preprocid,itemid,step,type,params,error_handler,error_handler_params) values ('69862','36786','2','10','','0','');
INSERT INTO item_preproc (item_preprocid,itemid,step,type,params,error_handler,error_handler_params) values ('69863','36787','1','12','$[''{#DBNAME}''].tup_deleted','0','');
INSERT INTO item_preproc (item_preprocid,itemid,step,type,params,error_handler,error_handler_params) values ('69864','36787','2','10','','0','');
INSERT INTO item_preproc (item_preprocid,itemid,step,type,params,error_handler,error_handler_params) values ('69865','36788','1','12','$[''{#DBNAME}''].temp_files','0','');
INSERT INTO item_preproc (item_preprocid,itemid,step,type,params,error_handler,error_handler_params) values ('69866','36788','2','10','','0','');
INSERT INTO item_preproc (item_preprocid,itemid,step,type,params,error_handler,error_handler_params) values ('69867','36789','1','12','$[''{#DBNAME}''].temp_bytes','0','');
INSERT INTO item_preproc (item_preprocid,itemid,step,type,params,error_handler,error_handler_params) values ('69868','36789','2','10','','0','');
INSERT INTO item_preproc (item_preprocid,itemid,step,type,params,error_handler,error_handler_params) values ('69869','36790','1','12','$[''{#DBNAME}''].numbackends','0','');
INSERT INTO item_preproc (item_preprocid,itemid,step,type,params,error_handler,error_handler_params) values ('69870','36791','1','12','$[''{#DBNAME}''].deadlocks','0','');
INSERT INTO item_preproc (item_preprocid,itemid,step,type,params,error_handler,error_handler_params) values ('69871','36791','2','10','','0','');
INSERT INTO item_preproc (item_preprocid,itemid,step,type,params,error_handler,error_handler_params) values ('69872','36792','1','12','$[''{#DBNAME}''].conflicts','0','');
INSERT INTO item_preproc (item_preprocid,itemid,step,type,params,error_handler,error_handler_params) values ('69873','36792','2','10','','0','');
INSERT INTO item_preproc (item_preprocid,itemid,step,type,params,error_handler,error_handler_params) values ('69874','36793','1','12','$[''{#DBNAME}''].checksum_failures','0','');
INSERT INTO item_preproc (item_preprocid,itemid,step,type,params,error_handler,error_handler_params) values ('69875','36793','2','14',E'^\\d*$','0','');
INSERT INTO item_preproc (item_preprocid,itemid,step,type,params,error_handler,error_handler_params) values ('69876','36793','3','10','','2','-1');
INSERT INTO item_preproc (item_preprocid,itemid,step,type,params,error_handler,error_handler_params) values ('69877','36794','1','12','$[''{#DBNAME}''].blks_read','0','');
INSERT INTO item_preproc (item_preprocid,itemid,step,type,params,error_handler,error_handler_params) values ('69878','36794','2','10','','0','');
INSERT INTO item_preproc (item_preprocid,itemid,step,type,params,error_handler,error_handler_params) values ('69879','36795','1','12','$[''{#DBNAME}''].blks_hit','0','');
INSERT INTO item_preproc (item_preprocid,itemid,step,type,params,error_handler,error_handler_params) values ('69880','36795','2','10','','0','');
INSERT INTO item_preproc (item_preprocid,itemid,step,type,params,error_handler,error_handler_params) values ('69881','36796','1','12','$[''{#DBNAME}''].blk_write_time','0','');
INSERT INTO item_preproc (item_preprocid,itemid,step,type,params,error_handler,error_handler_params) values ('69882','36796','2','1','0.001','0','');
INSERT INTO item_preproc (item_preprocid,itemid,step,type,params,error_handler,error_handler_params) values ('69883','36796','3','10','','0','');
INSERT INTO item_preproc (item_preprocid,itemid,step,type,params,error_handler,error_handler_params) values ('69884','36797','1','12','$[''{#DBNAME}''].blk_read_time','0','');
INSERT INTO item_preproc (item_preprocid,itemid,step,type,params,error_handler,error_handler_params) values ('69885','36797','2','1','0.001','0','');
INSERT INTO item_preproc (item_preprocid,itemid,step,type,params,error_handler,error_handler_params) values ('69886','36797','3','10','','0','');
INSERT INTO item_preproc (item_preprocid,itemid,step,type,params,error_handler,error_handler_params) values ('69887','36798','1','12','$[''{#DBNAME}''].total','0','');
INSERT INTO item_preproc (item_preprocid,itemid,step,type,params,error_handler,error_handler_params) values ('69888','36799','1','12','$[''{#APPLICATION_NAME}''].flush_lag','0','');
INSERT INTO item_preproc (item_preprocid,itemid,step,type,params,error_handler,error_handler_params) values ('69889','36800','1','12','$[''{#APPLICATION_NAME}''].replay_lag','0','');
INSERT INTO item_preproc (item_preprocid,itemid,step,type,params,error_handler,error_handler_params) values ('69890','36801','1','12','$[''{#APPLICATION_NAME}''].write_lag','0','');
INSERT INTO sysmap_shape (sysmap_shapeid,sysmapid,type,x,y,width,height,text,font,font_size,font_color,text_halign,text_valign,border_type,border_width,border_color,background_color,zindex) values ('1','1','0','0','0','680','15','{MAP.NAME}','9','11','000000','0','0','0','0','000000','','0');
INSERT INTO lld_macro_path (lld_macro_pathid,itemid,lld_macro,path) values ('1','29429','{#IFNAME}','$.labels.device');
INSERT INTO lld_macro_path (lld_macro_pathid,itemid,lld_macro,path) values ('2','29429','{#HELP}','$.help');
INSERT INTO lld_macro_path (lld_macro_pathid,itemid,lld_macro,path) values ('3','29429','{#IFALIAS}','$.labels.ifalias');
INSERT INTO lld_macro_path (lld_macro_pathid,itemid,lld_macro,path) values ('4','29429','{#IFOPERSTATUS}','$.labels.operstate');
INSERT INTO lld_macro_path (lld_macro_pathid,itemid,lld_macro,path) values ('5','29430','{#FSTYPE}','$.labels.fstype');
INSERT INTO lld_macro_path (lld_macro_pathid,itemid,lld_macro,path) values ('6','29430','{#FSNAME}','$.labels.mountpoint');
INSERT INTO lld_macro_path (lld_macro_pathid,itemid,lld_macro,path) values ('7','29430','{#FSDEVICE}','$.labels.device');
INSERT INTO lld_macro_path (lld_macro_pathid,itemid,lld_macro,path) values ('8','29430','{#HELP}','$.help');
INSERT INTO lld_macro_path (lld_macro_pathid,itemid,lld_macro,path) values ('9','29431','{#DEVNAME}','$.labels.device');
INSERT INTO lld_macro_path (lld_macro_pathid,itemid,lld_macro,path) values ('10','29431','{#HELP}','$.help');
INSERT INTO lld_macro_path (lld_macro_pathid,itemid,lld_macro,path) values ('38','29703','{#QUEUE}','$.name');
INSERT INTO lld_macro_path (lld_macro_pathid,itemid,lld_macro,path) values ('39','29703','{#VHOST}','$.vhost');
INSERT INTO lld_macro_path (lld_macro_pathid,itemid,lld_macro,path) values ('40','29703','{#NODE}','$.node');
INSERT INTO lld_macro_path (lld_macro_pathid,itemid,lld_macro,path) values ('41','29785','{#EXCHANGE}','$.name');
INSERT INTO lld_macro_path (lld_macro_pathid,itemid,lld_macro,path) values ('42','29785','{#TYPE}','$.type');
INSERT INTO lld_macro_path (lld_macro_pathid,itemid,lld_macro,path) values ('43','29785','{#VHOST}','$.vhost');
INSERT INTO lld_macro_path (lld_macro_pathid,itemid,lld_macro,path) values ('44','29786','{#QUEUE}','$.name');
INSERT INTO lld_macro_path (lld_macro_pathid,itemid,lld_macro,path) values ('45','29786','{#VHOST}','$.vhost');
INSERT INTO lld_macro_path (lld_macro_pathid,itemid,lld_macro,path) values ('46','29786','{#NODE}','$.node');
INSERT INTO lld_macro_path (lld_macro_pathid,itemid,lld_macro,path) values ('47','30026','{#EXCHANGE}','$.name');
INSERT INTO lld_macro_path (lld_macro_pathid,itemid,lld_macro,path) values ('48','30026','{#TYPE}','$.type');
INSERT INTO lld_macro_path (lld_macro_pathid,itemid,lld_macro,path) values ('49','30026','{#VHOST}','$.vhost');
INSERT INTO lld_macro_path (lld_macro_pathid,itemid,lld_macro,path) values ('50','30193','{#PXNAME}','$.pxname');
INSERT INTO lld_macro_path (lld_macro_pathid,itemid,lld_macro,path) values ('51','30193','{#SVNAME}','$.svname');
INSERT INTO lld_macro_path (lld_macro_pathid,itemid,lld_macro,path) values ('52','30194','{#PXNAME}','$.pxname');
INSERT INTO lld_macro_path (lld_macro_pathid,itemid,lld_macro,path) values ('53','30194','{#SVNAME}','$.svname');
INSERT INTO lld_macro_path (lld_macro_pathid,itemid,lld_macro,path) values ('54','30195','{#PXNAME}','$.pxname');
INSERT INTO lld_macro_path (lld_macro_pathid,itemid,lld_macro,path) values ('55','30195','{#SVNAME}','$.svname');
INSERT INTO lld_macro_path (lld_macro_pathid,itemid,lld_macro,path) values ('56','30236','{#PXNAME}','$.pxname');
INSERT INTO lld_macro_path (lld_macro_pathid,itemid,lld_macro,path) values ('57','30236','{#SVNAME}','$.svname');
INSERT INTO lld_macro_path (lld_macro_pathid,itemid,lld_macro,path) values ('58','30237','{#PXNAME}','$.pxname');
INSERT INTO lld_macro_path (lld_macro_pathid,itemid,lld_macro,path) values ('59','30237','{#SVNAME}','$.svname');
INSERT INTO lld_macro_path (lld_macro_pathid,itemid,lld_macro,path) values ('60','30238','{#PXNAME}','$.pxname');
INSERT INTO lld_macro_path (lld_macro_pathid,itemid,lld_macro,path) values ('61','30238','{#SVNAME}','$.svname');
INSERT INTO lld_macro_path (lld_macro_pathid,itemid,lld_macro,path) values ('62','30678','{#DATABASE}','$.Database');
INSERT INTO lld_macro_path (lld_macro_pathid,itemid,lld_macro,path) values ('63','30679','{#MASTER_HOST}','$.Master_Host');
INSERT INTO lld_macro_path (lld_macro_pathid,itemid,lld_macro,path) values ('64','30686','{#SENSOR_ID}','$.id');
INSERT INTO lld_macro_path (lld_macro_pathid,itemid,lld_macro,path) values ('65','30686','{#SENSOR_READING_TYPE}','$.reading.text');
INSERT INTO lld_macro_path (lld_macro_pathid,itemid,lld_macro,path) values ('66','30686','{#SENSOR_TYPE}','$.sensor.text');
INSERT INTO lld_macro_path (lld_macro_pathid,itemid,lld_macro,path) values ('67','30686','{#SENSOR_UNIT}','$.units');
INSERT INTO lld_macro_path (lld_macro_pathid,itemid,lld_macro,path) values ('68','30687','{#SENSOR_ID}','$.id');
INSERT INTO lld_macro_path (lld_macro_pathid,itemid,lld_macro,path) values ('69','30687','{#SENSOR_READING_TYPE}','$.reading.text');
INSERT INTO lld_macro_path (lld_macro_pathid,itemid,lld_macro,path) values ('70','30687','{#SENSOR_TYPE}','$.sensor.text');
INSERT INTO lld_macro_path (lld_macro_pathid,itemid,lld_macro,path) values ('71','30687','{#SENSOR_UNIT}','$.units');
INSERT INTO lld_macro_path (lld_macro_pathid,itemid,lld_macro,path) values ('72','30687','{#SENSOR_LO_WARN}','$.threshold.lower.non_crit');
INSERT INTO lld_macro_path (lld_macro_pathid,itemid,lld_macro,path) values ('73','30687','{#SENSOR_LO_CRIT}','$.threshold.lower.crit');
INSERT INTO lld_macro_path (lld_macro_pathid,itemid,lld_macro,path) values ('74','30687','{#SENSOR_LO_DISAST}','$.threshold.lower.non_recover');
INSERT INTO lld_macro_path (lld_macro_pathid,itemid,lld_macro,path) values ('75','30687','{#SENSOR_HI_WARN}','$.threshold.upper.non_crit');
INSERT INTO lld_macro_path (lld_macro_pathid,itemid,lld_macro,path) values ('76','30687','{#SENSOR_HI_CRIT}','$.threshold.upper.crit');
INSERT INTO lld_macro_path (lld_macro_pathid,itemid,lld_macro,path) values ('77','30687','{#SENSOR_HI_DISAST}','$.threshold.upper.non_recover');
INSERT INTO lld_macro_path (lld_macro_pathid,itemid,lld_macro,path) values ('78','30713','{#ES.NODE}','$..name.first()');
INSERT INTO lld_macro_path (lld_macro_pathid,itemid,lld_macro,path) values ('88','30193','{#MODE}','$.mode');
INSERT INTO lld_macro_path (lld_macro_pathid,itemid,lld_macro,path) values ('89','30194','{#MODE}','$.mode');
INSERT INTO lld_macro_path (lld_macro_pathid,itemid,lld_macro,path) values ('90','30195','{#MODE}','$.mode');
INSERT INTO lld_macro_path (lld_macro_pathid,itemid,lld_macro,path) values ('100','30236','{#MODE}','$.mode');
INSERT INTO lld_macro_path (lld_macro_pathid,itemid,lld_macro,path) values ('101','30237','{#MODE}','$.mode');
INSERT INTO lld_macro_path (lld_macro_pathid,itemid,lld_macro,path) values ('102','30238','{#MODE}','$.mode');
INSERT INTO lld_macro_path (lld_macro_pathid,itemid,lld_macro,path) values ('103','30874','{#NAME}','$.name');
INSERT INTO lld_macro_path (lld_macro_pathid,itemid,lld_macro,path) values ('104','30875','{#DB}','$.database');
INSERT INTO lld_macro_path (lld_macro_pathid,itemid,lld_macro,path) values ('105','30875','{#TABLE}','$.table');
INSERT INTO lld_macro_path (lld_macro_pathid,itemid,lld_macro,path) values ('106','30876','{#DB}','$.database');
INSERT INTO lld_macro_path (lld_macro_pathid,itemid,lld_macro,path) values ('107','30876','{#TABLE}','$.table');
INSERT INTO lld_macro_path (lld_macro_pathid,itemid,lld_macro,path) values ('108','30962','{#ETCD.PEER}','$.labels.To');
INSERT INTO lld_macro_path (lld_macro_pathid,itemid,lld_macro,path) values ('109','31005','{#APPPOOL}','$.Name');
INSERT INTO lld_macro_path (lld_macro_pathid,itemid,lld_macro,path) values ('110','31047','{#APPPOOL}','$.Name');
INSERT INTO lld_macro_path (lld_macro_pathid,itemid,lld_macro,path) values ('115','32879','{#EXCHANGE}','$.name');
INSERT INTO lld_macro_path (lld_macro_pathid,itemid,lld_macro,path) values ('116','32879','{#TYPE}','$.type');
INSERT INTO lld_macro_path (lld_macro_pathid,itemid,lld_macro,path) values ('117','32879','{#VHOST}','$.vhost');
INSERT INTO lld_macro_path (lld_macro_pathid,itemid,lld_macro,path) values ('118','32883','{#QUEUE}','$.name');
INSERT INTO lld_macro_path (lld_macro_pathid,itemid,lld_macro,path) values ('119','32883','{#VHOST}','$.vhost');
INSERT INTO lld_macro_path (lld_macro_pathid,itemid,lld_macro,path) values ('120','32883','{#NODE}','$.node');
INSERT INTO lld_macro_path (lld_macro_pathid,itemid,lld_macro,path) values ('121','32971','{#EXCHANGE}','$.name');
INSERT INTO lld_macro_path (lld_macro_pathid,itemid,lld_macro,path) values ('122','32971','{#TYPE}','$.type');
INSERT INTO lld_macro_path (lld_macro_pathid,itemid,lld_macro,path) values ('123','32971','{#VHOST}','$.vhost');
INSERT INTO lld_macro_path (lld_macro_pathid,itemid,lld_macro,path) values ('124','32975','{#QUEUE}','$.name');
INSERT INTO lld_macro_path (lld_macro_pathid,itemid,lld_macro,path) values ('125','32975','{#VHOST}','$.vhost');
INSERT INTO lld_macro_path (lld_macro_pathid,itemid,lld_macro,path) values ('126','32975','{#NODE}','$.node');
INSERT INTO lld_macro_path (lld_macro_pathid,itemid,lld_macro,path) values ('127','34099','{#SERVER}','$.properties.["server-config"]');
INSERT INTO lld_macro_path (lld_macro_pathid,itemid,lld_macro,path) values ('128','34099','{#JMXOBJ}','$.object');
INSERT INTO lld_macro_path (lld_macro_pathid,itemid,lld_macro,path) values ('129','34100','{#SERVER_GROUP}','$.properties.["server-group"]');
INSERT INTO lld_macro_path (lld_macro_pathid,itemid,lld_macro,path) values ('130','34100','{#DEPLOYMENT}','$.properties.deployment');
INSERT INTO lld_macro_path (lld_macro_pathid,itemid,lld_macro,path) values ('131','34100','{#JMXOBJ}','$.object');
INSERT INTO lld_macro_path (lld_macro_pathid,itemid,lld_macro,path) values ('132','34123','{#JMX_DATA_SOURCE}','$.properties.["data-source"]');
INSERT INTO lld_macro_path (lld_macro_pathid,itemid,lld_macro,path) values ('133','34123','{#JMXOBJ}','$.object');
INSERT INTO lld_macro_path (lld_macro_pathid,itemid,lld_macro,path) values ('134','34124','{#JMX_DATA_SOURCE}','$.properties.["data-source"]');
INSERT INTO lld_macro_path (lld_macro_pathid,itemid,lld_macro,path) values ('135','34124','{#JMXOBJ}','$.object');
INSERT INTO lld_macro_path (lld_macro_pathid,itemid,lld_macro,path) values ('136','34125','{#SERVER}','$.properties.["server"]');
INSERT INTO lld_macro_path (lld_macro_pathid,itemid,lld_macro,path) values ('137','34125','{#HTTP_LISTENER}','$.properties.["http-listener"]');
INSERT INTO lld_macro_path (lld_macro_pathid,itemid,lld_macro,path) values ('138','34125','{#JMXOBJ}','$.object');
INSERT INTO lld_macro_path (lld_macro_pathid,itemid,lld_macro,path) values ('139','34126','{#DEPLOYMENT}','$.properties.deployment');
INSERT INTO lld_macro_path (lld_macro_pathid,itemid,lld_macro,path) values ('140','34126','{#JMXOBJ}','$.object');
INSERT INTO lld_override (lld_overrideid,itemid,name,step,evaltype,formula,stop) values ('511','34217','Trigger disabled','1','0','','0');
INSERT INTO lld_override (lld_overrideid,itemid,name,step,evaltype,formula,stop) values ('512','34217','Trigger enabled','2','0','','0');
INSERT INTO lld_override (lld_overrideid,itemid,name,step,evaltype,formula,stop) values ('513','34218','Trigger disabled','1','0','','0');
INSERT INTO lld_override (lld_overrideid,itemid,name,step,evaltype,formula,stop) values ('514','34218','Trigger enabled','2','0','','0');
INSERT INTO lld_override (lld_overrideid,itemid,name,step,evaltype,formula,stop) values ('515','34250','Trigger disabled','1','0','','0');
INSERT INTO lld_override (lld_overrideid,itemid,name,step,evaltype,formula,stop) values ('516','34250','Trigger enabled','2','0','','0');
INSERT INTO lld_override (lld_overrideid,itemid,name,step,evaltype,formula,stop) values ('517','34294','Trigger disabled','1','0','','0');
INSERT INTO lld_override (lld_overrideid,itemid,name,step,evaltype,formula,stop) values ('518','34294','Trigger enabled','2','0','','0');
INSERT INTO lld_override (lld_overrideid,itemid,name,step,evaltype,formula,stop) values ('519','34328','Trigger disabled','1','0','','0');
INSERT INTO lld_override (lld_overrideid,itemid,name,step,evaltype,formula,stop) values ('520','34328','Trigger enabled','2','0','','0');
INSERT INTO lld_override (lld_overrideid,itemid,name,step,evaltype,formula,stop) values ('521','34329','Trigger disabled','1','0','','0');
INSERT INTO lld_override (lld_overrideid,itemid,name,step,evaltype,formula,stop) values ('522','34329','Trigger enabled','2','0','','0');
INSERT INTO lld_override (lld_overrideid,itemid,name,step,evaltype,formula,stop) values ('523','34395','Trigger disabled','1','0','','0');
INSERT INTO lld_override (lld_overrideid,itemid,name,step,evaltype,formula,stop) values ('524','34395','Trigger enabled','2','0','','0');
INSERT INTO lld_override (lld_overrideid,itemid,name,step,evaltype,formula,stop) values ('525','34396','Trigger disabled','1','0','','0');
INSERT INTO lld_override (lld_overrideid,itemid,name,step,evaltype,formula,stop) values ('526','34396','Trigger enabled','2','0','','0');
INSERT INTO lld_override (lld_overrideid,itemid,name,step,evaltype,formula,stop) values ('527','34462','Trigger disabled','1','0','','0');
INSERT INTO lld_override (lld_overrideid,itemid,name,step,evaltype,formula,stop) values ('528','34462','Trigger enabled','2','0','','0');
INSERT INTO lld_override (lld_overrideid,itemid,name,step,evaltype,formula,stop) values ('529','34463','Trigger disabled','1','0','','0');
INSERT INTO lld_override (lld_overrideid,itemid,name,step,evaltype,formula,stop) values ('530','34463','Trigger enabled','2','0','','0');
INSERT INTO lld_override (lld_overrideid,itemid,name,step,evaltype,formula,stop) values ('531','34495','Trigger disabled','1','0','','0');
INSERT INTO lld_override (lld_overrideid,itemid,name,step,evaltype,formula,stop) values ('532','34495','Trigger enabled','2','0','','0');
INSERT INTO lld_override (lld_overrideid,itemid,name,step,evaltype,formula,stop) values ('533','34534','Trigger disabled','1','0','','0');
INSERT INTO lld_override (lld_overrideid,itemid,name,step,evaltype,formula,stop) values ('534','34534','Trigger enabled','2','0','','0');
INSERT INTO lld_override (lld_overrideid,itemid,name,step,evaltype,formula,stop) values ('535','34578','Trigger disabled','1','0','','0');
INSERT INTO lld_override (lld_overrideid,itemid,name,step,evaltype,formula,stop) values ('536','34578','Trigger enabled','2','0','','0');
INSERT INTO lld_override (lld_overrideid,itemid,name,step,evaltype,formula,stop) values ('537','34622','Trigger disabled','1','0','','0');
INSERT INTO lld_override (lld_overrideid,itemid,name,step,evaltype,formula,stop) values ('538','34622','Trigger enabled','2','0','','0');
INSERT INTO lld_override (lld_overrideid,itemid,name,step,evaltype,formula,stop) values ('539','34666','Trigger disabled','1','0','','0');
INSERT INTO lld_override (lld_overrideid,itemid,name,step,evaltype,formula,stop) values ('540','34666','Trigger enabled','2','0','','0');
INSERT INTO lld_override (lld_overrideid,itemid,name,step,evaltype,formula,stop) values ('541','34711','Trigger disabled','1','0','','0');
INSERT INTO lld_override (lld_overrideid,itemid,name,step,evaltype,formula,stop) values ('542','34711','Trigger enabled','2','0','','0');
INSERT INTO lld_override (lld_overrideid,itemid,name,step,evaltype,formula,stop) values ('543','34756','Trigger disabled','1','0','','0');
INSERT INTO lld_override (lld_overrideid,itemid,name,step,evaltype,formula,stop) values ('544','34756','Trigger enabled','2','0','','0');
INSERT INTO lld_override (lld_overrideid,itemid,name,step,evaltype,formula,stop) values ('545','34801','Trigger disabled','1','0','','0');
INSERT INTO lld_override (lld_overrideid,itemid,name,step,evaltype,formula,stop) values ('546','34801','Trigger enabled','2','0','','0');
INSERT INTO lld_override (lld_overrideid,itemid,name,step,evaltype,formula,stop) values ('956','30961','trigger','1','0','','0');
INSERT INTO lld_override (lld_overrideid,itemid,name,step,evaltype,formula,stop) values ('957','30193','Discard HTTP status codes','1','0','','0');
INSERT INTO lld_override (lld_overrideid,itemid,name,step,evaltype,formula,stop) values ('958','30194','Discard HTTP status codes','1','0','','0');
INSERT INTO lld_override (lld_overrideid,itemid,name,step,evaltype,formula,stop) values ('959','30195','Discard HTTP status codes','1','0','','0');
INSERT INTO lld_override (lld_overrideid,itemid,name,step,evaltype,formula,stop) values ('960','30236','Discard HTTP status codes','1','0','','0');
INSERT INTO lld_override (lld_overrideid,itemid,name,step,evaltype,formula,stop) values ('961','30237','Discard HTTP status codes','1','0','','0');
INSERT INTO lld_override (lld_overrideid,itemid,name,step,evaltype,formula,stop) values ('962','30238','Discard HTTP status codes','1','0','','0');
INSERT INTO lld_override (lld_overrideid,itemid,name,step,evaltype,formula,stop) values ('963','33063','Primary metrics','1','0','','0');
INSERT INTO lld_override (lld_overrideid,itemid,name,step,evaltype,formula,stop) values ('964','33063','Arbiter metrics','2','0','','0');
INSERT INTO lld_override (lld_overrideid,itemid,name,step,evaltype,formula,stop) values ('965','32742','ID filter','1','0','','0');
INSERT INTO lld_override (lld_overrideid,itemid,name,step,evaltype,formula,stop) values ('966','32743','Self-test','1','0','','0');
INSERT INTO lld_override (lld_overrideid,itemid,name,step,evaltype,formula,stop) values ('967','32743','Not NVMe','2','0','','0');
INSERT INTO lld_override (lld_overrideid,itemid,name,step,evaltype,formula,stop) values ('968','32754','ID filter','1','0','','0');
INSERT INTO lld_override (lld_overrideid,itemid,name,step,evaltype,formula,stop) values ('969','32755','Self-test','1','0','','0');
INSERT INTO lld_override (lld_overrideid,itemid,name,step,evaltype,formula,stop) values ('970','32755','Not NVMe','2','0','','0');
INSERT INTO lld_override (lld_overrideid,itemid,name,step,evaltype,formula,stop) values ('971','28306','trigger THRESHOLD_LO_WARN','1','0','','0');
INSERT INTO lld_override (lld_overrideid,itemid,name,step,evaltype,formula,stop) values ('972','28306','trigger THRESHOLD_LO_CRIT','2','0','','0');
INSERT INTO lld_override (lld_overrideid,itemid,name,step,evaltype,formula,stop) values ('973','28306','trigger THRESHOLD_HI_WARN','3','0','','0');
INSERT INTO lld_override (lld_overrideid,itemid,name,step,evaltype,formula,stop) values ('974','28306','trigger THRESHOLD_HI_CRIT','4','0','','0');
INSERT INTO lld_override (lld_overrideid,itemid,name,step,evaltype,formula,stop) values ('975','28307','trigger THRESHOLD_LO_WARN','1','0','','0');
INSERT INTO lld_override (lld_overrideid,itemid,name,step,evaltype,formula,stop) values ('976','28307','trigger THRESHOLD_LO_CRIT','2','0','','0');
INSERT INTO lld_override (lld_overrideid,itemid,name,step,evaltype,formula,stop) values ('977','28307','trigger THRESHOLD_HI_WARN','3','0','','0');
INSERT INTO lld_override (lld_overrideid,itemid,name,step,evaltype,formula,stop) values ('978','28307','trigger THRESHOLD_HI_CRIT','4','0','','0');
INSERT INTO lld_override (lld_overrideid,itemid,name,step,evaltype,formula,stop) values ('979','32306','trigger THRESHOLD_LO_WARN','1','0','','0');
INSERT INTO lld_override (lld_overrideid,itemid,name,step,evaltype,formula,stop) values ('980','32306','trigger THRESHOLD_LO_CRIT','2','0','','0');
INSERT INTO lld_override (lld_overrideid,itemid,name,step,evaltype,formula,stop) values ('981','32306','trigger THRESHOLD_HI_WARN','3','0','','0');
INSERT INTO lld_override (lld_overrideid,itemid,name,step,evaltype,formula,stop) values ('982','32306','trigger THRESHOLD_HI_CRIT','4','0','','0');
INSERT INTO lld_override (lld_overrideid,itemid,name,step,evaltype,formula,stop) values ('983','35911','Don''t create triggers for matching interface','1','0','','0');
INSERT INTO lld_override (lld_overrideid,itemid,name,step,evaltype,formula,stop) values ('984','35961','Don''t create triggers for matching interface','1','0','','0');
INSERT INTO lld_override (lld_overrideid,itemid,name,step,evaltype,formula,stop) values ('985','35962','Don''t create triggers for matching interface','1','0','','0');
INSERT INTO lld_override (lld_overrideid,itemid,name,step,evaltype,formula,stop) values ('986','35994','Don''t create triggers for matching interface','1','0','','0');
INSERT INTO lld_override (lld_overrideid,itemid,name,step,evaltype,formula,stop) values ('987','36038','Don''t create triggers for matching interface','1','0','','0');
INSERT INTO lld_override (lld_overrideid,itemid,name,step,evaltype,formula,stop) values ('988','36072','Don''t create triggers for matching interface','1','0','','0');
INSERT INTO lld_override (lld_overrideid,itemid,name,step,evaltype,formula,stop) values ('989','36073','Don''t create triggers for matching interface','1','0','','0');
INSERT INTO lld_override (lld_overrideid,itemid,name,step,evaltype,formula,stop) values ('990','36139','Don''t create triggers for matching interface','1','0','','0');
INSERT INTO lld_override (lld_overrideid,itemid,name,step,evaltype,formula,stop) values ('991','36140','Don''t create triggers for matching interface','1','0','','0');
INSERT INTO lld_override (lld_overrideid,itemid,name,step,evaltype,formula,stop) values ('992','36206','Don''t create triggers for matching interface','1','0','','0');
INSERT INTO lld_override (lld_overrideid,itemid,name,step,evaltype,formula,stop) values ('993','36207','Trigger disabled','1','0','','0');
INSERT INTO lld_override (lld_overrideid,itemid,name,step,evaltype,formula,stop) values ('994','36207','Trigger enabled','2','0','','0');
INSERT INTO lld_override (lld_overrideid,itemid,name,step,evaltype,formula,stop) values ('995','36239','Don''t create triggers for matching interface','1','0','','0');
INSERT INTO lld_override (lld_overrideid,itemid,name,step,evaltype,formula,stop) values ('996','36278','Don''t create triggers for matching interface','1','0','','0');
INSERT INTO lld_override (lld_overrideid,itemid,name,step,evaltype,formula,stop) values ('997','36322','Don''t create triggers for matching interface','1','0','','0');
INSERT INTO lld_override (lld_overrideid,itemid,name,step,evaltype,formula,stop) values ('998','36366','Don''t create triggers for matching interface','1','0','','0');
INSERT INTO lld_override (lld_overrideid,itemid,name,step,evaltype,formula,stop) values ('999','36410','Don''t create triggers for matching interface','1','0','','0');
INSERT INTO lld_override (lld_overrideid,itemid,name,step,evaltype,formula,stop) values ('1000','36455','Don''t create triggers for matching interface','1','0','','0');
INSERT INTO lld_override (lld_overrideid,itemid,name,step,evaltype,formula,stop) values ('1001','36500','Don''t create triggers for matching interface','1','0','','0');
INSERT INTO lld_override (lld_overrideid,itemid,name,step,evaltype,formula,stop) values ('1002','36545','Don''t create triggers for matching interface','1','0','','0');
INSERT INTO lld_override (lld_overrideid,itemid,name,step,evaltype,formula,stop) values ('1003','33598','Temp','1','0','','0');
INSERT INTO lld_override (lld_overrideid,itemid,name,step,evaltype,formula,stop) values ('1004','33599','Temp','1','0','','0');
INSERT INTO lld_override (lld_overrideid,itemid,name,step,evaltype,formula,stop) values ('1005','33649','Temp','1','0','','0');
INSERT INTO lld_override (lld_overrideid,itemid,name,step,evaltype,formula,stop) values ('1006','33650','Temp','1','0','','0');
INSERT INTO lld_override (lld_overrideid,itemid,name,step,evaltype,formula,stop) values ('1007','33700','Temp','1','0','','0');
INSERT INTO lld_override (lld_overrideid,itemid,name,step,evaltype,formula,stop) values ('1008','33701','Temp','1','0','','0');
INSERT INTO lld_override (lld_overrideid,itemid,name,step,evaltype,formula,stop) values ('1009','33751','Temp','1','0','','0');
INSERT INTO lld_override (lld_overrideid,itemid,name,step,evaltype,formula,stop) values ('1010','33752','Temp','1','0','','0');
INSERT INTO lld_override (lld_overrideid,itemid,name,step,evaltype,formula,stop) values ('1011','33802','Temp','1','0','','0');
INSERT INTO lld_override (lld_overrideid,itemid,name,step,evaltype,formula,stop) values ('1012','33803','Temp','1','0','','0');
INSERT INTO lld_override (lld_overrideid,itemid,name,step,evaltype,formula,stop) values ('1013','33853','Temp','1','0','','0');
INSERT INTO lld_override (lld_overrideid,itemid,name,step,evaltype,formula,stop) values ('1014','33854','Temp','1','0','','0');
INSERT INTO lld_override (lld_overrideid,itemid,name,step,evaltype,formula,stop) values ('1015','33904','Temp','1','0','','0');
INSERT INTO lld_override (lld_overrideid,itemid,name,step,evaltype,formula,stop) values ('1016','33905','Temp','1','0','','0');
INSERT INTO lld_override (lld_overrideid,itemid,name,step,evaltype,formula,stop) values ('1017','33462','Temp','1','0','','0');
INSERT INTO lld_override (lld_overrideid,itemid,name,step,evaltype,formula,stop) values ('1018','33463','Temp','1','0','','0');
INSERT INTO lld_override (lld_overrideid,itemid,name,step,evaltype,formula,stop) values ('1019','33960','Temp','1','0','','0');
INSERT INTO lld_override (lld_overrideid,itemid,name,step,evaltype,formula,stop) values ('1020','33961','Temp','1','0','','0');
INSERT INTO lld_override (lld_overrideid,itemid,name,step,evaltype,formula,stop) values ('1021','34011','Temp','1','0','','0');
INSERT INTO lld_override (lld_overrideid,itemid,name,step,evaltype,formula,stop) values ('1022','34012','Temp','1','0','','0');
INSERT INTO lld_override (lld_overrideid,itemid,name,step,evaltype,formula,stop) values ('1023','34062','Temp','1','0','','0');
INSERT INTO lld_override (lld_overrideid,itemid,name,step,evaltype,formula,stop) values ('1024','34063','Temp','1','0','','0');
INSERT INTO lld_override (lld_overrideid,itemid,name,step,evaltype,formula,stop) values ('1025','32618','Do not discover aggregate metrics','1','0','','0');
INSERT INTO lld_override (lld_overrideid,itemid,name,step,evaltype,formula,stop) values ('1026','30687','trigger SENSOR_LO_WARN','1','0','','0');
INSERT INTO lld_override (lld_overrideid,itemid,name,step,evaltype,formula,stop) values ('1027','30687','trigger SENSOR_LO_CRIT','2','0','','0');
INSERT INTO lld_override (lld_overrideid,itemid,name,step,evaltype,formula,stop) values ('1028','30687','trigger SENSOR_LO_DISAST','3','0','','0');
INSERT INTO lld_override (lld_overrideid,itemid,name,step,evaltype,formula,stop) values ('1029','30687','trigger SENSOR_HI_WARN','4','0','','0');
INSERT INTO lld_override (lld_overrideid,itemid,name,step,evaltype,formula,stop) values ('1030','30687','trigger SENSOR_HI_CRIT','5','0','','0');
INSERT INTO lld_override (lld_overrideid,itemid,name,step,evaltype,formula,stop) values ('1031','30687','trigger SENSOR_HI_DISAST','6','0','','0');
INSERT INTO lld_override_condition (lld_override_conditionid,lld_overrideid,operator,macro,value) values ('441','511','8','{#ZYXEL.IF.NAME}','.*');
INSERT INTO lld_override_condition (lld_override_conditionid,lld_overrideid,operator,macro,value) values ('442','512','8','{#ZYXEL.IF.NAME}','{$ZYXEL.LLD.FILTER.IF.CONTROL.MATCHES}');
INSERT INTO lld_override_condition (lld_override_conditionid,lld_overrideid,operator,macro,value) values ('443','513','8','{#ZYXEL.IF.NAME}','.*');
INSERT INTO lld_override_condition (lld_override_conditionid,lld_overrideid,operator,macro,value) values ('444','514','8','{#ZYXEL.IF.NAME}','{$ZYXEL.LLD.FILTER.IF.CONTROL.MATCHES}');
INSERT INTO lld_override_condition (lld_override_conditionid,lld_overrideid,operator,macro,value) values ('445','515','8','{#ZYXEL.IF.NAME}','.*');
INSERT INTO lld_override_condition (lld_override_conditionid,lld_overrideid,operator,macro,value) values ('446','516','8','{#ZYXEL.IF.NAME}','{$ZYXEL.LLD.FILTER.IF.CONTROL.MATCHES}');
INSERT INTO lld_override_condition (lld_override_conditionid,lld_overrideid,operator,macro,value) values ('447','517','8','{#ZYXEL.IF.NAME}','.*');
INSERT INTO lld_override_condition (lld_override_conditionid,lld_overrideid,operator,macro,value) values ('448','518','8','{#ZYXEL.IF.NAME}','{$ZYXEL.LLD.FILTER.IF.CONTROL.MATCHES}');
INSERT INTO lld_override_condition (lld_override_conditionid,lld_overrideid,operator,macro,value) values ('449','519','8','{#ZYXEL.IF.NAME}','.*');
INSERT INTO lld_override_condition (lld_override_conditionid,lld_overrideid,operator,macro,value) values ('450','520','8','{#ZYXEL.IF.NAME}','{$ZYXEL.LLD.FILTER.IF.CONTROL.MATCHES}');
INSERT INTO lld_override_condition (lld_override_conditionid,lld_overrideid,operator,macro,value) values ('451','521','8','{#ZYXEL.IF.NAME}','.*');
INSERT INTO lld_override_condition (lld_override_conditionid,lld_overrideid,operator,macro,value) values ('452','522','8','{#ZYXEL.IF.NAME}','{$ZYXEL.LLD.FILTER.IF.CONTROL.MATCHES}');
INSERT INTO lld_override_condition (lld_override_conditionid,lld_overrideid,operator,macro,value) values ('453','523','8','{#ZYXEL.IF.NAME}','.*');
INSERT INTO lld_override_condition (lld_override_conditionid,lld_overrideid,operator,macro,value) values ('454','524','8','{#ZYXEL.IF.NAME}','{$ZYXEL.LLD.FILTER.IF.CONTROL.MATCHES}');
INSERT INTO lld_override_condition (lld_override_conditionid,lld_overrideid,operator,macro,value) values ('455','525','8','{#ZYXEL.IF.NAME}','.*');
INSERT INTO lld_override_condition (lld_override_conditionid,lld_overrideid,operator,macro,value) values ('456','526','8','{#ZYXEL.IF.NAME}','{$ZYXEL.LLD.FILTER.IF.CONTROL.MATCHES}');
INSERT INTO lld_override_condition (lld_override_conditionid,lld_overrideid,operator,macro,value) values ('457','527','8','{#ZYXEL.IF.NAME}','.*');
INSERT INTO lld_override_condition (lld_override_conditionid,lld_overrideid,operator,macro,value) values ('458','528','8','{#ZYXEL.IF.NAME}','{$ZYXEL.LLD.FILTER.IF.CONTROL.MATCHES}');
INSERT INTO lld_override_condition (lld_override_conditionid,lld_overrideid,operator,macro,value) values ('459','529','8','{#ZYXEL.IF.NAME}','.*');
INSERT INTO lld_override_condition (lld_override_conditionid,lld_overrideid,operator,macro,value) values ('460','530','8','{#ZYXEL.IF.NAME}','{$ZYXEL.LLD.FILTER.IF.CONTROL.MATCHES}');
INSERT INTO lld_override_condition (lld_override_conditionid,lld_overrideid,operator,macro,value) values ('461','531','8','{#ZYXEL.IF.NAME}','.*');
INSERT INTO lld_override_condition (lld_override_conditionid,lld_overrideid,operator,macro,value) values ('462','532','8','{#ZYXEL.IF.NAME}','{$ZYXEL.LLD.FILTER.IF.CONTROL.MATCHES}');
INSERT INTO lld_override_condition (lld_override_conditionid,lld_overrideid,operator,macro,value) values ('463','533','8','{#ZYXEL.IF.NAME}','.*');
INSERT INTO lld_override_condition (lld_override_conditionid,lld_overrideid,operator,macro,value) values ('464','534','8','{#ZYXEL.IF.NAME}','{$ZYXEL.LLD.FILTER.IF.CONTROL.MATCHES}');
INSERT INTO lld_override_condition (lld_override_conditionid,lld_overrideid,operator,macro,value) values ('465','535','8','{#ZYXEL.IF.NAME}','.*');
INSERT INTO lld_override_condition (lld_override_conditionid,lld_overrideid,operator,macro,value) values ('466','536','8','{#ZYXEL.IF.NAME}','{$ZYXEL.LLD.FILTER.IF.CONTROL.MATCHES}');
INSERT INTO lld_override_condition (lld_override_conditionid,lld_overrideid,operator,macro,value) values ('467','537','8','{#ZYXEL.IF.NAME}','.*');
INSERT INTO lld_override_condition (lld_override_conditionid,lld_overrideid,operator,macro,value) values ('468','538','8','{#ZYXEL.IF.NAME}','{$ZYXEL.LLD.FILTER.IF.CONTROL.MATCHES}');
INSERT INTO lld_override_condition (lld_override_conditionid,lld_overrideid,operator,macro,value) values ('469','539','8','{#ZYXEL.IF.NAME}','.*');
INSERT INTO lld_override_condition (lld_override_conditionid,lld_overrideid,operator,macro,value) values ('470','540','8','{#ZYXEL.IF.NAME}','{$ZYXEL.LLD.FILTER.IF.CONTROL.MATCHES}');
INSERT INTO lld_override_condition (lld_override_conditionid,lld_overrideid,operator,macro,value) values ('471','541','8','{#ZYXEL.IF.NAME}','.*');
INSERT INTO lld_override_condition (lld_override_conditionid,lld_overrideid,operator,macro,value) values ('472','542','8','{#ZYXEL.IF.NAME}','{$ZYXEL.LLD.FILTER.IF.CONTROL.MATCHES}');
INSERT INTO lld_override_condition (lld_override_conditionid,lld_overrideid,operator,macro,value) values ('473','543','8','{#ZYXEL.IF.NAME}','.*');
INSERT INTO lld_override_condition (lld_override_conditionid,lld_overrideid,operator,macro,value) values ('474','544','8','{#ZYXEL.IF.NAME}','{$ZYXEL.LLD.FILTER.IF.CONTROL.MATCHES}');
INSERT INTO lld_override_condition (lld_override_conditionid,lld_overrideid,operator,macro,value) values ('475','545','8','{#ZYXEL.IF.NAME}','.*');
INSERT INTO lld_override_condition (lld_override_conditionid,lld_overrideid,operator,macro,value) values ('476','546','8','{#ZYXEL.IF.NAME}','{$ZYXEL.LLD.FILTER.IF.CONTROL.MATCHES}');
INSERT INTO lld_override_condition (lld_override_conditionid,lld_overrideid,operator,macro,value) values ('860','956','8','{#GRPC.CODE}','{$ETCD.GRPC_CODE.TRIGGER.MATCHES}');
INSERT INTO lld_override_condition (lld_override_conditionid,lld_overrideid,operator,macro,value) values ('861','957','8','{#MODE}','tcp');
INSERT INTO lld_override_condition (lld_override_conditionid,lld_overrideid,operator,macro,value) values ('862','958','8','{#MODE}','tcp');
INSERT INTO lld_override_condition (lld_override_conditionid,lld_overrideid,operator,macro,value) values ('863','959','8','{#MODE}','tcp');
INSERT INTO lld_override_condition (lld_override_conditionid,lld_overrideid,operator,macro,value) values ('864','960','8','{#MODE}','tcp');
INSERT INTO lld_override_condition (lld_override_conditionid,lld_overrideid,operator,macro,value) values ('865','961','8','{#MODE}','tcp');
INSERT INTO lld_override_condition (lld_override_conditionid,lld_overrideid,operator,macro,value) values ('866','962','8','{#MODE}','tcp');
INSERT INTO lld_override_condition (lld_override_conditionid,lld_overrideid,operator,macro,value) values ('867','963','8','{#NODE_STATE}','1');
INSERT INTO lld_override_condition (lld_override_conditionid,lld_overrideid,operator,macro,value) values ('868','964','8','{#NODE_STATE}','7');
INSERT INTO lld_override_condition (lld_override_conditionid,lld_overrideid,operator,macro,value) values ('869','965','8','{#ID}','{$SMART.ATTRIBUTE.ID.MATCHES}');
INSERT INTO lld_override_condition (lld_override_conditionid,lld_overrideid,operator,macro,value) values ('870','965','8','{#NAME}','{$SMART.DISK.NAME.MATCHES}');
INSERT INTO lld_override_condition (lld_override_conditionid,lld_overrideid,operator,macro,value) values ('871','966','8','{#DISKTYPE}','nvme');
INSERT INTO lld_override_condition (lld_override_conditionid,lld_overrideid,operator,macro,value) values ('872','967','9','{#DISKTYPE}','nvme');
INSERT INTO lld_override_condition (lld_override_conditionid,lld_overrideid,operator,macro,value) values ('873','968','8','{#ID}','{$SMART.ATTRIBUTE.ID.MATCHES}');
INSERT INTO lld_override_condition (lld_override_conditionid,lld_overrideid,operator,macro,value) values ('874','968','8','{#NAME}','{$SMART.DISK.NAME.MATCHES}');
INSERT INTO lld_override_condition (lld_override_conditionid,lld_overrideid,operator,macro,value) values ('875','969','8','{#DISKTYPE}','nvme');
INSERT INTO lld_override_condition (lld_override_conditionid,lld_overrideid,operator,macro,value) values ('876','970','9','{#DISKTYPE}','nvme');
INSERT INTO lld_override_condition (lld_override_conditionid,lld_overrideid,operator,macro,value) values ('877','971','8','{#THRESHOLD_LO_WARN}','^$');
INSERT INTO lld_override_condition (lld_override_conditionid,lld_overrideid,operator,macro,value) values ('878','972','8','{#THRESHOLD_LO_CRIT}','^$');
INSERT INTO lld_override_condition (lld_override_conditionid,lld_overrideid,operator,macro,value) values ('879','973','8','{#THRESHOLD_HI_WARN}','^$');
INSERT INTO lld_override_condition (lld_override_conditionid,lld_overrideid,operator,macro,value) values ('880','974','8','{#THRESHOLD_HI_CRIT}','^$');
INSERT INTO lld_override_condition (lld_override_conditionid,lld_overrideid,operator,macro,value) values ('881','975','8','{#THRESHOLD_LO_WARN}','^$');
INSERT INTO lld_override_condition (lld_override_conditionid,lld_overrideid,operator,macro,value) values ('882','976','8','{#THRESHOLD_LO_CRIT}','^$');
INSERT INTO lld_override_condition (lld_override_conditionid,lld_overrideid,operator,macro,value) values ('883','977','8','{#THRESHOLD_HI_WARN}','^$');
INSERT INTO lld_override_condition (lld_override_conditionid,lld_overrideid,operator,macro,value) values ('884','978','8','{#THRESHOLD_HI_CRIT}','^$');
INSERT INTO lld_override_condition (lld_override_conditionid,lld_overrideid,operator,macro,value) values ('885','979','8','{#THRESHOLD_LO_WARN}','^$');
INSERT INTO lld_override_condition (lld_override_conditionid,lld_overrideid,operator,macro,value) values ('886','980','8','{#THRESHOLD_LO_CRIT}','^$');
INSERT INTO lld_override_condition (lld_override_conditionid,lld_overrideid,operator,macro,value) values ('887','981','8','{#THRESHOLD_HI_WARN}','^$');
INSERT INTO lld_override_condition (lld_override_conditionid,lld_overrideid,operator,macro,value) values ('888','982','8','{#THRESHOLD_HI_CRIT}','^$');
INSERT INTO lld_override_condition (lld_override_conditionid,lld_overrideid,operator,macro,value) values ('889','983','9','{#CISCO.IF.NAME}','{$CISCO.LLD.FILTER.IF.CONTROL.MATCHES}');
INSERT INTO lld_override_condition (lld_override_conditionid,lld_overrideid,operator,macro,value) values ('890','984','9','{#ZYXEL.IF.NAME}','{$ZYXEL.LLD.FILTER.IF.CONTROL.MATCHES}');
INSERT INTO lld_override_condition (lld_override_conditionid,lld_overrideid,operator,macro,value) values ('891','985','9','{#ZYXEL.IF.NAME}','{$ZYXEL.LLD.FILTER.IF.CONTROL.MATCHES}');
INSERT INTO lld_override_condition (lld_override_conditionid,lld_overrideid,operator,macro,value) values ('892','986','9','{#ZYXEL.IF.NAME}','{$ZYXEL.LLD.FILTER.IF.CONTROL.MATCHES}');
INSERT INTO lld_override_condition (lld_override_conditionid,lld_overrideid,operator,macro,value) values ('893','987','9','{#ZYXEL.IF.NAME}','{$ZYXEL.LLD.FILTER.IF.CONTROL.MATCHES}');
INSERT INTO lld_override_condition (lld_override_conditionid,lld_overrideid,operator,macro,value) values ('894','988','9','{#ZYXEL.IF.NAME}','{$ZYXEL.LLD.FILTER.IF.CONTROL.MATCHES}');
INSERT INTO lld_override_condition (lld_override_conditionid,lld_overrideid,operator,macro,value) values ('895','989','9','{#ZYXEL.IF.NAME}','{$ZYXEL.LLD.FILTER.IF.CONTROL.MATCHES}');
INSERT INTO lld_override_condition (lld_override_conditionid,lld_overrideid,operator,macro,value) values ('896','990','9','{#ZYXEL.IF.NAME}','{$ZYXEL.LLD.FILTER.IF.CONTROL.MATCHES}');
INSERT INTO lld_override_condition (lld_override_conditionid,lld_overrideid,operator,macro,value) values ('897','991','9','{#ZYXEL.IF.NAME}','{$ZYXEL.LLD.FILTER.IF.CONTROL.MATCHES}');
INSERT INTO lld_override_condition (lld_override_conditionid,lld_overrideid,operator,macro,value) values ('898','992','9','{#ZYXEL.IF.NAME}','{$ZYXEL.LLD.FILTER.IF.CONTROL.MATCHES}');
INSERT INTO lld_override_condition (lld_override_conditionid,lld_overrideid,operator,macro,value) values ('899','993','8','{#ZYXEL.IF.NAME}','.*');
INSERT INTO lld_override_condition (lld_override_conditionid,lld_overrideid,operator,macro,value) values ('900','994','8','{#ZYXEL.IF.NAME}','{$ZYXEL.LLD.FILTER.IF.CONTROL.MATCHES}');
INSERT INTO lld_override_condition (lld_override_conditionid,lld_overrideid,operator,macro,value) values ('901','995','9','{#ZYXEL.IF.NAME}','{$ZYXEL.LLD.FILTER.IF.CONTROL.MATCHES}');
INSERT INTO lld_override_condition (lld_override_conditionid,lld_overrideid,operator,macro,value) values ('902','996','9','{#ZYXEL.IF.NAME}','{$ZYXEL.LLD.FILTER.IF.CONTROL.MATCHES}');
INSERT INTO lld_override_condition (lld_override_conditionid,lld_overrideid,operator,macro,value) values ('903','997','9','{#ZYXEL.IF.NAME}','{$ZYXEL.LLD.FILTER.IF.CONTROL.MATCHES}');
INSERT INTO lld_override_condition (lld_override_conditionid,lld_overrideid,operator,macro,value) values ('904','998','9','{#ZYXEL.IF.NAME}','{$ZYXEL.LLD.FILTER.IF.CONTROL.MATCHES}');
INSERT INTO lld_override_condition (lld_override_conditionid,lld_overrideid,operator,macro,value) values ('905','999','9','{#ZYXEL.IF.NAME}','{$ZYXEL.LLD.FILTER.IF.CONTROL.MATCHES}');
INSERT INTO lld_override_condition (lld_override_conditionid,lld_overrideid,operator,macro,value) values ('906','1000','9','{#ZYXEL.IF.NAME}','{$ZYXEL.LLD.FILTER.IF.CONTROL.MATCHES}');
INSERT INTO lld_override_condition (lld_override_conditionid,lld_overrideid,operator,macro,value) values ('907','1001','9','{#ZYXEL.IF.NAME}','{$ZYXEL.LLD.FILTER.IF.CONTROL.MATCHES}');
INSERT INTO lld_override_condition (lld_override_conditionid,lld_overrideid,operator,macro,value) values ('908','1002','9','{#ZYXEL.IF.NAME}','{$ZYXEL.LLD.FILTER.IF.CONTROL.MATCHES}');
INSERT INTO lld_override_condition (lld_override_conditionid,lld_overrideid,operator,macro,value) values ('909','1003','8','{#EXTERNAL_SENSOR1_NAME}','Temp');
INSERT INTO lld_override_condition (lld_override_conditionid,lld_overrideid,operator,macro,value) values ('910','1004','8','{#EXTERNAL_SENSOR2_NAME}','Temp');
INSERT INTO lld_override_condition (lld_override_conditionid,lld_overrideid,operator,macro,value) values ('911','1005','8','{#EXTERNAL_SENSOR1_NAME}','Temp');
INSERT INTO lld_override_condition (lld_override_conditionid,lld_overrideid,operator,macro,value) values ('912','1006','8','{#EXTERNAL_SENSOR2_NAME}','Temp');
INSERT INTO lld_override_condition (lld_override_conditionid,lld_overrideid,operator,macro,value) values ('913','1007','8','{#EXTERNAL_SENSOR1_NAME}','Temp');
INSERT INTO lld_override_condition (lld_override_conditionid,lld_overrideid,operator,macro,value) values ('914','1008','8','{#EXTERNAL_SENSOR2_NAME}','Temp');
INSERT INTO lld_override_condition (lld_override_conditionid,lld_overrideid,operator,macro,value) values ('915','1009','8','{#EXTERNAL_SENSOR1_NAME}','Temp');
INSERT INTO lld_override_condition (lld_override_conditionid,lld_overrideid,operator,macro,value) values ('916','1010','8','{#EXTERNAL_SENSOR2_NAME}','Temp');
INSERT INTO lld_override_condition (lld_override_conditionid,lld_overrideid,operator,macro,value) values ('917','1011','8','{#EXTERNAL_SENSOR1_NAME}','Temp');
INSERT INTO lld_override_condition (lld_override_conditionid,lld_overrideid,operator,macro,value) values ('918','1012','8','{#EXTERNAL_SENSOR2_NAME}','Temp');
INSERT INTO lld_override_condition (lld_override_conditionid,lld_overrideid,operator,macro,value) values ('919','1013','8','{#EXTERNAL_SENSOR1_NAME}','Temp');
INSERT INTO lld_override_condition (lld_override_conditionid,lld_overrideid,operator,macro,value) values ('920','1014','8','{#EXTERNAL_SENSOR2_NAME}','Temp');
INSERT INTO lld_override_condition (lld_override_conditionid,lld_overrideid,operator,macro,value) values ('921','1015','8','{#EXTERNAL_SENSOR1_NAME}','Temp');
INSERT INTO lld_override_condition (lld_override_conditionid,lld_overrideid,operator,macro,value) values ('922','1016','8','{#EXTERNAL_SENSOR2_NAME}','Temp');
INSERT INTO lld_override_condition (lld_override_conditionid,lld_overrideid,operator,macro,value) values ('923','1017','8','{#EXTERNAL_SENSOR1_NAME}','Temp');
INSERT INTO lld_override_condition (lld_override_conditionid,lld_overrideid,operator,macro,value) values ('924','1018','8','{#EXTERNAL_SENSOR2_NAME}','Temp');
INSERT INTO lld_override_condition (lld_override_conditionid,lld_overrideid,operator,macro,value) values ('925','1019','8','{#EXTERNAL_SENSOR1_NAME}','Temp');
INSERT INTO lld_override_condition (lld_override_conditionid,lld_overrideid,operator,macro,value) values ('926','1020','8','{#EXTERNAL_SENSOR2_NAME}','Temp');
INSERT INTO lld_override_condition (lld_override_conditionid,lld_overrideid,operator,macro,value) values ('927','1021','8','{#EXTERNAL_SENSOR1_NAME}','Temp');
INSERT INTO lld_override_condition (lld_override_conditionid,lld_overrideid,operator,macro,value) values ('928','1022','8','{#EXTERNAL_SENSOR2_NAME}','Temp');
INSERT INTO lld_override_condition (lld_override_conditionid,lld_overrideid,operator,macro,value) values ('929','1023','8','{#EXTERNAL_SENSOR1_NAME}','Temp');
INSERT INTO lld_override_condition (lld_override_conditionid,lld_overrideid,operator,macro,value) values ('930','1024','8','{#EXTERNAL_SENSOR2_NAME}','Temp');
INSERT INTO lld_override_condition (lld_override_conditionid,lld_overrideid,operator,macro,value) values ('931','1025','8','{#FSTYPE}','3|4');
INSERT INTO lld_override_operation (lld_override_operationid,lld_overrideid,operationobject,operator,value) values ('532','511','1','8','.*');
INSERT INTO lld_override_operation (lld_override_operationid,lld_overrideid,operationobject,operator,value) values ('533','512','1','8','.*');
INSERT INTO lld_override_operation (lld_override_operationid,lld_overrideid,operationobject,operator,value) values ('534','513','1','8','.*');
INSERT INTO lld_override_operation (lld_override_operationid,lld_overrideid,operationobject,operator,value) values ('535','514','1','8','.*');
INSERT INTO lld_override_operation (lld_override_operationid,lld_overrideid,operationobject,operator,value) values ('536','515','1','8','.*');
INSERT INTO lld_override_operation (lld_override_operationid,lld_overrideid,operationobject,operator,value) values ('537','516','1','8','.*');
INSERT INTO lld_override_operation (lld_override_operationid,lld_overrideid,operationobject,operator,value) values ('538','517','1','8','.*');
INSERT INTO lld_override_operation (lld_override_operationid,lld_overrideid,operationobject,operator,value) values ('539','518','1','8','.*');
INSERT INTO lld_override_operation (lld_override_operationid,lld_overrideid,operationobject,operator,value) values ('540','519','1','8','.*');
INSERT INTO lld_override_operation (lld_override_operationid,lld_overrideid,operationobject,operator,value) values ('541','520','1','8','.*');
INSERT INTO lld_override_operation (lld_override_operationid,lld_overrideid,operationobject,operator,value) values ('542','521','1','8','.*');
INSERT INTO lld_override_operation (lld_override_operationid,lld_overrideid,operationobject,operator,value) values ('543','522','1','8','.*');
INSERT INTO lld_override_operation (lld_override_operationid,lld_overrideid,operationobject,operator,value) values ('544','523','1','8','.*');
INSERT INTO lld_override_operation (lld_override_operationid,lld_overrideid,operationobject,operator,value) values ('545','524','1','8','.*');
INSERT INTO lld_override_operation (lld_override_operationid,lld_overrideid,operationobject,operator,value) values ('546','525','1','8','.*');
INSERT INTO lld_override_operation (lld_override_operationid,lld_overrideid,operationobject,operator,value) values ('547','526','1','8','.*');
INSERT INTO lld_override_operation (lld_override_operationid,lld_overrideid,operationobject,operator,value) values ('548','527','1','8','.*');
INSERT INTO lld_override_operation (lld_override_operationid,lld_overrideid,operationobject,operator,value) values ('549','528','1','8','.*');
INSERT INTO lld_override_operation (lld_override_operationid,lld_overrideid,operationobject,operator,value) values ('550','529','1','8','.*');
INSERT INTO lld_override_operation (lld_override_operationid,lld_overrideid,operationobject,operator,value) values ('551','530','1','8','.*');
INSERT INTO lld_override_operation (lld_override_operationid,lld_overrideid,operationobject,operator,value) values ('552','531','1','8','.*');
INSERT INTO lld_override_operation (lld_override_operationid,lld_overrideid,operationobject,operator,value) values ('553','532','1','8','.*');
INSERT INTO lld_override_operation (lld_override_operationid,lld_overrideid,operationobject,operator,value) values ('554','533','1','8','.*');
INSERT INTO lld_override_operation (lld_override_operationid,lld_overrideid,operationobject,operator,value) values ('555','534','1','8','.*');
INSERT INTO lld_override_operation (lld_override_operationid,lld_overrideid,operationobject,operator,value) values ('556','535','1','8','.*');
INSERT INTO lld_override_operation (lld_override_operationid,lld_overrideid,operationobject,operator,value) values ('557','536','1','8','.*');
INSERT INTO lld_override_operation (lld_override_operationid,lld_overrideid,operationobject,operator,value) values ('558','537','1','8','.*');
INSERT INTO lld_override_operation (lld_override_operationid,lld_overrideid,operationobject,operator,value) values ('559','538','1','8','.*');
INSERT INTO lld_override_operation (lld_override_operationid,lld_overrideid,operationobject,operator,value) values ('560','539','1','8','.*');
INSERT INTO lld_override_operation (lld_override_operationid,lld_overrideid,operationobject,operator,value) values ('561','540','1','8','.*');
INSERT INTO lld_override_operation (lld_override_operationid,lld_overrideid,operationobject,operator,value) values ('562','541','1','8','.*');
INSERT INTO lld_override_operation (lld_override_operationid,lld_overrideid,operationobject,operator,value) values ('563','542','1','8','.*');
INSERT INTO lld_override_operation (lld_override_operationid,lld_overrideid,operationobject,operator,value) values ('564','543','1','8','.*');
INSERT INTO lld_override_operation (lld_override_operationid,lld_overrideid,operationobject,operator,value) values ('565','544','1','8','.*');
INSERT INTO lld_override_operation (lld_override_operationid,lld_overrideid,operationobject,operator,value) values ('566','545','1','8','.*');
INSERT INTO lld_override_operation (lld_override_operationid,lld_overrideid,operationobject,operator,value) values ('567','546','1','8','.*');
INSERT INTO lld_override_operation (lld_override_operationid,lld_overrideid,operationobject,operator,value) values ('992','956','1','2','Too many failed gRPC requests');
INSERT INTO lld_override_operation (lld_override_operationid,lld_overrideid,operationobject,operator,value) values ('993','957','0','2','Number of responses with codes');
INSERT INTO lld_override_operation (lld_override_operationid,lld_overrideid,operationobject,operator,value) values ('994','958','0','2','Number of responses with codes');
INSERT INTO lld_override_operation (lld_override_operationid,lld_overrideid,operationobject,operator,value) values ('995','959','0','2','Number of responses with codes');
INSERT INTO lld_override_operation (lld_override_operationid,lld_overrideid,operationobject,operator,value) values ('996','960','0','2','Number of responses with codes');
INSERT INTO lld_override_operation (lld_override_operationid,lld_overrideid,operationobject,operator,value) values ('997','961','0','2','Number of responses with codes');
INSERT INTO lld_override_operation (lld_override_operationid,lld_overrideid,operationobject,operator,value) values ('998','962','0','2','Number of responses with codes');
INSERT INTO lld_override_operation (lld_override_operationid,lld_overrideid,operationobject,operator,value) values ('999','963','0','2','Number of replicas');
INSERT INTO lld_override_operation (lld_override_operationid,lld_overrideid,operationobject,operator,value) values ('1000','963','0','2','Unhealthy replicas');
INSERT INTO lld_override_operation (lld_override_operationid,lld_overrideid,operationobject,operator,value) values ('1001','963','0','2','Number of unhealthy replicas');
INSERT INTO lld_override_operation (lld_override_operationid,lld_overrideid,operationobject,operator,value) values ('1002','963','0','2','Replication lag');
INSERT INTO lld_override_operation (lld_override_operationid,lld_overrideid,operationobject,operator,value) values ('1003','964','0','2','Replication lag');
INSERT INTO lld_override_operation (lld_override_operationid,lld_overrideid,operationobject,operator,value) values ('1004','965','0','8','');
INSERT INTO lld_override_operation (lld_override_operationid,lld_overrideid,operationobject,operator,value) values ('1005','966','0','2','Self-test');
INSERT INTO lld_override_operation (lld_override_operationid,lld_overrideid,operationobject,operator,value) values ('1006','967','0','8','Media|Percentage|Critical');
INSERT INTO lld_override_operation (lld_override_operationid,lld_overrideid,operationobject,operator,value) values ('1007','968','0','8','');
INSERT INTO lld_override_operation (lld_override_operationid,lld_overrideid,operationobject,operator,value) values ('1008','969','0','2','Self-test');
INSERT INTO lld_override_operation (lld_override_operationid,lld_overrideid,operationobject,operator,value) values ('1009','970','0','8','Media|Percentage|Critical');
INSERT INTO lld_override_operation (lld_override_operationid,lld_overrideid,operationobject,operator,value) values ('1010','971','1','8','Temperature is below the warning threshold');
INSERT INTO lld_override_operation (lld_override_operationid,lld_overrideid,operationobject,operator,value) values ('1011','972','1','8','Temperature is below the critical threshold');
INSERT INTO lld_override_operation (lld_override_operationid,lld_overrideid,operationobject,operator,value) values ('1012','973','1','8','Temperature is above the warning threshold');
INSERT INTO lld_override_operation (lld_override_operationid,lld_overrideid,operationobject,operator,value) values ('1013','974','1','8','Temperature is above the critical threshold');
INSERT INTO lld_override_operation (lld_override_operationid,lld_overrideid,operationobject,operator,value) values ('1014','975','1','8','Fan speed is below the warning threshold');
INSERT INTO lld_override_operation (lld_override_operationid,lld_overrideid,operationobject,operator,value) values ('1015','976','1','8','Fan speed is below the critical threshold');
INSERT INTO lld_override_operation (lld_override_operationid,lld_overrideid,operationobject,operator,value) values ('1016','977','1','8','Fan speed is above the warning threshold');
INSERT INTO lld_override_operation (lld_override_operationid,lld_overrideid,operationobject,operator,value) values ('1017','978','1','8','Fan speed is above the critical threshold');
INSERT INTO lld_override_operation (lld_override_operationid,lld_overrideid,operationobject,operator,value) values ('1018','979','1','8','Voltage is below the warning threshold');
INSERT INTO lld_override_operation (lld_override_operationid,lld_overrideid,operationobject,operator,value) values ('1019','980','1','8','Voltage is below the critical threshold');
INSERT INTO lld_override_operation (lld_override_operationid,lld_overrideid,operationobject,operator,value) values ('1020','981','1','8','Voltage is above the warning threshold');
INSERT INTO lld_override_operation (lld_override_operationid,lld_overrideid,operationobject,operator,value) values ('1021','982','1','8','Voltage is above the critical threshold');
INSERT INTO lld_override_operation (lld_override_operationid,lld_overrideid,operationobject,operator,value) values ('1022','983','1','8','.*');
INSERT INTO lld_override_operation (lld_override_operationid,lld_overrideid,operationobject,operator,value) values ('1023','984','1','8','.*');
INSERT INTO lld_override_operation (lld_override_operationid,lld_overrideid,operationobject,operator,value) values ('1024','985','1','8','.*');
INSERT INTO lld_override_operation (lld_override_operationid,lld_overrideid,operationobject,operator,value) values ('1025','986','1','8','.*');
INSERT INTO lld_override_operation (lld_override_operationid,lld_overrideid,operationobject,operator,value) values ('1026','987','1','8','.*');
INSERT INTO lld_override_operation (lld_override_operationid,lld_overrideid,operationobject,operator,value) values ('1027','988','1','8','.*');
INSERT INTO lld_override_operation (lld_override_operationid,lld_overrideid,operationobject,operator,value) values ('1028','989','1','8','.*');
INSERT INTO lld_override_operation (lld_override_operationid,lld_overrideid,operationobject,operator,value) values ('1029','990','1','8','.*');
INSERT INTO lld_override_operation (lld_override_operationid,lld_overrideid,operationobject,operator,value) values ('1030','991','1','8','.*');
INSERT INTO lld_override_operation (lld_override_operationid,lld_overrideid,operationobject,operator,value) values ('1031','992','1','8','.*');
INSERT INTO lld_override_operation (lld_override_operationid,lld_overrideid,operationobject,operator,value) values ('1032','993','1','8','.*');
INSERT INTO lld_override_operation (lld_override_operationid,lld_overrideid,operationobject,operator,value) values ('1033','994','1','8','.*');
INSERT INTO lld_override_operation (lld_override_operationid,lld_overrideid,operationobject,operator,value) values ('1034','995','1','8','.*');
INSERT INTO lld_override_operation (lld_override_operationid,lld_overrideid,operationobject,operator,value) values ('1035','996','1','8','.*');
INSERT INTO lld_override_operation (lld_override_operationid,lld_overrideid,operationobject,operator,value) values ('1036','997','1','8','.*');
INSERT INTO lld_override_operation (lld_override_operationid,lld_overrideid,operationobject,operator,value) values ('1037','998','1','8','.*');
INSERT INTO lld_override_operation (lld_override_operationid,lld_overrideid,operationobject,operator,value) values ('1038','999','1','8','.*');
INSERT INTO lld_override_operation (lld_override_operationid,lld_overrideid,operationobject,operator,value) values ('1039','1000','1','8','.*');
INSERT INTO lld_override_operation (lld_override_operationid,lld_overrideid,operationobject,operator,value) values ('1040','1001','1','8','.*');
INSERT INTO lld_override_operation (lld_override_operationid,lld_overrideid,operationobject,operator,value) values ('1041','1002','1','8','.*');
INSERT INTO lld_override_operation (lld_override_operationid,lld_overrideid,operationobject,operator,value) values ('1042','1003','0','2','Humidity');
INSERT INTO lld_override_operation (lld_override_operationid,lld_overrideid,operationobject,operator,value) values ('1043','1004','0','2','Humidity');
INSERT INTO lld_override_operation (lld_override_operationid,lld_overrideid,operationobject,operator,value) values ('1044','1005','0','2','Humidity');
INSERT INTO lld_override_operation (lld_override_operationid,lld_overrideid,operationobject,operator,value) values ('1045','1006','0','2','Humidity');
INSERT INTO lld_override_operation (lld_override_operationid,lld_overrideid,operationobject,operator,value) values ('1046','1007','0','2','Humidity');
INSERT INTO lld_override_operation (lld_override_operationid,lld_overrideid,operationobject,operator,value) values ('1047','1008','0','2','Humidity');
INSERT INTO lld_override_operation (lld_override_operationid,lld_overrideid,operationobject,operator,value) values ('1048','1009','0','2','Humidity');
INSERT INTO lld_override_operation (lld_override_operationid,lld_overrideid,operationobject,operator,value) values ('1049','1010','0','2','Humidity');
INSERT INTO lld_override_operation (lld_override_operationid,lld_overrideid,operationobject,operator,value) values ('1050','1011','0','2','Humidity');
INSERT INTO lld_override_operation (lld_override_operationid,lld_overrideid,operationobject,operator,value) values ('1051','1012','0','2','Humidity');
INSERT INTO lld_override_operation (lld_override_operationid,lld_overrideid,operationobject,operator,value) values ('1052','1013','0','2','Humidity');
INSERT INTO lld_override_operation (lld_override_operationid,lld_overrideid,operationobject,operator,value) values ('1053','1014','0','2','Humidity');
INSERT INTO lld_override_operation (lld_override_operationid,lld_overrideid,operationobject,operator,value) values ('1054','1015','0','2','Humidity');
INSERT INTO lld_override_operation (lld_override_operationid,lld_overrideid,operationobject,operator,value) values ('1055','1016','0','2','Humidity');
INSERT INTO lld_override_operation (lld_override_operationid,lld_overrideid,operationobject,operator,value) values ('1056','1017','0','2','Humidity');
INSERT INTO lld_override_operation (lld_override_operationid,lld_overrideid,operationobject,operator,value) values ('1057','1018','0','2','Humidity');
INSERT INTO lld_override_operation (lld_override_operationid,lld_overrideid,operationobject,operator,value) values ('1058','1019','0','2','Humidity');
INSERT INTO lld_override_operation (lld_override_operationid,lld_overrideid,operationobject,operator,value) values ('1059','1020','0','2','Humidity');
INSERT INTO lld_override_operation (lld_override_operationid,lld_overrideid,operationobject,operator,value) values ('1060','1021','0','2','Humidity');
INSERT INTO lld_override_operation (lld_override_operationid,lld_overrideid,operationobject,operator,value) values ('1061','1022','0','2','Humidity');
INSERT INTO lld_override_operation (lld_override_operationid,lld_overrideid,operationobject,operator,value) values ('1062','1023','0','2','Humidity');
INSERT INTO lld_override_operation (lld_override_operationid,lld_overrideid,operationobject,operator,value) values ('1063','1024','0','2','Humidity');
INSERT INTO lld_override_operation (lld_override_operationid,lld_overrideid,operationobject,operator,value) values ('1064','1025','0','2','Saved');
INSERT INTO lld_override_operation (lld_override_operationid,lld_overrideid,operationobject,operator,value) values ('1065','1026','1','2','{#SENSOR_LO_WARN}');
INSERT INTO lld_override_operation (lld_override_operationid,lld_overrideid,operationobject,operator,value) values ('1066','1027','1','2','{#SENSOR_LO_CRIT}');
INSERT INTO lld_override_operation (lld_override_operationid,lld_overrideid,operationobject,operator,value) values ('1067','1028','1','2','{#SENSOR_LO_DISAST}');
INSERT INTO lld_override_operation (lld_override_operationid,lld_overrideid,operationobject,operator,value) values ('1068','1029','1','2','{#SENSOR_HI_WARN}');
INSERT INTO lld_override_operation (lld_override_operationid,lld_overrideid,operationobject,operator,value) values ('1069','1030','1','2','{#SENSOR_HI_CRIT}');
INSERT INTO lld_override_operation (lld_override_operationid,lld_overrideid,operationobject,operator,value) values ('1070','1031','1','2','{#SENSOR_HI_DISAST}');
INSERT INTO lld_override_opstatus (lld_override_operationid,status) values ('532','0');
INSERT INTO lld_override_opstatus (lld_override_operationid,status) values ('533','0');
INSERT INTO lld_override_opstatus (lld_override_operationid,status) values ('534','0');
INSERT INTO lld_override_opstatus (lld_override_operationid,status) values ('535','0');
INSERT INTO lld_override_opstatus (lld_override_operationid,status) values ('536','0');
INSERT INTO lld_override_opstatus (lld_override_operationid,status) values ('537','0');
INSERT INTO lld_override_opstatus (lld_override_operationid,status) values ('538','0');
INSERT INTO lld_override_opstatus (lld_override_operationid,status) values ('539','0');
INSERT INTO lld_override_opstatus (lld_override_operationid,status) values ('540','0');
INSERT INTO lld_override_opstatus (lld_override_operationid,status) values ('541','0');
INSERT INTO lld_override_opstatus (lld_override_operationid,status) values ('542','0');
INSERT INTO lld_override_opstatus (lld_override_operationid,status) values ('543','0');
INSERT INTO lld_override_opstatus (lld_override_operationid,status) values ('544','0');
INSERT INTO lld_override_opstatus (lld_override_operationid,status) values ('545','0');
INSERT INTO lld_override_opstatus (lld_override_operationid,status) values ('546','0');
INSERT INTO lld_override_opstatus (lld_override_operationid,status) values ('547','0');
INSERT INTO lld_override_opstatus (lld_override_operationid,status) values ('548','0');
INSERT INTO lld_override_opstatus (lld_override_operationid,status) values ('549','0');
INSERT INTO lld_override_opstatus (lld_override_operationid,status) values ('550','0');
INSERT INTO lld_override_opstatus (lld_override_operationid,status) values ('551','0');
INSERT INTO lld_override_opstatus (lld_override_operationid,status) values ('552','0');
INSERT INTO lld_override_opstatus (lld_override_operationid,status) values ('553','0');
INSERT INTO lld_override_opstatus (lld_override_operationid,status) values ('554','0');
INSERT INTO lld_override_opstatus (lld_override_operationid,status) values ('555','0');
INSERT INTO lld_override_opstatus (lld_override_operationid,status) values ('556','0');
INSERT INTO lld_override_opstatus (lld_override_operationid,status) values ('557','0');
INSERT INTO lld_override_opstatus (lld_override_operationid,status) values ('558','0');
INSERT INTO lld_override_opstatus (lld_override_operationid,status) values ('559','0');
INSERT INTO lld_override_opstatus (lld_override_operationid,status) values ('560','0');
INSERT INTO lld_override_opstatus (lld_override_operationid,status) values ('561','0');
INSERT INTO lld_override_opstatus (lld_override_operationid,status) values ('562','0');
INSERT INTO lld_override_opstatus (lld_override_operationid,status) values ('563','0');
INSERT INTO lld_override_opstatus (lld_override_operationid,status) values ('564','0');
INSERT INTO lld_override_opstatus (lld_override_operationid,status) values ('565','0');
INSERT INTO lld_override_opstatus (lld_override_operationid,status) values ('566','0');
INSERT INTO lld_override_opstatus (lld_override_operationid,status) values ('567','0');
INSERT INTO lld_override_opstatus (lld_override_operationid,status) values ('992','0');
INSERT INTO lld_override_opstatus (lld_override_operationid,status) values ('993','0');
INSERT INTO lld_override_opstatus (lld_override_operationid,status) values ('994','0');
INSERT INTO lld_override_opstatus (lld_override_operationid,status) values ('995','0');
INSERT INTO lld_override_opstatus (lld_override_operationid,status) values ('996','0');
INSERT INTO lld_override_opstatus (lld_override_operationid,status) values ('997','0');
INSERT INTO lld_override_opstatus (lld_override_operationid,status) values ('998','0');
INSERT INTO lld_override_opstatus (lld_override_operationid,status) values ('999','0');
INSERT INTO lld_override_opstatus (lld_override_operationid,status) values ('1000','0');
INSERT INTO lld_override_opstatus (lld_override_operationid,status) values ('1001','0');
INSERT INTO lld_override_opstatus (lld_override_operationid,status) values ('1002','0');
INSERT INTO lld_override_opstatus (lld_override_operationid,status) values ('1003','0');
INSERT INTO lld_override_opstatus (lld_override_operationid,status) values ('1004','0');
INSERT INTO lld_override_opstatus (lld_override_operationid,status) values ('1005','0');
INSERT INTO lld_override_opstatus (lld_override_operationid,status) values ('1006','0');
INSERT INTO lld_override_opstatus (lld_override_operationid,status) values ('1007','0');
INSERT INTO lld_override_opstatus (lld_override_operationid,status) values ('1008','0');
INSERT INTO lld_override_opstatus (lld_override_operationid,status) values ('1009','0');
INSERT INTO lld_override_opstatus (lld_override_operationid,status) values ('1010','0');
INSERT INTO lld_override_opstatus (lld_override_operationid,status) values ('1011','0');
INSERT INTO lld_override_opstatus (lld_override_operationid,status) values ('1012','0');
INSERT INTO lld_override_opstatus (lld_override_operationid,status) values ('1013','0');
INSERT INTO lld_override_opstatus (lld_override_operationid,status) values ('1014','0');
INSERT INTO lld_override_opstatus (lld_override_operationid,status) values ('1015','0');
INSERT INTO lld_override_opstatus (lld_override_operationid,status) values ('1016','0');
INSERT INTO lld_override_opstatus (lld_override_operationid,status) values ('1017','0');
INSERT INTO lld_override_opstatus (lld_override_operationid,status) values ('1018','0');
INSERT INTO lld_override_opstatus (lld_override_operationid,status) values ('1019','0');
INSERT INTO lld_override_opstatus (lld_override_operationid,status) values ('1020','0');
INSERT INTO lld_override_opstatus (lld_override_operationid,status) values ('1021','0');
INSERT INTO lld_override_opstatus (lld_override_operationid,status) values ('1022','0');
INSERT INTO lld_override_opstatus (lld_override_operationid,status) values ('1023','0');
INSERT INTO lld_override_opstatus (lld_override_operationid,status) values ('1024','0');
INSERT INTO lld_override_opstatus (lld_override_operationid,status) values ('1025','0');
INSERT INTO lld_override_opstatus (lld_override_operationid,status) values ('1026','0');
INSERT INTO lld_override_opstatus (lld_override_operationid,status) values ('1027','0');
INSERT INTO lld_override_opstatus (lld_override_operationid,status) values ('1028','0');
INSERT INTO lld_override_opstatus (lld_override_operationid,status) values ('1029','0');
INSERT INTO lld_override_opstatus (lld_override_operationid,status) values ('1030','0');
INSERT INTO lld_override_opstatus (lld_override_operationid,status) values ('1031','0');
INSERT INTO lld_override_opstatus (lld_override_operationid,status) values ('1032','0');
INSERT INTO lld_override_opstatus (lld_override_operationid,status) values ('1033','0');
INSERT INTO lld_override_opstatus (lld_override_operationid,status) values ('1034','0');
INSERT INTO lld_override_opstatus (lld_override_operationid,status) values ('1035','0');
INSERT INTO lld_override_opstatus (lld_override_operationid,status) values ('1036','0');
INSERT INTO lld_override_opstatus (lld_override_operationid,status) values ('1037','0');
INSERT INTO lld_override_opstatus (lld_override_operationid,status) values ('1038','0');
INSERT INTO lld_override_opstatus (lld_override_operationid,status) values ('1039','0');
INSERT INTO lld_override_opstatus (lld_override_operationid,status) values ('1040','0');
INSERT INTO lld_override_opstatus (lld_override_operationid,status) values ('1041','0');
INSERT INTO lld_override_opstatus (lld_override_operationid,status) values ('1042','0');
INSERT INTO lld_override_opstatus (lld_override_operationid,status) values ('1043','0');
INSERT INTO lld_override_opstatus (lld_override_operationid,status) values ('1044','0');
INSERT INTO lld_override_opstatus (lld_override_operationid,status) values ('1045','0');
INSERT INTO lld_override_opstatus (lld_override_operationid,status) values ('1046','0');
INSERT INTO lld_override_opstatus (lld_override_operationid,status) values ('1047','0');
INSERT INTO lld_override_opstatus (lld_override_operationid,status) values ('1048','0');
INSERT INTO lld_override_opstatus (lld_override_operationid,status) values ('1049','0');
INSERT INTO lld_override_opstatus (lld_override_operationid,status) values ('1050','0');
INSERT INTO lld_override_opstatus (lld_override_operationid,status) values ('1051','0');
INSERT INTO lld_override_opstatus (lld_override_operationid,status) values ('1052','0');
INSERT INTO lld_override_opstatus (lld_override_operationid,status) values ('1053','0');
INSERT INTO lld_override_opstatus (lld_override_operationid,status) values ('1054','0');
INSERT INTO lld_override_opstatus (lld_override_operationid,status) values ('1055','0');
INSERT INTO lld_override_opstatus (lld_override_operationid,status) values ('1056','0');
INSERT INTO lld_override_opstatus (lld_override_operationid,status) values ('1057','0');
INSERT INTO lld_override_opstatus (lld_override_operationid,status) values ('1058','0');
INSERT INTO lld_override_opstatus (lld_override_operationid,status) values ('1059','0');
INSERT INTO lld_override_opstatus (lld_override_operationid,status) values ('1060','0');
INSERT INTO lld_override_opstatus (lld_override_operationid,status) values ('1061','0');
INSERT INTO lld_override_opstatus (lld_override_operationid,status) values ('1062','0');
INSERT INTO lld_override_opstatus (lld_override_operationid,status) values ('1063','0');
INSERT INTO lld_override_opstatus (lld_override_operationid,status) values ('1064','0');
INSERT INTO lld_override_opstatus (lld_override_operationid,status) values ('1065','0');
INSERT INTO lld_override_opstatus (lld_override_operationid,status) values ('1066','0');
INSERT INTO lld_override_opstatus (lld_override_operationid,status) values ('1067','0');
INSERT INTO lld_override_opstatus (lld_override_operationid,status) values ('1068','0');
INSERT INTO lld_override_opstatus (lld_override_operationid,status) values ('1069','0');
INSERT INTO lld_override_opstatus (lld_override_operationid,status) values ('1070','0');
INSERT INTO lld_override_opdiscover (lld_override_operationid,discover) values ('532','1');
INSERT INTO lld_override_opdiscover (lld_override_operationid,discover) values ('533','0');
INSERT INTO lld_override_opdiscover (lld_override_operationid,discover) values ('534','1');
INSERT INTO lld_override_opdiscover (lld_override_operationid,discover) values ('535','0');
INSERT INTO lld_override_opdiscover (lld_override_operationid,discover) values ('536','1');
INSERT INTO lld_override_opdiscover (lld_override_operationid,discover) values ('537','0');
INSERT INTO lld_override_opdiscover (lld_override_operationid,discover) values ('538','1');
INSERT INTO lld_override_opdiscover (lld_override_operationid,discover) values ('539','0');
INSERT INTO lld_override_opdiscover (lld_override_operationid,discover) values ('540','1');
INSERT INTO lld_override_opdiscover (lld_override_operationid,discover) values ('541','0');
INSERT INTO lld_override_opdiscover (lld_override_operationid,discover) values ('542','1');
INSERT INTO lld_override_opdiscover (lld_override_operationid,discover) values ('543','0');
INSERT INTO lld_override_opdiscover (lld_override_operationid,discover) values ('544','1');
INSERT INTO lld_override_opdiscover (lld_override_operationid,discover) values ('545','0');
INSERT INTO lld_override_opdiscover (lld_override_operationid,discover) values ('546','1');
INSERT INTO lld_override_opdiscover (lld_override_operationid,discover) values ('547','0');
INSERT INTO lld_override_opdiscover (lld_override_operationid,discover) values ('548','1');
INSERT INTO lld_override_opdiscover (lld_override_operationid,discover) values ('549','0');
INSERT INTO lld_override_opdiscover (lld_override_operationid,discover) values ('550','1');
INSERT INTO lld_override_opdiscover (lld_override_operationid,discover) values ('551','0');
INSERT INTO lld_override_opdiscover (lld_override_operationid,discover) values ('552','1');
INSERT INTO lld_override_opdiscover (lld_override_operationid,discover) values ('553','0');
INSERT INTO lld_override_opdiscover (lld_override_operationid,discover) values ('554','1');
INSERT INTO lld_override_opdiscover (lld_override_operationid,discover) values ('555','0');
INSERT INTO lld_override_opdiscover (lld_override_operationid,discover) values ('556','1');
INSERT INTO lld_override_opdiscover (lld_override_operationid,discover) values ('557','0');
INSERT INTO lld_override_opdiscover (lld_override_operationid,discover) values ('558','1');
INSERT INTO lld_override_opdiscover (lld_override_operationid,discover) values ('559','0');
INSERT INTO lld_override_opdiscover (lld_override_operationid,discover) values ('560','1');
INSERT INTO lld_override_opdiscover (lld_override_operationid,discover) values ('561','0');
INSERT INTO lld_override_opdiscover (lld_override_operationid,discover) values ('562','1');
INSERT INTO lld_override_opdiscover (lld_override_operationid,discover) values ('563','0');
INSERT INTO lld_override_opdiscover (lld_override_operationid,discover) values ('564','1');
INSERT INTO lld_override_opdiscover (lld_override_operationid,discover) values ('565','0');
INSERT INTO lld_override_opdiscover (lld_override_operationid,discover) values ('566','1');
INSERT INTO lld_override_opdiscover (lld_override_operationid,discover) values ('567','0');
INSERT INTO lld_override_opdiscover (lld_override_operationid,discover) values ('992','0');
INSERT INTO lld_override_opdiscover (lld_override_operationid,discover) values ('993','1');
INSERT INTO lld_override_opdiscover (lld_override_operationid,discover) values ('994','1');
INSERT INTO lld_override_opdiscover (lld_override_operationid,discover) values ('995','1');
INSERT INTO lld_override_opdiscover (lld_override_operationid,discover) values ('996','1');
INSERT INTO lld_override_opdiscover (lld_override_operationid,discover) values ('997','1');
INSERT INTO lld_override_opdiscover (lld_override_operationid,discover) values ('998','1');
INSERT INTO lld_override_opdiscover (lld_override_operationid,discover) values ('999','0');
INSERT INTO lld_override_opdiscover (lld_override_operationid,discover) values ('1000','0');
INSERT INTO lld_override_opdiscover (lld_override_operationid,discover) values ('1001','0');
INSERT INTO lld_override_opdiscover (lld_override_operationid,discover) values ('1002','1');
INSERT INTO lld_override_opdiscover (lld_override_operationid,discover) values ('1003','1');
INSERT INTO lld_override_opdiscover (lld_override_operationid,discover) values ('1004','1');
INSERT INTO lld_override_opdiscover (lld_override_operationid,discover) values ('1005','1');
INSERT INTO lld_override_opdiscover (lld_override_operationid,discover) values ('1006','1');
INSERT INTO lld_override_opdiscover (lld_override_operationid,discover) values ('1007','1');
INSERT INTO lld_override_opdiscover (lld_override_operationid,discover) values ('1008','1');
INSERT INTO lld_override_opdiscover (lld_override_operationid,discover) values ('1009','1');
INSERT INTO lld_override_opdiscover (lld_override_operationid,discover) values ('1010','1');
INSERT INTO lld_override_opdiscover (lld_override_operationid,discover) values ('1011','1');
INSERT INTO lld_override_opdiscover (lld_override_operationid,discover) values ('1012','1');
INSERT INTO lld_override_opdiscover (lld_override_operationid,discover) values ('1013','1');
INSERT INTO lld_override_opdiscover (lld_override_operationid,discover) values ('1014','1');
INSERT INTO lld_override_opdiscover (lld_override_operationid,discover) values ('1015','1');
INSERT INTO lld_override_opdiscover (lld_override_operationid,discover) values ('1016','1');
INSERT INTO lld_override_opdiscover (lld_override_operationid,discover) values ('1017','1');
INSERT INTO lld_override_opdiscover (lld_override_operationid,discover) values ('1018','1');
INSERT INTO lld_override_opdiscover (lld_override_operationid,discover) values ('1019','1');
INSERT INTO lld_override_opdiscover (lld_override_operationid,discover) values ('1020','1');
INSERT INTO lld_override_opdiscover (lld_override_operationid,discover) values ('1021','1');
INSERT INTO lld_override_opdiscover (lld_override_operationid,discover) values ('1022','1');
INSERT INTO lld_override_opdiscover (lld_override_operationid,discover) values ('1023','1');
INSERT INTO lld_override_opdiscover (lld_override_operationid,discover) values ('1024','1');
INSERT INTO lld_override_opdiscover (lld_override_operationid,discover) values ('1025','1');
INSERT INTO lld_override_opdiscover (lld_override_operationid,discover) values ('1026','1');
INSERT INTO lld_override_opdiscover (lld_override_operationid,discover) values ('1027','1');
INSERT INTO lld_override_opdiscover (lld_override_operationid,discover) values ('1028','1');
INSERT INTO lld_override_opdiscover (lld_override_operationid,discover) values ('1029','1');
INSERT INTO lld_override_opdiscover (lld_override_operationid,discover) values ('1030','1');
INSERT INTO lld_override_opdiscover (lld_override_operationid,discover) values ('1031','1');
INSERT INTO lld_override_opdiscover (lld_override_operationid,discover) values ('1032','1');
INSERT INTO lld_override_opdiscover (lld_override_operationid,discover) values ('1033','0');
INSERT INTO lld_override_opdiscover (lld_override_operationid,discover) values ('1034','1');
INSERT INTO lld_override_opdiscover (lld_override_operationid,discover) values ('1035','1');
INSERT INTO lld_override_opdiscover (lld_override_operationid,discover) values ('1036','1');
INSERT INTO lld_override_opdiscover (lld_override_operationid,discover) values ('1037','1');
INSERT INTO lld_override_opdiscover (lld_override_operationid,discover) values ('1038','1');
INSERT INTO lld_override_opdiscover (lld_override_operationid,discover) values ('1039','1');
INSERT INTO lld_override_opdiscover (lld_override_operationid,discover) values ('1040','1');
INSERT INTO lld_override_opdiscover (lld_override_operationid,discover) values ('1041','1');
INSERT INTO lld_override_opdiscover (lld_override_operationid,discover) values ('1042','1');
INSERT INTO lld_override_opdiscover (lld_override_operationid,discover) values ('1043','1');
INSERT INTO lld_override_opdiscover (lld_override_operationid,discover) values ('1044','1');
INSERT INTO lld_override_opdiscover (lld_override_operationid,discover) values ('1045','1');
INSERT INTO lld_override_opdiscover (lld_override_operationid,discover) values ('1046','1');
INSERT INTO lld_override_opdiscover (lld_override_operationid,discover) values ('1047','1');
INSERT INTO lld_override_opdiscover (lld_override_operationid,discover) values ('1048','1');
INSERT INTO lld_override_opdiscover (lld_override_operationid,discover) values ('1049','1');
INSERT INTO lld_override_opdiscover (lld_override_operationid,discover) values ('1050','1');
INSERT INTO lld_override_opdiscover (lld_override_operationid,discover) values ('1051','1');
INSERT INTO lld_override_opdiscover (lld_override_operationid,discover) values ('1052','1');
INSERT INTO lld_override_opdiscover (lld_override_operationid,discover) values ('1053','1');
INSERT INTO lld_override_opdiscover (lld_override_operationid,discover) values ('1054','1');
INSERT INTO lld_override_opdiscover (lld_override_operationid,discover) values ('1055','1');
INSERT INTO lld_override_opdiscover (lld_override_operationid,discover) values ('1056','1');
INSERT INTO lld_override_opdiscover (lld_override_operationid,discover) values ('1057','1');
INSERT INTO lld_override_opdiscover (lld_override_operationid,discover) values ('1058','1');
INSERT INTO lld_override_opdiscover (lld_override_operationid,discover) values ('1059','1');
INSERT INTO lld_override_opdiscover (lld_override_operationid,discover) values ('1060','1');
INSERT INTO lld_override_opdiscover (lld_override_operationid,discover) values ('1061','1');
INSERT INTO lld_override_opdiscover (lld_override_operationid,discover) values ('1062','1');
INSERT INTO lld_override_opdiscover (lld_override_operationid,discover) values ('1063','1');
INSERT INTO lld_override_opdiscover (lld_override_operationid,discover) values ('1064','1');
INSERT INTO lld_override_opdiscover (lld_override_operationid,discover) values ('1065','1');
INSERT INTO lld_override_opdiscover (lld_override_operationid,discover) values ('1066','1');
INSERT INTO lld_override_opdiscover (lld_override_operationid,discover) values ('1067','1');
INSERT INTO lld_override_opdiscover (lld_override_operationid,discover) values ('1068','1');
INSERT INTO lld_override_opdiscover (lld_override_operationid,discover) values ('1069','1');
INSERT INTO lld_override_opdiscover (lld_override_operationid,discover) values ('1070','1');
INSERT INTO dashboard (dashboardid,name,userid,private) values ('1','Global view','1','0');
INSERT INTO dashboard (dashboardid,name,userid,private) values ('2','Zabbix server health','1','1');
INSERT INTO dashboard_usrgrp (dashboard_usrgrpid,dashboardid,usrgrpid,permission) values ('1','2','7','3');
INSERT INTO widget (widgetid,dashboardid,type,name,x,y,width,height,view_mode) values ('1','1','systeminfo','','0','0','8','4','0');
INSERT INTO widget (widgetid,dashboardid,type,name,x,y,width,height,view_mode) values ('2','1','hostavail','','8','0','12','2','1');
INSERT INTO widget (widgetid,dashboardid,type,name,x,y,width,height,view_mode) values ('3','1','problemsbysv','','8','2','12','2','1');
INSERT INTO widget (widgetid,dashboardid,type,name,x,y,width,height,view_mode) values ('4','1','clock','','20','0','4','4','1');
INSERT INTO widget (widgetid,dashboardid,type,name,x,y,width,height,view_mode) values ('5','1','problems','','0','4','20','10','0');
INSERT INTO widget (widgetid,dashboardid,type,name,x,y,width,height,view_mode) values ('6','1','favmaps','','20','4','4','5','0');
INSERT INTO widget (widgetid,dashboardid,type,name,x,y,width,height,view_mode) values ('7','1','favgraphs','','20','9','4','5','0');
INSERT INTO widget (widgetid,dashboardid,type,name,x,y,width,height,view_mode) values ('8','2','problems','Zabbix server problems','0','0','20','4','0');
INSERT INTO widget (widgetid,dashboardid,type,name,x,y,width,height,view_mode) values ('9','2','clock','Local time','20','0','4','4','1');
INSERT INTO widget (widgetid,dashboardid,type,name,x,y,width,height,view_mode) values ('10','2','svggraph','Values processed per second','0','4','8','5','0');
INSERT INTO widget (widgetid,dashboardid,type,name,x,y,width,height,view_mode) values ('11','2','svggraph','Utilization of data collectors','8','4','8','5','0');
INSERT INTO widget (widgetid,dashboardid,type,name,x,y,width,height,view_mode) values ('12','2','svggraph','Utilization of internal processes','16','4','8','5','0');
INSERT INTO widget (widgetid,dashboardid,type,name,x,y,width,height,view_mode) values ('13','2','svggraph','Cache usage','0','9','8','5','0');
INSERT INTO widget (widgetid,dashboardid,type,name,x,y,width,height,view_mode) values ('14','2','svggraph','Value cache effectiveness','8','9','8','5','0');
INSERT INTO widget (widgetid,dashboardid,type,name,x,y,width,height,view_mode) values ('15','2','svggraph','Queue size','16','9','8','5','0');
INSERT INTO widget_field (widget_fieldid,widgetid,type,name,value_int,value_str,value_groupid,value_hostid,value_itemid,value_graphid,value_sysmapid) values ('1','2','0','interface_type','1','',NULL,NULL,NULL,NULL,NULL);
INSERT INTO widget_field (widget_fieldid,widgetid,type,name,value_int,value_str,value_groupid,value_hostid,value_itemid,value_graphid,value_sysmapid) values ('2','3','0','show_type','1','',NULL,NULL,NULL,NULL,NULL);
INSERT INTO widget_field (widget_fieldid,widgetid,type,name,value_int,value_str,value_groupid,value_hostid,value_itemid,value_graphid,value_sysmapid) values ('3','5','0','show','3','',NULL,NULL,NULL,NULL,NULL);
INSERT INTO widget_field (widget_fieldid,widgetid,type,name,value_int,value_str,value_groupid,value_hostid,value_itemid,value_graphid,value_sysmapid) values ('4','5','0','show_tags','3','',NULL,NULL,NULL,NULL,NULL);
INSERT INTO widget_field (widget_fieldid,widgetid,type,name,value_int,value_str,value_groupid,value_hostid,value_itemid,value_graphid,value_sysmapid) values ('5','8','3','hostids','0','',NULL,'10084',NULL,NULL,NULL);
INSERT INTO widget_field (widget_fieldid,widgetid,type,name,value_int,value_str,value_groupid,value_hostid,value_itemid,value_graphid,value_sysmapid) values ('6','10','0','ds.transparency.0','0','',NULL,NULL,NULL,NULL,NULL);
INSERT INTO widget_field (widget_fieldid,widgetid,type,name,value_int,value_str,value_groupid,value_hostid,value_itemid,value_graphid,value_sysmapid) values ('7','10','0','legend','0','',NULL,NULL,NULL,NULL,NULL);
INSERT INTO widget_field (widget_fieldid,widgetid,type,name,value_int,value_str,value_groupid,value_hostid,value_itemid,value_graphid,value_sysmapid) values ('8','10','0','righty','0','',NULL,NULL,NULL,NULL,NULL);
INSERT INTO widget_field (widget_fieldid,widgetid,type,name,value_int,value_str,value_groupid,value_hostid,value_itemid,value_graphid,value_sysmapid) values ('9','10','0','show_problems','1','',NULL,NULL,NULL,NULL,NULL);
INSERT INTO widget_field (widget_fieldid,widgetid,type,name,value_int,value_str,value_groupid,value_hostid,value_itemid,value_graphid,value_sysmapid) values ('10','10','1','ds.color.0','0','00BFFF',NULL,NULL,NULL,NULL,NULL);
INSERT INTO widget_field (widget_fieldid,widgetid,type,name,value_int,value_str,value_groupid,value_hostid,value_itemid,value_graphid,value_sysmapid) values ('11','10','1','ds.hosts.0.0','0','Zabbix server',NULL,NULL,NULL,NULL,NULL);
INSERT INTO widget_field (widget_fieldid,widgetid,type,name,value_int,value_str,value_groupid,value_hostid,value_itemid,value_graphid,value_sysmapid) values ('12','10','1','ds.items.0.0','0','*: Number of processed *values per second',NULL,NULL,NULL,NULL,NULL);
INSERT INTO widget_field (widget_fieldid,widgetid,type,name,value_int,value_str,value_groupid,value_hostid,value_itemid,value_graphid,value_sysmapid) values ('13','10','1','lefty_min','0','0',NULL,NULL,NULL,NULL,NULL);
INSERT INTO widget_field (widget_fieldid,widgetid,type,name,value_int,value_str,value_groupid,value_hostid,value_itemid,value_graphid,value_sysmapid) values ('14','10','1','problemhosts.0','0','Zabbix server',NULL,NULL,NULL,NULL,NULL);
INSERT INTO widget_field (widget_fieldid,widgetid,type,name,value_int,value_str,value_groupid,value_hostid,value_itemid,value_graphid,value_sysmapid) values ('22','11','0','ds.transparency.0','0','',NULL,NULL,NULL,NULL,NULL);
INSERT INTO widget_field (widget_fieldid,widgetid,type,name,value_int,value_str,value_groupid,value_hostid,value_itemid,value_graphid,value_sysmapid) values ('23','11','0','legend','0','',NULL,NULL,NULL,NULL,NULL);
INSERT INTO widget_field (widget_fieldid,widgetid,type,name,value_int,value_str,value_groupid,value_hostid,value_itemid,value_graphid,value_sysmapid) values ('24','11','0','righty','0','',NULL,NULL,NULL,NULL,NULL);
INSERT INTO widget_field (widget_fieldid,widgetid,type,name,value_int,value_str,value_groupid,value_hostid,value_itemid,value_graphid,value_sysmapid) values ('25','11','0','show_problems','1','',NULL,NULL,NULL,NULL,NULL);
INSERT INTO widget_field (widget_fieldid,widgetid,type,name,value_int,value_str,value_groupid,value_hostid,value_itemid,value_graphid,value_sysmapid) values ('26','11','1','ds.color.0','0','E57373',NULL,NULL,NULL,NULL,NULL);
INSERT INTO widget_field (widget_fieldid,widgetid,type,name,value_int,value_str,value_groupid,value_hostid,value_itemid,value_graphid,value_sysmapid) values ('27','11','1','ds.hosts.0.0','0','Zabbix server',NULL,NULL,NULL,NULL,NULL);
INSERT INTO widget_field (widget_fieldid,widgetid,type,name,value_int,value_str,value_groupid,value_hostid,value_itemid,value_graphid,value_sysmapid) values ('28','11','1','ds.items.0.0','0','*: Utilization of * data collector *',NULL,NULL,NULL,NULL,NULL);
INSERT INTO widget_field (widget_fieldid,widgetid,type,name,value_int,value_str,value_groupid,value_hostid,value_itemid,value_graphid,value_sysmapid) values ('29','11','1','lefty_max','0','100',NULL,NULL,NULL,NULL,NULL);
INSERT INTO widget_field (widget_fieldid,widgetid,type,name,value_int,value_str,value_groupid,value_hostid,value_itemid,value_graphid,value_sysmapid) values ('30','11','1','lefty_min','0','0',NULL,NULL,NULL,NULL,NULL);
INSERT INTO widget_field (widget_fieldid,widgetid,type,name,value_int,value_str,value_groupid,value_hostid,value_itemid,value_graphid,value_sysmapid) values ('31','11','1','problemhosts.0','0','Zabbix server',NULL,NULL,NULL,NULL,NULL);
INSERT INTO widget_field (widget_fieldid,widgetid,type,name,value_int,value_str,value_groupid,value_hostid,value_itemid,value_graphid,value_sysmapid) values ('39','12','0','ds.transparency.0','0','',NULL,NULL,NULL,NULL,NULL);
INSERT INTO widget_field (widget_fieldid,widgetid,type,name,value_int,value_str,value_groupid,value_hostid,value_itemid,value_graphid,value_sysmapid) values ('40','12','0','legend','0','',NULL,NULL,NULL,NULL,NULL);
INSERT INTO widget_field (widget_fieldid,widgetid,type,name,value_int,value_str,value_groupid,value_hostid,value_itemid,value_graphid,value_sysmapid) values ('41','12','0','righty','0','',NULL,NULL,NULL,NULL,NULL);
INSERT INTO widget_field (widget_fieldid,widgetid,type,name,value_int,value_str,value_groupid,value_hostid,value_itemid,value_graphid,value_sysmapid) values ('42','12','0','show_problems','1','',NULL,NULL,NULL,NULL,NULL);
INSERT INTO widget_field (widget_fieldid,widgetid,type,name,value_int,value_str,value_groupid,value_hostid,value_itemid,value_graphid,value_sysmapid) values ('43','12','1','ds.color.0','0','E57373',NULL,NULL,NULL,NULL,NULL);
INSERT INTO widget_field (widget_fieldid,widgetid,type,name,value_int,value_str,value_groupid,value_hostid,value_itemid,value_graphid,value_sysmapid) values ('44','12','1','ds.hosts.0.0','0','Zabbix server',NULL,NULL,NULL,NULL,NULL);
INSERT INTO widget_field (widget_fieldid,widgetid,type,name,value_int,value_str,value_groupid,value_hostid,value_itemid,value_graphid,value_sysmapid) values ('45','12','1','ds.items.0.0','0','*: Utilization of * internal *',NULL,NULL,NULL,NULL,NULL);
INSERT INTO widget_field (widget_fieldid,widgetid,type,name,value_int,value_str,value_groupid,value_hostid,value_itemid,value_graphid,value_sysmapid) values ('46','12','1','lefty_max','0','100',NULL,NULL,NULL,NULL,NULL);
INSERT INTO widget_field (widget_fieldid,widgetid,type,name,value_int,value_str,value_groupid,value_hostid,value_itemid,value_graphid,value_sysmapid) values ('47','12','1','lefty_min','0','0',NULL,NULL,NULL,NULL,NULL);
INSERT INTO widget_field (widget_fieldid,widgetid,type,name,value_int,value_str,value_groupid,value_hostid,value_itemid,value_graphid,value_sysmapid) values ('48','12','1','problemhosts.0','0','Zabbix server',NULL,NULL,NULL,NULL,NULL);
INSERT INTO widget_field (widget_fieldid,widgetid,type,name,value_int,value_str,value_groupid,value_hostid,value_itemid,value_graphid,value_sysmapid) values ('56','13','0','ds.fill.0','0','',NULL,NULL,NULL,NULL,NULL);
INSERT INTO widget_field (widget_fieldid,widgetid,type,name,value_int,value_str,value_groupid,value_hostid,value_itemid,value_graphid,value_sysmapid) values ('57','13','0','ds.transparency.0','0','',NULL,NULL,NULL,NULL,NULL);
INSERT INTO widget_field (widget_fieldid,widgetid,type,name,value_int,value_str,value_groupid,value_hostid,value_itemid,value_graphid,value_sysmapid) values ('58','13','0','ds.width.0','2','',NULL,NULL,NULL,NULL,NULL);
INSERT INTO widget_field (widget_fieldid,widgetid,type,name,value_int,value_str,value_groupid,value_hostid,value_itemid,value_graphid,value_sysmapid) values ('59','13','0','legend','0','',NULL,NULL,NULL,NULL,NULL);
INSERT INTO widget_field (widget_fieldid,widgetid,type,name,value_int,value_str,value_groupid,value_hostid,value_itemid,value_graphid,value_sysmapid) values ('60','13','0','righty','0','',NULL,NULL,NULL,NULL,NULL);
INSERT INTO widget_field (widget_fieldid,widgetid,type,name,value_int,value_str,value_groupid,value_hostid,value_itemid,value_graphid,value_sysmapid) values ('61','13','0','show_problems','1','',NULL,NULL,NULL,NULL,NULL);
INSERT INTO widget_field (widget_fieldid,widgetid,type,name,value_int,value_str,value_groupid,value_hostid,value_itemid,value_graphid,value_sysmapid) values ('62','13','1','ds.color.0','0','4DB6AC',NULL,NULL,NULL,NULL,NULL);
INSERT INTO widget_field (widget_fieldid,widgetid,type,name,value_int,value_str,value_groupid,value_hostid,value_itemid,value_graphid,value_sysmapid) values ('63','13','1','ds.hosts.0.0','0','Zabbix server',NULL,NULL,NULL,NULL,NULL);
INSERT INTO widget_field (widget_fieldid,widgetid,type,name,value_int,value_str,value_groupid,value_hostid,value_itemid,value_graphid,value_sysmapid) values ('64','13','1','ds.items.0.0','0','*cache*% used',NULL,NULL,NULL,NULL,NULL);
INSERT INTO widget_field (widget_fieldid,widgetid,type,name,value_int,value_str,value_groupid,value_hostid,value_itemid,value_graphid,value_sysmapid) values ('65','13','1','lefty_max','0','100',NULL,NULL,NULL,NULL,NULL);
INSERT INTO widget_field (widget_fieldid,widgetid,type,name,value_int,value_str,value_groupid,value_hostid,value_itemid,value_graphid,value_sysmapid) values ('66','13','1','lefty_min','0','0',NULL,NULL,NULL,NULL,NULL);
INSERT INTO widget_field (widget_fieldid,widgetid,type,name,value_int,value_str,value_groupid,value_hostid,value_itemid,value_graphid,value_sysmapid) values ('67','13','1','problemhosts.0','0','Zabbix server',NULL,NULL,NULL,NULL,NULL);
INSERT INTO widget_field (widget_fieldid,widgetid,type,name,value_int,value_str,value_groupid,value_hostid,value_itemid,value_graphid,value_sysmapid) values ('73','14','0','ds.transparency.0','0','',NULL,NULL,NULL,NULL,NULL);
INSERT INTO widget_field (widget_fieldid,widgetid,type,name,value_int,value_str,value_groupid,value_hostid,value_itemid,value_graphid,value_sysmapid) values ('74','14','0','ds.transparency.1','0','',NULL,NULL,NULL,NULL,NULL);
INSERT INTO widget_field (widget_fieldid,widgetid,type,name,value_int,value_str,value_groupid,value_hostid,value_itemid,value_graphid,value_sysmapid) values ('75','14','0','ds.width.0','2','',NULL,NULL,NULL,NULL,NULL);
INSERT INTO widget_field (widget_fieldid,widgetid,type,name,value_int,value_str,value_groupid,value_hostid,value_itemid,value_graphid,value_sysmapid) values ('76','14','0','ds.width.1','2','',NULL,NULL,NULL,NULL,NULL);
INSERT INTO widget_field (widget_fieldid,widgetid,type,name,value_int,value_str,value_groupid,value_hostid,value_itemid,value_graphid,value_sysmapid) values ('77','14','0','legend','0','',NULL,NULL,NULL,NULL,NULL);
INSERT INTO widget_field (widget_fieldid,widgetid,type,name,value_int,value_str,value_groupid,value_hostid,value_itemid,value_graphid,value_sysmapid) values ('78','14','0','righty','0','',NULL,NULL,NULL,NULL,NULL);
INSERT INTO widget_field (widget_fieldid,widgetid,type,name,value_int,value_str,value_groupid,value_hostid,value_itemid,value_graphid,value_sysmapid) values ('79','14','0','show_problems','1','',NULL,NULL,NULL,NULL,NULL);
INSERT INTO widget_field (widget_fieldid,widgetid,type,name,value_int,value_str,value_groupid,value_hostid,value_itemid,value_graphid,value_sysmapid) values ('80','14','1','ds.color.0','0','9CCC65',NULL,NULL,NULL,NULL,NULL);
INSERT INTO widget_field (widget_fieldid,widgetid,type,name,value_int,value_str,value_groupid,value_hostid,value_itemid,value_graphid,value_sysmapid) values ('81','14','1','ds.hosts.0.0','0','Zabbix server',NULL,NULL,NULL,NULL,NULL);
INSERT INTO widget_field (widget_fieldid,widgetid,type,name,value_int,value_str,value_groupid,value_hostid,value_itemid,value_graphid,value_sysmapid) values ('82','14','1','ds.hosts.1.0','0','Zabbix server',NULL,NULL,NULL,NULL,NULL);
INSERT INTO widget_field (widget_fieldid,widgetid,type,name,value_int,value_str,value_groupid,value_hostid,value_itemid,value_graphid,value_sysmapid) values ('83','14','1','ds.items.0.0','0','Zabbix server: Value cache hits',NULL,NULL,NULL,NULL,NULL);
INSERT INTO widget_field (widget_fieldid,widgetid,type,name,value_int,value_str,value_groupid,value_hostid,value_itemid,value_graphid,value_sysmapid) values ('84','14','1','ds.items.1.0','0','Zabbix server: Value cache misses',NULL,NULL,NULL,NULL,NULL);
INSERT INTO widget_field (widget_fieldid,widgetid,type,name,value_int,value_str,value_groupid,value_hostid,value_itemid,value_graphid,value_sysmapid) values ('85','14','1','lefty_min','0','0',NULL,NULL,NULL,NULL,NULL);
INSERT INTO widget_field (widget_fieldid,widgetid,type,name,value_int,value_str,value_groupid,value_hostid,value_itemid,value_graphid,value_sysmapid) values ('86','14','1','problemhosts.0','0','Zabbix server',NULL,NULL,NULL,NULL,NULL);
INSERT INTO widget_field (widget_fieldid,widgetid,type,name,value_int,value_str,value_groupid,value_hostid,value_itemid,value_graphid,value_sysmapid) values ('99','15','0','ds.fill.0','0','',NULL,NULL,NULL,NULL,NULL);
INSERT INTO widget_field (widget_fieldid,widgetid,type,name,value_int,value_str,value_groupid,value_hostid,value_itemid,value_graphid,value_sysmapid) values ('100','15','0','ds.fill.1','0','',NULL,NULL,NULL,NULL,NULL);
INSERT INTO widget_field (widget_fieldid,widgetid,type,name,value_int,value_str,value_groupid,value_hostid,value_itemid,value_graphid,value_sysmapid) values ('101','15','0','ds.fill.2','0','',NULL,NULL,NULL,NULL,NULL);
INSERT INTO widget_field (widget_fieldid,widgetid,type,name,value_int,value_str,value_groupid,value_hostid,value_itemid,value_graphid,value_sysmapid) values ('102','15','0','ds.transparency.0','0','',NULL,NULL,NULL,NULL,NULL);
INSERT INTO widget_field (widget_fieldid,widgetid,type,name,value_int,value_str,value_groupid,value_hostid,value_itemid,value_graphid,value_sysmapid) values ('103','15','0','ds.transparency.1','0','',NULL,NULL,NULL,NULL,NULL);
INSERT INTO widget_field (widget_fieldid,widgetid,type,name,value_int,value_str,value_groupid,value_hostid,value_itemid,value_graphid,value_sysmapid) values ('104','15','0','ds.transparency.2','0','',NULL,NULL,NULL,NULL,NULL);
INSERT INTO widget_field (widget_fieldid,widgetid,type,name,value_int,value_str,value_groupid,value_hostid,value_itemid,value_graphid,value_sysmapid) values ('105','15','0','ds.width.0','2','',NULL,NULL,NULL,NULL,NULL);
INSERT INTO widget_field (widget_fieldid,widgetid,type,name,value_int,value_str,value_groupid,value_hostid,value_itemid,value_graphid,value_sysmapid) values ('106','15','0','ds.width.1','2','',NULL,NULL,NULL,NULL,NULL);
INSERT INTO widget_field (widget_fieldid,widgetid,type,name,value_int,value_str,value_groupid,value_hostid,value_itemid,value_graphid,value_sysmapid) values ('107','15','0','ds.width.2','2','',NULL,NULL,NULL,NULL,NULL);
INSERT INTO widget_field (widget_fieldid,widgetid,type,name,value_int,value_str,value_groupid,value_hostid,value_itemid,value_graphid,value_sysmapid) values ('108','15','0','legend','0','',NULL,NULL,NULL,NULL,NULL);
INSERT INTO widget_field (widget_fieldid,widgetid,type,name,value_int,value_str,value_groupid,value_hostid,value_itemid,value_graphid,value_sysmapid) values ('109','15','0','righty','0','',NULL,NULL,NULL,NULL,NULL);
INSERT INTO widget_field (widget_fieldid,widgetid,type,name,value_int,value_str,value_groupid,value_hostid,value_itemid,value_graphid,value_sysmapid) values ('110','15','0','show_problems','1','',NULL,NULL,NULL,NULL,NULL);
INSERT INTO widget_field (widget_fieldid,widgetid,type,name,value_int,value_str,value_groupid,value_hostid,value_itemid,value_graphid,value_sysmapid) values ('111','15','1','ds.color.0','0','B0AF07',NULL,NULL,NULL,NULL,NULL);
INSERT INTO widget_field (widget_fieldid,widgetid,type,name,value_int,value_str,value_groupid,value_hostid,value_itemid,value_graphid,value_sysmapid) values ('112','15','1','ds.color.1','0','E53935',NULL,NULL,NULL,NULL,NULL);
INSERT INTO widget_field (widget_fieldid,widgetid,type,name,value_int,value_str,value_groupid,value_hostid,value_itemid,value_graphid,value_sysmapid) values ('113','15','1','ds.color.2','0','0275B8',NULL,NULL,NULL,NULL,NULL);
INSERT INTO widget_field (widget_fieldid,widgetid,type,name,value_int,value_str,value_groupid,value_hostid,value_itemid,value_graphid,value_sysmapid) values ('114','15','1','ds.color.3','0','524BBC',NULL,NULL,NULL,NULL,NULL);
INSERT INTO widget_field (widget_fieldid,widgetid,type,name,value_int,value_str,value_groupid,value_hostid,value_itemid,value_graphid,value_sysmapid) values ('115','15','1','ds.hosts.0.0','0','Zabbix server',NULL,NULL,NULL,NULL,NULL);
INSERT INTO widget_field (widget_fieldid,widgetid,type,name,value_int,value_str,value_groupid,value_hostid,value_itemid,value_graphid,value_sysmapid) values ('116','15','1','ds.hosts.1.0','0','Zabbix server',NULL,NULL,NULL,NULL,NULL);
INSERT INTO widget_field (widget_fieldid,widgetid,type,name,value_int,value_str,value_groupid,value_hostid,value_itemid,value_graphid,value_sysmapid) values ('117','15','1','ds.hosts.2.0','0','Zabbix server',NULL,NULL,NULL,NULL,NULL);
INSERT INTO widget_field (widget_fieldid,widgetid,type,name,value_int,value_str,value_groupid,value_hostid,value_itemid,value_graphid,value_sysmapid) values ('118','15','1','ds.hosts.3.0','0','Zabbix server',NULL,NULL,NULL,NULL,NULL);
INSERT INTO widget_field (widget_fieldid,widgetid,type,name,value_int,value_str,value_groupid,value_hostid,value_itemid,value_graphid,value_sysmapid) values ('119','15','1','ds.items.0.0','0','Zabbix server: Queue',NULL,NULL,NULL,NULL,NULL);
INSERT INTO widget_field (widget_fieldid,widgetid,type,name,value_int,value_str,value_groupid,value_hostid,value_itemid,value_graphid,value_sysmapid) values ('120','15','1','ds.items.1.0','0','Zabbix server: Queue over 10 minutes',NULL,NULL,NULL,NULL,NULL);
INSERT INTO widget_field (widget_fieldid,widgetid,type,name,value_int,value_str,value_groupid,value_hostid,value_itemid,value_graphid,value_sysmapid) values ('121','15','1','ds.items.2.0','0','Zabbix server: Preprocessing queue',NULL,NULL,NULL,NULL,NULL);
INSERT INTO widget_field (widget_fieldid,widgetid,type,name,value_int,value_str,value_groupid,value_hostid,value_itemid,value_graphid,value_sysmapid) values ('122','15','1','ds.items.3.0','0','Zabbix server: LLD queue',NULL,NULL,NULL,NULL,NULL);
INSERT INTO widget_field (widget_fieldid,widgetid,type,name,value_int,value_str,value_groupid,value_hostid,value_itemid,value_graphid,value_sysmapid) values ('123','15','1','lefty_min','0','0',NULL,NULL,NULL,NULL,NULL);
INSERT INTO widget_field (widget_fieldid,widgetid,type,name,value_int,value_str,value_groupid,value_hostid,value_itemid,value_graphid,value_sysmapid) values ('124','15','1','problemhosts.0','0','Zabbix server',NULL,NULL,NULL,NULL,NULL);
COMMIT;
